-- https://www.phpmyadmin.net/
--

START TRANSACTION;



--
-- Database: `tvam.numerology`
--
CREATE DATABASE IF NOT EXISTS `tvam.numerology` DEFAULT CHARACTER SET utf8mb4 COLLATE utf8mb4_general_ci;
USE `tvam.numerology`;

-- --------------------------------------------------------

--
-- Table structure for table `alpha_to_num`
--

CREATE TABLE `alpha_to_num` (
  `id` int NOT NULL,
  `alphabet` char(1) CHARACTER SET utf8mb4 COLLATE utf8mb4_general_ci NOT NULL,
  `pythagorean_num` tinyint(1) NOT NULL,
  `chaldean_num` tinyint(1) NOT NULL
) ENGINE=InnoDB DEFAULT CHARSET=utf8mb4 COLLATE=utf8mb4_general_ci;

--
-- Dumping data for table `alpha_to_num`
--

INSERT INTO `alpha_to_num` (`id`, `alphabet`, `pythagorean_num`, `chaldean_num`) VALUES
(1, 'A', 1, 1),
(2, 'B', 2, 2),
(3, 'C', 3, 3),
(4, 'D', 4, 4),
(5, 'E', 5, 5),
(6, 'F', 6, 8),
(7, 'G', 7, 3),
(8, 'H', 8, 5),
(9, 'I', 9, 1),
(10, 'J', 1, 1),
(11, 'K', 2, 2),
(12, 'L', 3, 3),
(13, 'M', 4, 4),
(14, 'N', 5, 5),
(15, 'O', 6, 7),
(16, 'P', 7, 8),
(17, 'Q', 8, 1),
(18, 'R', 9, 2),
(19, 'S', 1, 3),
(20, 'T', 2, 4),
(21, 'U', 3, 6),
(22, 'V', 4, 6),
(23, 'W', 5, 6),
(24, 'X', 6, 5),
(25, 'Y', 7, 1),
(26, 'Z', 8, 7);

-- --------------------------------------------------------

--
-- Table structure for table `appointment_bookings`
--

CREATE TABLE `appointment_bookings` (
  `id` int NOT NULL,
  `userid` int NOT NULL,
  `date` date NOT NULL,
  `slot_time` time NOT NULL,
  `timezone` varchar(255) DEFAULT NULL,
  `currency` varchar(20) NOT NULL DEFAULT '₹',
  `amount` float NOT NULL,
  `transaction_id` varchar(255) DEFAULT NULL,
  `payment_status` enum('PENDING','INPROCESS','COMPLETE','CANCEL') NOT NULL DEFAULT 'PENDING',
  `payment_type` varchar(255) NOT NULL,
  `booking_status` enum('PENDING','INPROCESS','COMPLETE','CANCEL') NOT NULL DEFAULT 'PENDING',
  `dtdate` datetime NOT NULL
) ENGINE=InnoDB DEFAULT CHARSET=utf8mb4 COLLATE=utf8mb4_0900_ai_ci;

--
-- Dumping data for table `appointment_bookings`
--

INSERT INTO `appointment_bookings` (`id`, `userid`, `date`, `slot_time`, `timezone`, `currency`, `amount`, `transaction_id`, `payment_status`, `payment_type`, `booking_status`, `dtdate`) VALUES
(1, 8633, '2024-05-20', '11:00:00', 'india/kolkata', '₹', 10, 'asdfasdfasdf', 'COMPLETE', '', 'PENDING', '2024-05-20 14:37:09'),
(2, 8633, '2024-05-21', '11:00:00', 'india/kolkata', '₹', 10, NULL, 'PENDING', '', 'CANCEL', '2024-05-22 17:53:07'),
(3, 8619, '2024-06-17', '11:00:00', 'Asia/Kolkata', '₹', 10, 'asdfasdfasdf', 'COMPLETE', '', 'PENDING', '2024-06-11 12:43:07'),
(4, 182, '2024-06-17', '13:00:00', 'Asia/Kolkata', '₹', 10, 'asdfasdfasdf', 'COMPLETE', '', 'COMPLETE', '2024-06-11 12:45:16'),
(5, 11298, '2024-06-25', '09:00:00', 'Asia/Kolkata', '1', 5001, 'pay_OQZxweIRweKf36', 'COMPLETE', '', 'PENDING', '2024-06-24 11:19:09'),
(6, 18284, '2024-06-25', '10:00:00', 'Asia/Kolkata', '1', 5001, 'pay_OQa0ik5eKYYoJ0', 'COMPLETE', '', 'PENDING', '2024-06-24 11:21:38'),
(7, 18284, '2024-06-25', '11:00:00', 'Asia/Kolkata', '1', 5001, 'pay_OQa4KKi2IGASim', 'COMPLETE', '', 'PENDING', '2024-06-24 11:25:07'),
(8, 18284, '2024-06-26', '09:00:00', 'Asia/Kolkata', '1', 5001, NULL, 'PENDING', '', 'PENDING', '2024-06-24 11:29:01'),
(9, 18284, '2024-06-26', '10:00:00', 'Asia/Kolkata', '1', 5001, 'pay_OQaAeWptqxsBdZ', 'COMPLETE', '', 'PENDING', '2024-06-24 11:31:02'),
(10, 18284, '2024-06-25', '08:00:00', 'Asia/Kolkata', '1', 5001, 'asdfasdfasdf', 'COMPLETE', '', 'PENDING', '2024-06-24 11:37:48'),
(11, 18284, '2024-06-25', '15:00:00', 'Asia/Kolkata', '1', 5001, 'pay_OQac8DvYKZjVJg', 'COMPLETE', '', 'PENDING', '2024-06-24 11:57:20'),
(12, 18284, '2024-06-13', '15:00:00', 'Asia/Kolkata', '₹', 10, 'asdfasdfasdf', 'COMPLETE', '', 'PENDING', '2024-06-25 10:06:54'),
(13, 18284, '2024-06-26', '08:00:00', 'Asia/Calcutta', '1', 5000, 'pay_OQxQfybeFLqOtb', 'COMPLETE', '', 'PENDING', '2024-06-25 10:15:56'),
(14, 3097, '2024-06-27', '09:00:00', 'Asia/Kolkata', '1', 5000, 'pay_OQyZ0dX7ZvauwR', 'COMPLETE', '', 'PENDING', '2024-06-25 11:22:04'),
(15, 11298, '2024-06-28', '09:00:00', 'Asia/Kolkata', '1', 5000, 'pay_ORHssBoS4b37bG', 'COMPLETE', '', 'PENDING', '2024-06-26 06:16:22'),
(16, 11298, '2024-06-27', '08:00:00', 'Asia/Kolkata', '1', 5000, 'pay_ORI1B6K1HF6ZF6', 'COMPLETE', '', 'PENDING', '2024-06-26 06:23:21'),
(17, 11298, '2024-06-28', '08:00:00', 'Asia/Kolkata', '1', 5000, NULL, 'PENDING', '', 'PENDING', '2024-06-26 07:14:42'),
(18, 11298, '2024-06-29', '09:00:00', 'Asia/Kolkata', '1', 5000, NULL, 'PENDING', '', 'PENDING', '2024-06-26 07:21:01'),
(19, 3097, '2024-06-27', '11:00:00', 'Asia/Calcutta', '1', 5000, NULL, 'PENDING', '', 'PENDING', '2024-06-26 07:28:49'),
(20, 11298, '2024-06-28', '10:00:00', 'Asia/Kolkata', '1', 5000, 'pay_ORObkYnYbkuib4', 'COMPLETE', '', 'PENDING', '2024-06-26 12:51:47'),
(21, 18284, '2024-07-01', '08:00:00', 'Asia/Calcutta', '1', 5000, 'pay_OS4cKtuCi0Qz7m', 'COMPLETE', '', 'PENDING', '2024-06-28 05:57:17'),
(22, 21354, '2024-06-30', '08:00:00', 'Asia/Calcutta', '2', 75, NULL, 'PENDING', '', 'PENDING', '2024-06-28 06:30:18'),
(23, 21354, '2024-06-29', '10:00:00', 'Asia/Calcutta', '2', 75, NULL, 'PENDING', '', 'PENDING', '2024-06-28 06:37:52'),
(24, 12440, '2024-06-29', '08:00:00', 'Asia/Kolkata', '1', 5000, 'pay_OSA1Zx9tLRzPRG', 'COMPLETE', '', 'PENDING', '2024-06-28 11:14:41'),
(25, 3097, '2024-07-01', '09:00:00', 'Asia/Calcutta', '1', 5000, 'pay_OSVJQo0UAlTyVp', 'COMPLETE', '', 'PENDING', '2024-06-29 08:03:56'),
(26, 18289, '2024-07-01', '10:00:00', 'Asia/Calcutta', '2', 75, NULL, 'PENDING', '', 'PENDING', '2024-06-29 08:07:06'),
(27, 18289, '2024-07-02', '09:00:00', 'Asia/Calcutta', '2', 75, 'pi_3PWwJQSGyR8Y6eCE1HSXFF03', 'COMPLETE', '', 'PENDING', '2024-06-29 08:07:12'),
(28, 18289, '2024-07-02', '10:00:00', 'Asia/Calcutta', '2', 75, 'pi_3PWwKzSGyR8Y6eCE0ZgZRvuc', 'COMPLETE', '', 'PENDING', '2024-06-29 08:08:48'),
(29, 3097, '2024-07-02', '11:00:00', 'Asia/Kolkata', '1', 5000, 'pay_OT1eyZeVYVMXno', 'COMPLETE', '', 'PENDING', '2024-06-30 15:42:44'),
(30, 12440, '2024-07-03', '08:00:00', 'Asia/Kolkata', '1', 5000, 'pay_OTH5cU4R7dVRBO', 'COMPLETE', '', 'PENDING', '2024-07-01 06:48:16'),
(31, 11298, '2024-07-03', '18:00:00', 'Asia/Kolkata', '1', 5000, NULL, 'PENDING', '', 'PENDING', '2024-07-02 06:58:11'),
(32, 12440, '2024-07-04', '08:00:00', 'Asia/Calcutta', '1', 5000, NULL, 'PENDING', '', 'PENDING', '2024-07-03 06:18:18'),
(33, 12440, '2024-07-04', '09:00:00', 'Asia/Kolkata', '1', 5000, NULL, 'PENDING', '', 'PENDING', '2024-07-03 10:32:42'),
(34, 12440, '2024-07-04', '10:00:00', 'Asia/Kolkata', '1', 5000, 'pay_OU8ZkhrnQohBUP', 'COMPLETE', '', 'PENDING', '2024-07-03 11:07:32'),
(35, 12440, '2024-07-06', '08:00:00', 'Asia/Kolkata', '1', 5000, NULL, 'PENDING', '', 'PENDING', '2024-07-04 10:48:37'),
(36, 12440, '2024-07-06', '09:00:00', 'Asia/Kolkata', '1', 5000, 'pay_OUpvdtWQdvwHFA', 'COMPLETE', '', 'PENDING', '2024-07-05 05:31:49'),
(37, 18284, '2024-07-06', '10:00:00', 'Asia/Kolkata', '1', 5000, NULL, 'PENDING', '', 'PENDING', '2024-07-05 05:43:06'),
(38, 18284, '2024-07-06', '11:00:00', 'Asia/Kolkata', '1', 5000, NULL, 'PENDING', '', 'PENDING', '2024-07-05 05:55:11'),
(39, 18284, '2024-07-07', '08:00:00', 'Asia/Kolkata', '1', 5000, NULL, 'PENDING', '', 'PENDING', '2024-07-05 05:58:37'),
(40, 18284, '2024-07-07', '15:00:00', 'Asia/Kolkata', '1', 5000, NULL, 'PENDING', '', 'PENDING', '2024-07-05 05:59:40'),
(41, 18284, '2024-07-06', '19:00:00', 'Asia/Kolkata', '1', 5000, NULL, 'PENDING', '', 'PENDING', '2024-07-05 06:00:24'),
(42, 18284, '2024-07-11', '18:00:00', 'Asia/Kolkata', '1', 5000, NULL, 'PENDING', '', 'PENDING', '2024-07-05 06:00:52'),
(43, 18284, '2024-07-07', '09:00:00', 'Asia/Kolkata', '1', 5000, NULL, 'PENDING', '', 'PENDING', '2024-07-05 06:02:42'),
(44, 18284, '2024-07-06', '12:00:00', 'Asia/Kolkata', '1', 5000, 'pay_OUqShnHvRxUBLY', 'COMPLETE', '', 'PENDING', '2024-07-05 06:03:15'),
(45, 18284, '2024-07-06', '15:00:00', 'Asia/Kolkata', '1', 5000, NULL, 'PENDING', '', 'PENDING', '2024-07-05 08:25:44'),
(46, 18284, '2024-07-06', '16:00:00', 'Asia/Kolkata', '1', 5000, NULL, 'PENDING', '', 'PENDING', '2024-07-05 08:38:53'),
(47, 18284, '2024-07-06', '18:00:00', 'Asia/Kolkata', '1', 5000, '', 'COMPLETE', '', 'PENDING', '2024-07-05 08:40:56'),
(48, 18284, '2024-07-07', '10:00:00', 'Asia/Kolkata', '1', 5000, '', 'COMPLETE', '', 'PENDING', '2024-07-05 08:43:09'),
(49, 18284, '2024-07-07', '13:00:00', 'Asia/Kolkata', '1', 5000, '', 'COMPLETE', 'wallet', 'PENDING', '2024-07-05 08:58:24'),
(50, 18284, '2024-07-08', '09:00:00', 'Asia/Kolkata', '1', 5000, NULL, 'PENDING', 'wallet', 'PENDING', '2024-07-05 08:59:14'),
(51, 18284, '2024-07-09', '08:00:00', 'Asia/Kolkata', '1', 5000, NULL, 'PENDING', 'wallet', 'PENDING', '2024-07-05 09:07:34'),
(52, 18284, '2024-07-10', '19:00:00', 'Asia/Kolkata', '1', 5000, NULL, 'PENDING', 'wallet', 'PENDING', '2024-07-05 09:15:40'),
(53, 3097, '2024-07-09', '09:00:00', 'Asia/Kolkata', '1', 5000, NULL, 'PENDING', 'gateway', 'PENDING', '2024-07-07 07:31:19'),
(54, 3097, '2024-07-11', '08:00:00', 'Asia/Kolkata', '1', 5000, NULL, 'PENDING', 'gateway', 'PENDING', '2024-07-07 07:31:39'),
(55, 3097, '2024-07-13', '08:00:00', 'Asia/Kolkata', '1', 5000, NULL, 'PENDING', 'gateway', 'PENDING', '2024-07-07 07:32:04'),
(56, 11298, '2024-07-11', '09:00:00', 'Asia/Kolkata', '1', 5000, NULL, 'PENDING', 'gateway', 'PENDING', '2024-07-08 09:18:07'),
(57, 11298, '2024-07-11', '13:00:00', 'Asia/Kolkata', '1', 5000, NULL, 'PENDING', 'gateway', 'PENDING', '2024-07-08 09:19:22'),
(58, 11298, '2024-07-11', '11:00:00', 'Asia/Kolkata', '1', 5000, NULL, 'PENDING', 'gateway', 'PENDING', '2024-07-08 09:20:54'),
(59, 11298, '2024-07-12', '09:00:00', 'Asia/Kolkata', '1', 5000, NULL, 'PENDING', 'gateway', 'PENDING', '2024-07-09 05:59:25'),
(60, 3097, '2024-07-11', '10:00:00', 'Asia/Calcutta', '1', 5000, 'pay_OWQlGEcOLwIOIq', 'COMPLETE', 'gateway', 'PENDING', '2024-07-09 06:12:46'),
(61, 11298, '2024-07-10', '09:00:00', 'Asia/Kolkata', '1', 5000, 'pay_OWQqYFDqab0jUD', 'COMPLETE', 'gateway', 'PENDING', '2024-07-09 06:16:49'),
(62, 18284, '2024-07-10', '10:00:00', 'Asia/Kolkata', '1', 5000, '', 'COMPLETE', 'wallet', 'PENDING', '2024-07-09 06:23:08'),
(63, 18284, '2024-07-10', '11:00:00', 'Asia/Kolkata', '1', 5000, NULL, 'PENDING', 'wallet', 'PENDING', '2024-07-09 06:26:45'),
(64, 18284, '2024-07-11', '16:00:00', 'Asia/Kolkata', '1', 5000, NULL, 'PENDING', 'wallet', 'PENDING', '2024-07-09 06:51:25'),
(65, 11298, '2024-07-11', '19:00:00', 'Asia/Kolkata', '1', 5000, NULL, 'PENDING', '', 'PENDING', '2024-07-09 08:41:53'),
(66, 11298, '2024-07-15', '08:00:00', 'Asia/Kolkata', '1', 5000, 'pay_OWTL6btta6LFel', 'COMPLETE', '', 'PENDING', '2024-07-09 08:44:10'),
(67, 11298, '2024-07-12', '13:00:00', 'Asia/Kolkata', '1', 5000, 'pay_OWTNO3yF2NRryt', 'COMPLETE', 'gateway', 'PENDING', '2024-07-09 08:46:26'),
(68, 11298, '2024-07-17', '09:00:00', 'Asia/Kolkata', '1', 5000, 'pay_OWTRHgpEcoRSYr', 'COMPLETE', 'gateway', 'PENDING', '2024-07-09 08:50:10'),
(69, 11298, '2024-07-10', '14:00:00', 'Asia/Kolkata', '1', 5000, NULL, 'PENDING', 'wallet', 'PENDING', '2024-07-09 09:12:56'),
(70, 11298, '2024-07-10', '12:00:00', 'Asia/Kolkata', '1', 5000, NULL, 'PENDING', 'wallet', 'PENDING', '2024-07-09 09:31:18'),
(71, 11298, '2024-07-12', '10:00:00', 'Asia/Kolkata', '1', 5000, NULL, 'PENDING', 'wallet', 'PENDING', '2024-07-10 05:20:48'),
(72, 11298, '2024-07-12', '12:00:00', 'Asia/Kolkata', '1', 5000, NULL, 'PENDING', 'wallet', 'PENDING', '2024-07-10 05:24:35'),
(73, 11298, '2024-07-13', '09:00:00', 'Asia/Kolkata', '1', 5000, NULL, 'PENDING', 'wallet', 'PENDING', '2024-07-10 05:36:09'),
(74, 11298, '2024-07-11', '15:00:00', 'Asia/Kolkata', '1', 5000, '', 'COMPLETE', 'wallet', 'PENDING', '2024-07-10 05:48:47'),
(75, 11298, '2024-07-13', '12:00:00', 'Asia/Kolkata', '1', 5000, '', 'COMPLETE', 'wallet', 'PENDING', '2024-07-10 05:55:14'),
(76, 11298, '2024-07-17', '12:00:00', 'Asia/Kolkata', '1', 5000, '', 'COMPLETE', 'wallet', 'PENDING', '2024-07-10 06:00:07'),
(77, 11298, '2024-07-16', '09:00:00', 'Asia/Kolkata', '1', 5000, '', 'COMPLETE', 'wallet', 'PENDING', '2024-07-10 06:05:01'),
(78, 11298, '2024-07-15', '09:00:00', 'Asia/Kolkata', '1', 5000, '', 'COMPLETE', 'wallet', 'PENDING', '2024-07-10 06:10:47'),
(79, 11298, '2024-07-16', '08:00:00', 'Asia/Kolkata', '1', 0, '', 'COMPLETE', 'wallet', 'PENDING', '2024-07-10 06:11:08'),
(80, 11298, '2024-07-12', '16:00:00', 'Asia/Kolkata', '1', 5000, '', 'COMPLETE', 'wallet', 'PENDING', '2024-07-10 06:18:14'),
(81, 11298, '2024-07-13', '10:00:00', 'Asia/Kolkata', '1', 5000, NULL, 'PENDING', 'gateway', 'PENDING', '2024-07-10 06:20:33'),
(82, 11298, '2024-07-16', '14:00:00', 'Asia/Kolkata', '1', 5000, '', 'COMPLETE', 'wallet', 'PENDING', '2024-07-10 06:30:47'),
(83, 11298, '2024-07-15', '13:00:00', 'Asia/Kolkata', '1', 5000, NULL, 'PENDING', 'gateway', 'PENDING', '2024-07-10 06:31:01'),
(84, 11298, '2024-07-17', '11:00:00', 'Asia/Kolkata', '1', 5000, 'pay_OYmzzhgoSZdu9F', 'COMPLETE', 'gateway', 'PENDING', '2024-07-15 05:16:06'),
(85, 3097, '2024-07-17', '10:00:00', 'Asia/Kolkata', '1', 5000, NULL, 'PENDING', 'gateway', 'PENDING', '2024-07-15 05:58:23'),
(86, 182, '2024-07-18', '08:00:00', 'Asia/Kolkata', '1', 5000, '', 'COMPLETE', 'wallet', 'PENDING', '2024-07-17 06:36:05'),
(87, 12440, '2024-07-20', '18:00:00', 'Asia/Kolkata', '1', 5000, 'pay_OZe8lJsYDo7rRH', 'COMPLETE', 'gateway', 'PENDING', '2024-07-17 09:14:04'),
(88, 182, '2024-07-19', '15:00:00', 'Asia/Kolkata', '1', 5000, 'pay_OZe88yAFWCegtX', 'COMPLETE', 'gateway', 'PENDING', '2024-07-17 09:14:12'),
(89, 3097, '2024-07-20', '09:00:00', 'Asia/Calcutta', '1', 5000, 'pay_Oa1bYB5tkeJrDg', 'COMPLETE', 'gateway', 'PENDING', '2024-07-18 08:12:09'),
(90, 182, '2024-07-19', '08:00:00', 'Asia/Kolkata', '1', 5000, NULL, 'PENDING', 'wallet', 'PENDING', '2024-07-18 10:39:47'),
(91, 182, '2024-07-20', '08:00:00', 'Asia/Kolkata', '1', 5000, '', 'COMPLETE', 'wallet', 'PENDING', '2024-07-18 11:56:20'),
(92, 18284, '2024-07-20', '13:00:00', 'Asia/Kolkata', '1', 5000, '', 'COMPLETE', 'wallet', 'PENDING', '2024-07-18 12:57:24'),
(93, 18284, '2024-07-21', '08:00:00', 'Asia/Kolkata', '1', 5000, '', 'COMPLETE', 'wallet', 'PENDING', '2024-07-18 12:57:44'),
(94, 18284, '2024-07-21', '10:00:00', 'Asia/Kolkata', '1', 5000, 'pay_Oa6TajA107Umlb', 'COMPLETE', 'gateway', 'PENDING', '2024-07-18 12:57:59'),
(95, 18284, '2024-07-22', '08:00:00', 'Asia/Kolkata', '1', 5000, 'pay_Oa6V3KpEDkukW9', 'COMPLETE', 'gateway', 'PENDING', '2024-07-18 12:59:43'),
(96, 18284, '2024-07-21', '13:00:00', 'Asia/Kolkata', '1', 5000, NULL, 'PENDING', 'gateway', 'PENDING', '2024-07-18 13:06:21'),
(97, 18284, '2024-07-21', '12:00:00', 'Asia/Kolkata', '1', 5000, 'pay_Oa6dFc0z1v8x5B', 'COMPLETE', 'gateway', 'PENDING', '2024-07-18 13:07:36'),
(98, 11298, '2024-07-20', '15:00:00', 'Asia/Kolkata', '1', 5000, NULL, 'PENDING', 'gateway', 'PENDING', '2024-07-19 10:43:13'),
(99, 11298, '2024-07-21', '15:00:00', 'Asia/Kolkata', '1', 5000, NULL, 'PENDING', 'gateway', 'PENDING', '2024-07-19 10:58:23'),
(100, 11298, '2024-07-21', '09:00:00', 'Asia/Kolkata', '1', 5000, 'pay_OaT4T9oJbwJO7Q', 'COMPLETE', 'gateway', 'PENDING', '2024-07-19 11:04:15'),
(101, 3097, '2024-07-23', '09:00:00', 'Asia/Calcutta', '1', 5000, NULL, 'PENDING', 'gateway', 'PENDING', '2024-07-21 05:12:25'),
(102, 18289, '2024-07-23', '10:00:00', 'Asia/Calcutta', '2', 75, NULL, 'PENDING', 'gateway', 'PENDING', '2024-07-21 05:15:02'),
(103, 18289, '2024-07-23', '08:00:00', 'Asia/Calcutta', '2', 75, 'pi_3Pes7fSGyR8Y6eCE1CE6EvIO', 'COMPLETE', 'gateway', 'PENDING', '2024-07-21 05:15:51'),
(104, 3097, '2024-07-28', '15:00:00', 'Asia/Kolkata', '1', 5000, NULL, 'PENDING', 'gateway', 'PENDING', '2024-07-22 06:04:11'),
(105, 3097, '2024-07-29', '15:00:00', 'Asia/Kolkata', '1', 5000, 'pay_ObZbFENWRi8j3p', 'COMPLETE', 'gateway', 'PENDING', '2024-07-22 06:05:23'),
(106, 3097, '2024-07-24', '09:00:00', 'Asia/Kolkata', '1', 5000, NULL, 'PENDING', 'gateway', 'PENDING', '2024-07-22 12:45:30'),
(107, 3097, '2024-07-25', '09:00:00', 'Asia/Kolkata', '1', 5000, NULL, 'PENDING', 'gateway', 'PENDING', '2024-07-22 12:49:12'),
(108, 18289, '2024-07-24', '08:00:00', 'Asia/Kolkata', '2', 75, NULL, 'PENDING', 'gateway', 'PENDING', '2024-07-22 12:53:34'),
(109, 18289, '2024-07-23', '12:00:00', 'Asia/Kolkata', '2', 75, 'pi_3PfLlMSGyR8Y6eCE05d4S4IB', 'COMPLETE', 'gateway', 'PENDING', '2024-07-22 12:54:48'),
(110, 11298, '2024-07-28', '09:00:00', 'Asia/Kolkata', '1', 5000, NULL, 'PENDING', 'gateway', 'PENDING', '2024-07-22 13:27:28'),
(111, 11298, '2024-07-26', '09:00:00', 'Asia/Kolkata', '1', 5000, NULL, 'PENDING', 'gateway', 'PENDING', '2024-07-22 13:29:45'),
(112, 11298, '2024-07-24', '10:00:00', 'Asia/Kolkata', '1', 5000, NULL, 'PENDING', 'gateway', 'PENDING', '2024-07-22 13:30:57'),
(113, 3097, '2024-07-28', '08:00:00', 'Asia/Kolkata', '1', 5000, 'pay_ObhGeyd2ZJipsZ', 'COMPLETE', 'gateway', 'PENDING', '2024-07-22 13:36:45'),
(114, 3097, '2024-07-25', '08:00:00', 'Asia/Kolkata', '1', 5000, 'pay_ObhJaz5zxL5KYR', 'COMPLETE', 'gateway', 'PENDING', '2024-07-22 13:39:44'),
(115, 8465, '2024-06-27', '12:00:00', 'Asia/Calcutta', '1', 20, NULL, 'PENDING', '', 'PENDING', '2024-07-23 11:43:27'),
(116, 18284, '2024-07-24', '14:00:00', 'Asia/Kolkata', '1', 5000, 'pay_Oc4I8Mjs9zWsae', 'COMPLETE', 'gateway', 'PENDING', '2024-07-23 12:08:05'),
(117, 18284, '2024-07-24', '13:00:00', 'Asia/Kolkata', '1', 5000, 'pay_Oc4Kk7DIIse8aS', 'COMPLETE', 'gateway', 'PENDING', '2024-07-23 12:10:43'),
(118, 11298, '2024-07-25', '11:00:00', 'Asia/Kolkata', '1', 5000, 'pay_Oc4yzoBtPMV4tD', 'COMPLETE', 'gateway', 'PENDING', '2024-07-23 12:48:48'),
(119, 11298, '2024-07-25', '13:00:00', 'Asia/Kolkata', '1', 5000, 'pay_Oc50C6CZylyFIr', 'COMPLETE', 'gateway', 'PENDING', '2024-07-23 12:49:59'),
(120, 11298, '2024-07-26', '08:00:00', 'Asia/Kolkata', '1', 5000, NULL, 'PENDING', 'gateway', 'PENDING', '2024-07-24 10:59:24'),
(121, 11298, '2024-07-27', '08:00:00', 'Asia/Kolkata', '1', 5000, NULL, 'PENDING', 'gateway', 'PENDING', '2024-07-24 11:01:02'),
(122, 18284, '2024-07-26', '14:00:00', 'Asia/Kolkata', '1', 5000, 'pay_OcRgeKaJqjvjRR', 'COMPLETE', 'gateway', 'PENDING', '2024-07-24 11:01:19'),
(123, 11298, '2024-07-27', '10:00:00', 'Asia/Kolkata', '1', 5000, 'pay_OckHRr8Dlx0RHK', 'COMPLETE', 'gateway', 'PENDING', '2024-07-25 05:12:24'),
(124, 11298, '2024-07-28', '10:00:00', 'Asia/Kolkata', '1', 5000, NULL, 'PENDING', 'gateway', 'PENDING', '2024-07-25 05:14:41'),
(125, 11298, '2024-07-28', '12:00:00', 'Asia/Kolkata', '1', 5000, NULL, 'PENDING', 'gateway', 'PENDING', '2024-07-25 05:18:32'),
(126, 18284, '2024-07-27', '13:00:00', 'Asia/Kolkata', '1', 5000, '', 'COMPLETE', 'wallet', 'PENDING', '2024-07-25 11:26:45'),
(127, 18284, '2024-07-26', '13:00:00', 'Asia/Kolkata', '1', 5000, 'pay_OcqgWv2x8wZmZu', 'COMPLETE', 'gateway', 'PENDING', '2024-07-25 11:27:49'),
(128, 18284, '2024-07-26', '19:00:00', 'Asia/Kolkata', '1', 5000, 'pay_OcqhpT10kf5Na5', 'COMPLETE', 'gateway', 'PENDING', '2024-07-25 11:29:50'),
(129, 11298, '2024-07-28', '18:00:00', 'Asia/Kolkata', '1', 5000, '', 'COMPLETE', 'wallet', 'PENDING', '2024-07-25 11:49:21'),
(130, 11298, '2024-08-01', '09:00:00', 'Asia/Kolkata', '1', 5000, 'pay_Ocr3EGXRgbekqy', 'COMPLETE', 'gateway', 'PENDING', '2024-07-25 11:50:06'),
(131, 11298, '2024-08-01', '08:00:00', 'Asia/Kolkata', '1', 5000, 'pay_OcrAugHroCYpxM', 'COMPLETE', 'gateway', 'PENDING', '2024-07-25 11:57:17'),
(132, 11298, '2024-07-27', '09:00:00', 'Asia/Kolkata', '1', 5000, 'pay_OcrDtpSQTlXNEa', 'COMPLETE', 'gateway', 'PENDING', '2024-07-25 12:00:08'),
(133, 11298, '2024-08-01', '12:00:00', 'Asia/Kolkata', '1', 5000, '', 'COMPLETE', 'wallet', 'PENDING', '2024-07-25 12:03:09'),
(134, 11298, '2024-08-02', '08:00:00', 'Asia/Kolkata', '1', 5000, 'pay_OcrHK1dG0q35MO', 'COMPLETE', 'gateway', 'PENDING', '2024-07-25 12:03:27'),
(135, 3097, '2024-07-29', '09:00:00', 'Asia/Calcutta', '1', 5000, NULL, 'PENDING', 'gateway', 'PENDING', '2024-07-27 08:24:18'),
(136, 3097, '2024-07-29', '10:00:00', 'Asia/Calcutta', '1', 5000, 'pay_OdadsPadDMvssM', 'COMPLETE', 'gateway', 'PENDING', '2024-07-27 08:25:42'),
(137, 3097, '2024-08-01', '10:00:00', 'Asia/Kolkata', '1', 5000, NULL, 'PENDING', 'gateway', 'PENDING', '2024-07-29 12:50:56'),
(138, 3097, '2024-08-01', '11:00:00', 'Asia/Kolkata', '1', 5000, 'pay_OekJ3Mu70ZJGw8', 'COMPLETE', 'gateway', 'PENDING', '2024-07-30 06:32:14'),
(139, 18289, '2024-08-02', '09:00:00', 'Asia/Kolkata', '2', 75, 'pi_3Pi9dzSGyR8Y6eCE0tHcH3Bc', 'COMPLETE', 'gateway', 'PENDING', '2024-07-30 06:34:46'),
(140, 18289, '2024-08-02', '10:00:00', 'Asia/Kolkata', '2', 75, NULL, 'PENDING', 'gateway', 'PENDING', '2024-07-30 11:46:54'),
(141, 18284, '2024-07-31', '08:00:00', 'Asia/Kolkata', '1', 5000, 'pay_OepkD2x1b6v4o0', 'COMPLETE', 'gateway', 'PENDING', '2024-07-30 11:51:17'),
(142, 18284, '2024-08-01', '15:00:00', 'Asia/Kolkata', '1', 5000, 'pay_OeprEtioQKgn5M', 'COMPLETE', 'gateway', 'PENDING', '2024-07-30 11:58:00'),
(143, 3097, '2024-07-31', '10:00:00', 'Asia/Kolkata', '1', 5000, '', 'COMPLETE', 'wallet', 'PENDING', '2024-07-30 12:08:14'),
(144, 3097, '2024-08-06', '09:00:00', 'Asia/Kolkata', '1', 5000, 'pay_Oeq5YQI8UKmkbm', 'COMPLETE', 'gateway', 'PENDING', '2024-07-30 12:11:30'),
(145, 3097, '2024-08-01', '17:00:00', 'Asia/Kolkata', '1', 5000, 'pay_OeqBhb2UqFIsk8', 'COMPLETE', 'gateway', 'PENDING', '2024-07-30 12:17:26'),
(146, 18289, '2024-08-02', '12:00:00', 'Asia/Kolkata', '2', 75, 'pi_3PiFaLSGyR8Y6eCE0ieihJ4T', 'COMPLETE', 'gateway', 'PENDING', '2024-07-30 12:55:25'),
(147, 18289, '2024-08-01', '14:00:00', 'Asia/Kolkata', '2', 75, 'pi_3PiFd8SGyR8Y6eCE0Ra6Ciqt', 'COMPLETE', 'gateway', 'PENDING', '2024-07-30 12:58:17'),
(148, 18289, '2024-08-06', '08:00:00', 'Asia/Kolkata', '2', 75, 'pi_3PiGNASGyR8Y6eCE1foDrqwI', 'COMPLETE', 'gateway', 'PENDING', '2024-07-30 13:45:51'),
(149, 18289, '2024-08-05', '08:00:00', 'Asia/Kolkata', '2', 75, 'pi_3PiGQTSGyR8Y6eCE1ueXDJVT', 'COMPLETE', 'gateway', 'PENDING', '2024-07-30 13:49:14'),
(150, 18289, '2024-08-03', '09:00:00', 'Asia/Kolkata', '2', 75, 'pi_3PiGSwSGyR8Y6eCE0kFJxpvf', 'COMPLETE', 'gateway', 'PENDING', '2024-07-30 13:51:49'),
(151, 18289, '2024-08-02', '15:00:00', 'Asia/Kolkata', '2', 75, NULL, 'PENDING', 'gateway', 'PENDING', '2024-07-31 05:21:42'),
(152, 18289, '2024-08-07', '09:00:00', 'Asia/Kolkata', '2', 75, NULL, 'PENDING', 'gateway', 'PENDING', '2024-07-31 05:26:17'),
(153, 18289, '2024-08-06', '13:00:00', 'Asia/Kolkata', '2', 75, NULL, 'PENDING', 'gateway', 'PENDING', '2024-07-31 05:28:06'),
(154, 18336, '2024-08-03', '08:00:00', 'Asia/Kolkata', '1', 5000, NULL, 'PENDING', 'gateway', 'PENDING', '2024-07-31 10:59:34'),
(155, 3097, '2024-08-04', '09:00:00', 'Asia/Kolkata', '1', 5000, NULL, 'PENDING', 'gateway', 'PENDING', '2024-08-01 08:20:21'),
(156, 18289, '2024-08-03', '10:00:00', 'Asia/Kolkata', '2', 75, 'pi_3PiuKASGyR8Y6eCE0r0MnCfk', 'COMPLETE', 'gateway', 'PENDING', '2024-08-01 08:25:25'),
(157, 18289, '2024-08-02', '19:00:00', 'Asia/Kolkata', '2', 75, NULL, 'PENDING', 'gateway', 'PENDING', '2024-08-01 09:38:40'),
(158, 18289, '2024-08-04', '15:00:00', 'Asia/Kolkata', '2', 75, NULL, 'PENDING', 'gateway', 'PENDING', '2024-08-01 10:13:52'),
(159, 21356, '2024-08-03', '11:00:00', 'Asia/Kolkata', '1', 5000, NULL, 'PENDING', 'gateway', 'PENDING', '2024-08-01 13:20:34'),
(160, 18284, '2024-08-03', '16:00:00', 'Asia/Kolkata', '1', 5000, NULL, 'PENDING', 'gateway', 'PENDING', '2024-08-02 10:51:02'),
(161, 18284, '2024-08-03', '15:00:00', 'Asia/Kolkata', '1', 5000, NULL, 'PENDING', 'gateway', 'PENDING', '2024-08-02 10:52:34'),
(162, 18289, '2024-08-03', '13:00:00', 'Asia/Kolkata', '2', 75, NULL, 'PENDING', 'gateway', 'PENDING', '2024-08-02 10:55:25'),
(163, 18289, '2024-08-04', '12:00:00', 'Asia/Kolkata', '2', 75, NULL, 'PENDING', 'gateway', 'PENDING', '2024-08-02 10:56:04'),
(164, 21357, '2024-08-07', '08:00:00', 'Asia/Kolkata', '1', 5000, 'pay_OhWmDJF14IiKL2', 'COMPLETE', 'gateway', 'PENDING', '2024-08-06 07:14:40'),
(165, 21358, '2024-08-10', '09:00:00', 'Asia/Kolkata', '1', 5000, NULL, 'PENDING', 'gateway', 'PENDING', '2024-08-06 08:59:54'),
(166, 18284, '2024-08-30', '19:00:00', 'Asia/Kolkata', '1', 5000, NULL, 'PENDING', 'gateway', 'PENDING', '2024-08-29 12:00:22'),
(167, 18284, '2024-08-30', '18:00:00', 'Asia/Kolkata', '1', 5000, 'pay_Oqhz1asajSyEjQ', 'COMPLETE', 'gateway', 'PENDING', '2024-08-29 12:03:50'),
(168, 18284, '2024-08-30', '09:00:00', 'Asia/Kolkata', '1', 5000, 'pay_OqiGfES69UCGZh', 'COMPLETE', 'gateway', 'PENDING', '2024-08-29 12:20:24'),
(169, 18284, '2024-08-30', '15:00:00', 'Asia/Kolkata', '1', 5000, 'pay_OqifAvnvSN4tdu', 'COMPLETE', 'gateway', 'PENDING', '2024-08-29 12:43:42'),
(170, 18284, '2024-06-30', '12:00:00', 'Asia/Calcutta', '1', 20, NULL, 'PENDING', '', 'PENDING', '2024-08-29 12:53:33'),
(171, 18284, '2024-06-30', '16:00:00', 'Asia/Calcutta', '1', 20, NULL, 'PENDING', '', 'PENDING', '2024-08-29 12:54:50'),
(172, 18284, '2024-09-01', '09:00:00', 'Asia/Kolkata', '1', 5000, 'pay_OqiuPoPhlYH7z9', 'COMPLETE', 'gateway', 'PENDING', '2024-08-29 12:58:16'),
(173, 18284, '2024-09-02', '09:00:00', 'Asia/Kolkata', '1', 5000, NULL, 'PENDING', 'gateway', 'PENDING', '2024-08-29 13:06:03'),
(174, 18284, '2024-09-01', '10:00:00', 'Asia/Kolkata', '1', 5000, NULL, 'PENDING', 'gateway', 'PENDING', '2024-08-29 13:07:25'),
(175, 18284, '2024-09-03', '09:00:00', 'Asia/Kolkata', '1', 5000, NULL, 'PENDING', 'gateway', 'PENDING', '2024-08-29 13:09:01'),
(176, 18284, '2024-07-01', '16:00:00', 'Asia/Calcutta', '1', 20, NULL, 'PENDING', '', 'PENDING', '2024-08-29 13:10:56'),
(177, 18284, '2024-08-31', '16:00:00', 'Asia/Calcutta', '1', 20, NULL, 'PENDING', '', 'PENDING', '2024-08-29 13:11:49'),
(178, 18284, '2024-08-31', '17:00:00', 'Asia/Calcutta', '1', 20, '43243', 'COMPLETE', '', 'PENDING', '2024-08-29 13:12:37'),
(179, 18284, '2024-09-03', '08:00:00', 'Asia/Kolkata', '1', 5000, NULL, 'PENDING', 'gateway', 'PENDING', '2024-08-29 13:15:38'),
(180, 18284, '2024-09-03', '10:00:00', 'Asia/Kolkata', '1', 5000, 'pay_OqjDHYcNMfRZyH', 'COMPLETE', 'gateway', 'PENDING', '2024-08-29 13:16:08');

-- --------------------------------------------------------

--
-- Table structure for table `app_menu`
--

CREATE TABLE `app_menu` (
  `id` int NOT NULL,
  `main_menu_id` smallint NOT NULL COMMENT 'Static ID as per application button sort list',
  `slug` varchar(256) CHARACTER SET utf8mb4 COLLATE utf8mb4_0900_ai_ci NOT NULL,
  `main_menu` varchar(512) CHARACTER SET utf8mb4 COLLATE utf8mb4_0900_ai_ci NOT NULL,
  `sub_menu` varchar(512) CHARACTER SET utf8mb4 COLLATE utf8mb4_0900_ai_ci NOT NULL,
  `is_planet` tinyint(1) NOT NULL DEFAULT '0',
  `is_active` tinyint(1) NOT NULL DEFAULT '1',
  `icon_file` varchar(512) CHARACTER SET utf8mb4 COLLATE utf8mb4_0900_ai_ci NOT NULL,
  `home_icon_file` varchar(512) CHARACTER SET utf8mb4 COLLATE utf8mb4_0900_ai_ci NOT NULL,
  `home_icon_bg` varchar(512) CHARACTER SET utf8mb4 COLLATE utf8mb4_0900_ai_ci NOT NULL,
  `is_main` tinyint(1) NOT NULL DEFAULT '0',
  `is_paid` tinyint(1) NOT NULL DEFAULT '0' COMMENT 'is Free, Free for 0 and paid for 1',
  `request` text CHARACTER SET utf8mb4 COLLATE utf8mb4_0900_ai_ci NOT NULL,
  `sort` int NOT NULL
) ENGINE=InnoDB DEFAULT CHARSET=utf8mb4 COLLATE=utf8mb4_0900_ai_ci;

--
-- Dumping data for table `app_menu`
--

INSERT INTO `app_menu` (`id`, `main_menu_id`, `slug`, `main_menu`, `sub_menu`, `is_planet`, `is_active`, `icon_file`, `home_icon_file`, `home_icon_bg`, `is_main`, `is_paid`, `request`, `sort`) VALUES
(15, 2, 'personality', 'Life Prediction', 'Personality', 0, 1, 'personality.png', 'personality.png', 'personality.png', 0, 1, '{\"end_point\":\"ws-menu.php?type=LIFE-PREDICTION\",\"ascendant_sign\":1,\"moon_sign\":1,\"birth_detail\":0,\"nakshatras_name\":0}', 15),
(16, 2, 'professional-life', 'Life Prediction', 'Professional life', 0, 1, 'professional-life.png', 'professional-life.png', 'professional-life.png', 0, 1, '{\"end_point\":\"ws-menu.php?type=LIFE-PREDICTION\",\"ascendant_sign\":1,\"moon_sign\":1,\"birth_detail\":0,\"nakshatras_name\":0}', 16),
(17, 2, 'love-life-and-marriage', 'Life Prediction', 'Love Life and Marriage', 0, 1, 'love-life.png', 'married-life.png', 'married-life.png', 0, 1, '{\"end_point\":\"ws-menu.php?type=LIFE-PREDICTION\",\"ascendant_sign\":1,\"moon_sign\":1,\"birth_detail\":0,\"nakshatras_name\":0}', 17),
(18, 2, 'wealth-prediction', 'Life Prediction', 'Wealth', 0, 1, 'wealth.png', 'wealth.png', 'wealth.png', 0, 1, '{\"end_point\":\"ws-menu.php?type=LIFE-PREDICTION\",\"ascendant_sign\":1,\"moon_sign\":1,\"birth_detail\":0,\"nakshatras_name\":0}', 18),
(19, 2, 'best-period', 'Life Prediction', 'Best period in your life', 0, 1, 'favorable-and-unfavorable-period.png', 'favorable-and-unfavorable-period.png', 'favorable-and-unfavorable-period.png', 0, 1, '{\"end_point\":\"ws-menu.php?type=LIFE-PREDICTION\",\"ascendant_sign\":1,\"moon_sign\":1,\"birth_detail\":0,\"nakshatras_name\":0}', 19),
(24, 3, 'financial-life', 'Year Prediction', 'Financial Life', 0, 1, 'transits.png', 'transits.png', 'transits.png', 0, 0, '{\"end_point\":\"ws-menu.php?type=MONTHLY-FORECAST\",\"ascendant_sign\":1,\"moon_sign\":1,\"birth_detail\":0,\"nakshatras_name\":0}', 29),
(25, 3, 'career', 'Year Prediction', 'Your Career', 0, 1, 'career.png', 'career.png', 'career.png', 0, 0, '{\"end_point\":\"ws-menu.php?type=MONTHLY-FORECAST\",\"ascendant_sign\":1,\"moon_sign\":1,\"birth_detail\":0,\"nakshatras_name\":0}', 24),
(26, 3, 'love-life', 'Year Prediction', 'Love Life', 0, 1, 'love-life.png', 'love-life.png', 'love-life.png', 0, 0, '{\"end_point\":\"ws-menu.php?type=MONTHLY-FORECAST\",\"ascendant_sign\":1,\"moon_sign\":1,\"birth_detail\":0,\"nakshatras_name\":0}', 25),
(27, 3, 'monthly-prediction', 'Year Prediction', 'Monthly Prediction', 0, 1, 'wealth.png', 'financial-life.png', 'financial-life.png', 0, 0, '{\"end_point\":\"ws-menu.php?type=MONTHLY-FORECAST\",\"ascendant_sign\":1,\"moon_sign\":1,\"birth_detail\":0,\"nakshatras_name\":0}', 26),
(28, 3, 'good-bad-period', 'Year Prediction', 'Good/Bad Period', 0, 1, 'favorable-and-unfavorable-period.png', 'bad-period.png', 'bad-period.png', 0, 1, '{\"end_point\":\"ws-menu.php?type=MONTHLY-FORECAST\",\"ascendant_sign\":1,\"moon_sign\":1,\"birth_detail\":0,\"nakshatras_name\":0}', 27),
(29, 3, 'tips-for-the-year', 'Year Prediction', 'Tips for the Year', 0, 1, 'tips-for-the-month.jpeg', 'tips-for-the-month.png', 'tips-for-the-month.png', 0, 1, '{\"end_point\":\"ws-menu.php?type=MONTHLY-FORECAST\",\"ascendant_sign\":1,\"moon_sign\":1,\"birth_detail\":0,\"nakshatras_name\":0}', 28),
(36, 5, 'life-gemstone', 'Remedies', 'Life GemStone', 0, 1, 'life-gemstone.png', 'life-gemstone.png', 'life-gemstone.png', 0, 1, '{\"end_point\":\"ws-menu.php?type=REMEDIES\",\"ascendant_sign\":1,\"moon_sign\":0,\"birth_detail\":1,\"nakshatras_name\":0}', 36),
(37, 5, 'lucky-gemstone', 'Remedies', 'Lucky GemStone', 0, 1, 'lucky-gemstone.png', 'lucky-gemstone.png', 'lucky-gemstone.png', 0, 1, '{\"end_point\":\"ws-menu.php?type=REMEDIES\",\"ascendant_sign\":1,\"moon_sign\":0,\"birth_detail\":1,\"nakshatras_name\":0}', 37),
(38, 5, 'rudraksha', 'Remedies', 'Rudraksha', 0, 1, 'rudraksha.png', 'rudraksha.png', 'rudraksha.png', 0, 1, '{\"end_point\":\"ws-menu.php?type=REMEDIES\",\"ascendant_sign\":1,\"moon_sign\":0,\"birth_detail\":1,\"nakshatras_name\":0}', 38),
(39, 5, 'lucky-mantra', 'Remedies', 'Lucky Mantra', 0, 1, 'lucky-mantra.png', 'lucky-mantra.png', 'lucky-mantra.png', 0, 1, '{\"end_point\":\"ws-menu.php?type=REMEDIES\",\"ascendant_sign\":1,\"moon_sign\":0,\"birth_detail\":1,\"nakshatras_name\":0}', 39),
(40, 5, 'havan-puja-recommended', 'Remedies', 'Havan / Puja Recommended', 0, 1, 'havan-puja-recommended.png', 'havan-puja-recommended.png', 'havan-puja-recommended.png', 0, 1, '{\"end_point\":\"ws-menu.php?type=REMEDIES\",\"ascendant_sign\":1,\"moon_sign\":0,\"birth_detail\":1,\"nakshatras_name\":0}', 40),
(41, 5, 'general-remedies', 'Remedies', 'General Remedies', 0, 1, 'general-remedies.png', 'general-remedies.png', 'general-remedies.png', 0, 1, '{\"end_point\":\"ws-menu.php?type=REMEDIES\",\"ascendant_sign\":1,\"moon_sign\":0,\"birth_detail\":1,\"nakshatras_name\":0}', 41),
(42, 5, 'lucky-colors', 'Remedies', 'Lucky Colors', 0, 1, 'remedies-sade-sati.png', 'lucky-colors.png', 'lucky-colors.png', 0, 1, '{\"end_point\":\"ws-menu.php?type=REMEDIES\",\"ascendant_sign\":1,\"moon_sign\":0,\"birth_detail\":1,\"nakshatras_name\":0}', 42),
(43, 5, 'name-correction', 'Remedies', 'Name Correction', 0, 1, 'kal-sarpa-dosha.png', 'kal-sarp-remedies.png', 'kal-sarp-remedies.png', 0, 1, '{\"end_point\":\"ws-menu.php?type=KAAL-PITRA-REMEDIES\",\"ascendant_sign\":0,\"moon_sign\":0,\"birth_detail\":1,\"nakshatras_name\":0,\"dosha_type\":\"kaalsarp\"}\r\n', 43),
(46, 2, 'life-prediction', 'Year 2025 Predictions', '', 0, 1, 'life-prediction.jpeg', 'life-prediction.jpeg', 'life-prediction.jpeg', 1, 0, '', 0),
(47, 3, 'year-prediction', 'Year 2025 Predictions', '', 0, 1, 'monthly-forecast.png', 'monthly-forecast.png', 'monthly-forecast.png', 1, 0, '', 2),
(49, 5, 'remedies', 'Remedies + Gemstones', '', 0, 1, 'remedies-gems.png', 'remedies-gems.png', 'remedies-gems.png', 1, 0, '', 49);

-- --------------------------------------------------------

--
-- Table structure for table `balance_number`
--

CREATE TABLE `balance_number` (
  `id` int NOT NULL,
  `number` smallint NOT NULL,
  `description` text CHARACTER SET utf8mb4 COLLATE utf8mb4_0900_ai_ci NOT NULL,
  `you_tube_link` text CHARACTER SET utf8mb4 COLLATE utf8mb4_0900_ai_ci
) ENGINE=InnoDB DEFAULT CHARSET=utf8mb4 COLLATE=utf8mb4_general_ci;

--
-- Dumping data for table `balance_number`
--

INSERT INTO `balance_number` (`id`, `number`, `description`, `you_tube_link`) VALUES
(1, 1, '', ''),
(2, 2, '', ''),
(3, 3, '', ''),
(4, 4, '', ''),
(5, 5, '', ''),
(6, 6, '', ''),
(7, 7, '', ''),
(8, 8, '', ''),
(9, 9, '', '');

-- --------------------------------------------------------

--
-- Table structure for table `birthday_number`
--

CREATE TABLE `birthday_number` (
  `id` int NOT NULL,
  `number` smallint NOT NULL,
  `description` text CHARACTER SET utf8mb4 COLLATE utf8mb4_0900_ai_ci NOT NULL,
  `you_tube_link` text CHARACTER SET utf8mb4 COLLATE utf8mb4_0900_ai_ci
) ENGINE=InnoDB DEFAULT CHARSET=utf8mb4 COLLATE=utf8mb4_general_ci;

--
-- Dumping data for table `birthday_number`
--

INSERT INTO `birthday_number` (`id`, `number`, `description`, `you_tube_link`) VALUES
(1, 1, '', ''),
(2, 2, '', ''),
(3, 3, '', ''),
(4, 4, '', ''),
(5, 5, '', ''),
(6, 6, '', ''),
(7, 7, '', ''),
(8, 8, '', ''),
(9, 9, '', ''),
(10, 11, '', ''),
(11, 22, '', '');

-- --------------------------------------------------------

--
-- Table structure for table `challenge_numbers`
--

CREATE TABLE `challenge_numbers` (
  `id` int NOT NULL,
  `number` smallint NOT NULL,
  `description` text CHARACTER SET utf8mb4 COLLATE utf8mb4_0900_ai_ci NOT NULL,
  `you_tube_link` text CHARACTER SET utf8mb4 COLLATE utf8mb4_0900_ai_ci
) ENGINE=InnoDB DEFAULT CHARSET=utf8mb4 COLLATE=utf8mb4_general_ci;

--
-- Dumping data for table `challenge_numbers`
--

INSERT INTO `challenge_numbers` (`id`, `number`, `description`, `you_tube_link`) VALUES
(1, 0, '', ''),
(2, 1, '', ''),
(3, 2, '', ''),
(4, 3, '', ''),
(5, 4, '', ''),
(6, 5, '', ''),
(7, 6, '', ''),
(8, 7, '', ''),
(9, 8, '', '');

-- --------------------------------------------------------

--
-- Table structure for table `consult_tvam`
--

CREATE TABLE `consult_tvam` (
  `id` int NOT NULL,
  `name` varchar(255) NOT NULL,
  `image` varchar(255) NOT NULL,
  `price` double(10,2) NOT NULL,
  `price_usd` float NOT NULL,
  `days` int NOT NULL,
  `description` text NOT NULL
) ENGINE=InnoDB DEFAULT CHARSET=utf8mb3;

--
-- Dumping data for table `consult_tvam`
--

INSERT INTO `consult_tvam` (`id`, `name`, `image`, `price`, `price_usd`, `days`, `description`) VALUES
(1, 'Premium horoscope Analysis', 'Tvam_Consult/fullreport_wht_icon.png', 3000.00, 50, 3, 'Top consultation. Detailed report of all aspects of life with astrological remedy.'),
(2, 'Ask 1 Question', 'Tvam_Consult/eduction_wht_icon.png', 500.00, 15, 1, 'We will answer your one query'),
(3, 'Marriage / Love life Analysis', 'Tvam_Consult/marrige_wht_icon.png', 1000.00, 35, 2, 'Detailed report of your love or married life.Includes astrological remedy.'),
(4, 'Education/ Career Analysis', 'Tvam_Consult/child_wht_icon.png', 1000.00, 35, 2, 'Detailed report of your career, job and education.Includes astrological remedy.'),
(5, 'Medical/Health Analysis', 'Tvam_Consult/medical_wht_icon.png', 1000.00, 35, 2, 'Detailed report of your health.Includes astrological remedy.'),
(6, 'Telephonic Consultation | One Hour', 'Tvam_Consult/gems_wht_icon.png', 3000.00, 50, 1, 'Sixty minutes Audio/Video consultation with App founder'),
(7, '12 Months Analysis', 'Tvam_Consult/dosh_wht_icon.png', 1000.00, 35, 2, 'Detailed report of your next 12 month Dasha periods. Good and bad periods with events.');

-- --------------------------------------------------------

--
-- Table structure for table `countries`
--

CREATE TABLE `countries` (
  `id` int NOT NULL,
  `sortname` varchar(3) NOT NULL,
  `name` varchar(150) NOT NULL,
  `phonecode` int NOT NULL
) ENGINE=InnoDB DEFAULT CHARSET=utf8mb3;

--
-- Dumping data for table `countries`
--

INSERT INTO `countries` (`id`, `sortname`, `name`, `phonecode`) VALUES
(1, 'AF', 'Afghanistan', 93),
(2, 'AL', 'Albania', 355),
(3, 'DZ', 'Algeria', 213),
(4, 'AS', 'American Samoa', 1684),
(5, 'AD', 'Andorra', 376),
(6, 'AO', 'Angola', 244),
(7, 'AI', 'Anguilla', 1264),
(8, 'AQ', 'Antarctica', 0),
(9, 'AG', 'Antigua And Barbuda', 1268),
(10, 'AR', 'Argentina', 54),
(11, 'AM', 'Armenia', 374),
(12, 'AW', 'Aruba', 297),
(13, 'AU', 'Australia', 61),
(14, 'AT', 'Austria', 43),
(15, 'AZ', 'Azerbaijan', 994),
(16, 'BS', 'Bahamas The', 1242),
(17, 'BH', 'Bahrain', 973),
(18, 'BD', 'Bangladesh', 880),
(19, 'BB', 'Barbados', 1246),
(20, 'BY', 'Belarus', 375),
(21, 'BE', 'Belgium', 32),
(22, 'BZ', 'Belize', 501),
(23, 'BJ', 'Benin', 229),
(24, 'BM', 'Bermuda', 1441),
(25, 'BT', 'Bhutan', 975),
(26, 'BO', 'Bolivia', 591),
(27, 'BA', 'Bosnia and Herzegovina', 387),
(28, 'BW', 'Botswana', 267),
(29, 'BV', 'Bouvet Island', 0),
(30, 'BR', 'Brazil', 55),
(31, 'IO', 'British Indian Ocean Territory', 246),
(32, 'BN', 'Brunei', 673),
(33, 'BG', 'Bulgaria', 359),
(34, 'BF', 'Burkina Faso', 226),
(35, 'BI', 'Burundi', 257),
(36, 'KH', 'Cambodia', 855),
(37, 'CM', 'Cameroon', 237),
(38, 'CA', 'Canada', 1),
(39, 'CV', 'Cape Verde', 238),
(40, 'KY', 'Cayman Islands', 1345),
(41, 'CF', 'Central African Republic', 236),
(42, 'TD', 'Chad', 235),
(43, 'CL', 'Chile', 56),
(44, 'CN', 'China', 86),
(45, 'CX', 'Christmas Island', 61),
(46, 'CC', 'Cocos (Keeling) Islands', 672),
(47, 'CO', 'Colombia', 57),
(48, 'KM', 'Comoros', 269),
(49, 'CG', 'Republic Of The Congo', 242),
(50, 'CD', 'Democratic Republic Of The Congo', 242),
(51, 'CK', 'Cook Islands', 682),
(52, 'CR', 'Costa Rica', 506),
(53, 'CI', 'Cote D\'Ivoire (Ivory Coast)', 225),
(54, 'HR', 'Croatia (Hrvatska)', 385),
(55, 'CU', 'Cuba', 53),
(56, 'CY', 'Cyprus', 357),
(57, 'CZ', 'Czech Republic', 420),
(58, 'DK', 'Denmark', 45),
(59, 'DJ', 'Djibouti', 253),
(60, 'DM', 'Dominica', 1767),
(61, 'DO', 'Dominican Republic', 1809),
(62, 'TP', 'East Timor', 670),
(63, 'EC', 'Ecuador', 593),
(64, 'EG', 'Egypt', 20),
(65, 'SV', 'El Salvador', 503),
(66, 'GQ', 'Equatorial Guinea', 240),
(67, 'ER', 'Eritrea', 291),
(68, 'EE', 'Estonia', 372),
(69, 'ET', 'Ethiopia', 251),
(70, 'XA', 'External Territories of Australia', 61),
(71, 'FK', 'Falkland Islands', 500),
(72, 'FO', 'Faroe Islands', 298),
(73, 'FJ', 'Fiji Islands', 679),
(74, 'FI', 'Finland', 358),
(75, 'FR', 'France', 33),
(76, 'GF', 'French Guiana', 594),
(77, 'PF', 'French Polynesia', 689),
(78, 'TF', 'French Southern Territories', 0),
(79, 'GA', 'Gabon', 241),
(80, 'GM', 'Gambia The', 220),
(81, 'GE', 'Georgia', 995),
(82, 'DE', 'Germany', 49),
(83, 'GH', 'Ghana', 233),
(84, 'GI', 'Gibraltar', 350),
(85, 'GR', 'Greece', 30),
(86, 'GL', 'Greenland', 299),
(87, 'GD', 'Grenada', 1473),
(88, 'GP', 'Guadeloupe', 590),
(89, 'GU', 'Guam', 1671),
(90, 'GT', 'Guatemala', 502),
(91, 'XU', 'Guernsey and Alderney', 44),
(92, 'GN', 'Guinea', 224),
(93, 'GW', 'Guinea-Bissau', 245),
(94, 'GY', 'Guyana', 592),
(95, 'HT', 'Haiti', 509),
(96, 'HM', 'Heard and McDonald Islands', 0),
(97, 'HN', 'Honduras', 504),
(98, 'HK', 'Hong Kong S.A.R.', 852),
(99, 'HU', 'Hungary', 36),
(100, 'IS', 'Iceland', 354),
(101, 'IN', 'India', 91),
(102, 'ID', 'Indonesia', 62),
(103, 'IR', 'Iran', 98),
(104, 'IQ', 'Iraq', 964),
(105, 'IE', 'Ireland', 353),
(106, 'IL', 'Israel', 972),
(107, 'IT', 'Italy', 39),
(108, 'JM', 'Jamaica', 1876),
(109, 'JP', 'Japan', 81),
(110, 'XJ', 'Jersey', 44),
(111, 'JO', 'Jordan', 962),
(112, 'KZ', 'Kazakhstan', 7),
(113, 'KE', 'Kenya', 254),
(114, 'KI', 'Kiribati', 686),
(115, 'KP', 'Korea North', 850),
(116, 'KR', 'Korea South', 82),
(117, 'KW', 'Kuwait', 965),
(118, 'KG', 'Kyrgyzstan', 996),
(119, 'LA', 'Laos', 856),
(120, 'LV', 'Latvia', 371),
(121, 'LB', 'Lebanon', 961),
(122, 'LS', 'Lesotho', 266),
(123, 'LR', 'Liberia', 231),
(124, 'LY', 'Libya', 218),
(125, 'LI', 'Liechtenstein', 423),
(126, 'LT', 'Lithuania', 370),
(127, 'LU', 'Luxembourg', 352),
(128, 'MO', 'Macau S.A.R.', 853),
(129, 'MK', 'Macedonia', 389),
(130, 'MG', 'Madagascar', 261),
(131, 'MW', 'Malawi', 265),
(132, 'MY', 'Malaysia', 60),
(133, 'MV', 'Maldives', 960),
(134, 'ML', 'Mali', 223),
(135, 'MT', 'Malta', 356),
(136, 'XM', 'Man (Isle of)', 44),
(137, 'MH', 'Marshall Islands', 692),
(138, 'MQ', 'Martinique', 596),
(139, 'MR', 'Mauritania', 222),
(140, 'MU', 'Mauritius', 230),
(141, 'YT', 'Mayotte', 269),
(142, 'MX', 'Mexico', 52),
(143, 'FM', 'Micronesia', 691),
(144, 'MD', 'Moldova', 373),
(145, 'MC', 'Monaco', 377),
(146, 'MN', 'Mongolia', 976),
(147, 'MS', 'Montserrat', 1664),
(148, 'MA', 'Morocco', 212),
(149, 'MZ', 'Mozambique', 258),
(150, 'MM', 'Myanmar', 95),
(151, 'NA', 'Namibia', 264),
(152, 'NR', 'Nauru', 674),
(153, 'NP', 'Nepal', 977),
(154, 'AN', 'Netherlands Antilles', 599),
(155, 'NL', 'Netherlands The', 31),
(156, 'NC', 'New Caledonia', 687),
(157, 'NZ', 'New Zealand', 64),
(158, 'NI', 'Nicaragua', 505),
(159, 'NE', 'Niger', 227),
(160, 'NG', 'Nigeria', 234),
(161, 'NU', 'Niue', 683),
(162, 'NF', 'Norfolk Island', 672),
(163, 'MP', 'Northern Mariana Islands', 1670),
(164, 'NO', 'Norway', 47),
(165, 'OM', 'Oman', 968),
(166, 'PK', 'Pakistan', 92),
(167, 'PW', 'Palau', 680),
(168, 'PS', 'Palestinian Territory Occupied', 970),
(169, 'PA', 'Panama', 507),
(170, 'PG', 'Papua new Guinea', 675),
(171, 'PY', 'Paraguay', 595),
(172, 'PE', 'Peru', 51),
(173, 'PH', 'Philippines', 63),
(174, 'PN', 'Pitcairn Island', 0),
(175, 'PL', 'Poland', 48),
(176, 'PT', 'Portugal', 351),
(177, 'PR', 'Puerto Rico', 1787),
(178, 'QA', 'Qatar', 974),
(179, 'RE', 'Reunion', 262),
(180, 'RO', 'Romania', 40),
(181, 'RU', 'Russia', 70),
(182, 'RW', 'Rwanda', 250),
(183, 'SH', 'Saint Helena', 290),
(184, 'KN', 'Saint Kitts And Nevis', 1869),
(185, 'LC', 'Saint Lucia', 1758),
(186, 'PM', 'Saint Pierre and Miquelon', 508),
(187, 'VC', 'Saint Vincent And The Grenadines', 1784),
(188, 'WS', 'Samoa', 684),
(189, 'SM', 'San Marino', 378),
(190, 'ST', 'Sao Tome and Principe', 239),
(191, 'SA', 'Saudi Arabia', 966),
(192, 'SN', 'Senegal', 221),
(193, 'RS', 'Serbia', 381),
(194, 'SC', 'Seychelles', 248),
(195, 'SL', 'Sierra Leone', 232),
(196, 'SG', 'Singapore', 65),
(197, 'SK', 'Slovakia', 421),
(198, 'SI', 'Slovenia', 386),
(199, 'XG', 'Smaller Territories of the UK', 44),
(200, 'SB', 'Solomon Islands', 677),
(201, 'SO', 'Somalia', 252),
(202, 'ZA', 'South Africa', 27),
(203, 'GS', 'South Georgia', 0),
(204, 'SS', 'South Sudan', 211),
(205, 'ES', 'Spain', 34),
(206, 'LK', 'Sri Lanka', 94),
(207, 'SD', 'Sudan', 249),
(208, 'SR', 'Suriname', 597),
(209, 'SJ', 'Svalbard And Jan Mayen Islands', 47),
(210, 'SZ', 'Swaziland', 268),
(211, 'SE', 'Sweden', 46),
(212, 'CH', 'Switzerland', 41),
(213, 'SY', 'Syria', 963),
(214, 'TW', 'Taiwan', 886),
(215, 'TJ', 'Tajikistan', 992),
(216, 'TZ', 'Tanzania', 255),
(217, 'TH', 'Thailand', 66),
(218, 'TG', 'Togo', 228),
(219, 'TK', 'Tokelau', 690),
(220, 'TO', 'Tonga', 676),
(221, 'TT', 'Trinidad And Tobago', 1868),
(222, 'TN', 'Tunisia', 216),
(223, 'TR', 'Turkey', 90),
(224, 'TM', 'Turkmenistan', 7370),
(225, 'TC', 'Turks And Caicos Islands', 1649),
(226, 'TV', 'Tuvalu', 688),
(227, 'UG', 'Uganda', 256),
(228, 'UA', 'Ukraine', 380),
(229, 'AE', 'United Arab Emirates', 971),
(230, 'GB', 'United Kingdom', 44),
(231, 'US', 'United States', 1),
(232, 'UM', 'United States Minor Outlying Islands', 1),
(233, 'UY', 'Uruguay', 598),
(234, 'UZ', 'Uzbekistan', 998),
(235, 'VU', 'Vanuatu', 678),
(236, 'VA', 'Vatican City State (Holy See)', 39),
(237, 'VE', 'Venezuela', 58),
(238, 'VN', 'Vietnam', 84),
(239, 'VG', 'Virgin Islands (British)', 1284),
(240, 'VI', 'Virgin Islands (US)', 1340),
(241, 'WF', 'Wallis And Futuna Islands', 681),
(242, 'EH', 'Western Sahara', 212),
(243, 'YE', 'Yemen', 967),
(244, 'YU', 'Yugoslavia', 38),
(245, 'ZM', 'Zambia', 260),
(246, 'ZW', 'Zimbabwe', 263);

-- --------------------------------------------------------

--
-- Table structure for table `default_feature`
--

CREATE TABLE `default_feature` (
  `id` int NOT NULL,
  `name` varchar(32) NOT NULL,
  `value` tinyint(1) NOT NULL DEFAULT '0' COMMENT 'is Free, Free for 1 and paid for 0',
  `type` enum('HOUSE','PLANET','REPORT','NAKSHTRA','ASCDENT') NOT NULL
) ENGINE=InnoDB DEFAULT CHARSET=utf8mb3;

--
-- Dumping data for table `default_feature`
--

INSERT INTO `default_feature` (`id`, `name`, `value`, `type`) VALUES
(1, 'full report', 0, 'REPORT'),
(2, 'nakshatra', 0, 'NAKSHTRA'),
(3, 'ascendant', 1, 'ASCDENT'),
(4, 'ketu', 1, 'PLANET'),
(5, 'rahu', 0, 'PLANET'),
(6, 'venus', 0, 'PLANET'),
(7, 'mercury', 1, 'PLANET'),
(8, 'saturn', 0, 'PLANET'),
(9, 'mars', 0, 'PLANET'),
(10, 'jupiter', 0, 'PLANET'),
(11, 'Moon', 0, 'PLANET'),
(12, 'Sun', 0, 'PLANET'),
(13, 'house 1', 1, 'HOUSE'),
(14, 'house 2', 0, 'HOUSE'),
(15, 'house 3', 1, 'HOUSE'),
(16, 'house 4', 0, 'HOUSE'),
(17, 'house 5', 1, 'HOUSE'),
(18, 'house 6', 0, 'HOUSE'),
(19, 'house 7', 1, 'HOUSE'),
(20, 'house 8', 0, 'HOUSE'),
(21, 'house 9', 1, 'HOUSE'),
(22, 'house 10', 0, 'HOUSE'),
(23, 'house 11', 1, 'HOUSE'),
(24, 'house 12', 0, 'HOUSE');

-- --------------------------------------------------------

--
-- Table structure for table `details`
--

CREATE TABLE `details` (
  `id` int NOT NULL,
  `title` varchar(255) NOT NULL,
  `video_url` varchar(255) NOT NULL,
  `description` text,
  `astrologer_video_url` varchar(255) NOT NULL,
  `contact_no` varchar(15) NOT NULL,
  `dtdate` date NOT NULL
) ENGINE=InnoDB DEFAULT CHARSET=utf8mb3;

--
-- Dumping data for table `details`
--

INSERT INTO `details` (`id`, `title`, `video_url`, `description`, `astrologer_video_url`, `contact_no`, `dtdate`) VALUES
(1, 'Tvam® | त्वम् - The world of Vedic Astrology', 'https://youtu.be/C_GpNeUlr-M', 'Jyotisha is the science of predicting future using the movements of astronomical bodies. It is one of the six ancient Vedangas or ancillary science connected with the Vedas (Hindu Scriptures). \r\n\r\nTvam® Vedic Astrology is an honest effort to bring the ancient hindu wisdom to our daily lives.\r\n\r\nTvam® Vedic Astrology is located at Mumbai India. We have deep interest in astrology and we take our job very seriously !', 'https://www.youtube.com/embed/jv1k7v2IUcA?autoplay=1&mute=1', '+91 8928180588', '2019-10-28');

-- --------------------------------------------------------

--
-- Table structure for table `expression_number`
--

CREATE TABLE `expression_number` (
  `id` int NOT NULL,
  `number` smallint NOT NULL,
  `description` text CHARACTER SET utf8mb4 COLLATE utf8mb4_0900_ai_ci NOT NULL,
  `you_tube_link` text CHARACTER SET utf8mb4 COLLATE utf8mb4_0900_ai_ci
) ENGINE=InnoDB DEFAULT CHARSET=utf8mb4 COLLATE=utf8mb4_general_ci;

--
-- Dumping data for table `expression_number`
--

INSERT INTO `expression_number` (`id`, `number`, `description`, `you_tube_link`) VALUES
(1, 1, 'expression no 1', ''),
(2, 2, '', ''),
(3, 3, '', ''),
(4, 4, '', ''),
(5, 5, '', ''),
(6, 6, '', ''),
(7, 7, '', ''),
(8, 8, '', ''),
(9, 9, '', ''),
(10, 11, '', ''),
(11, 22, '', ''),
(12, 33, '', '');

-- --------------------------------------------------------

--
-- Table structure for table `faq`
--

CREATE TABLE `faq` (
  `id` int NOT NULL,
  `question` text CHARACTER SET latin1 COLLATE latin1_swedish_ci NOT NULL,
  `answer` text CHARACTER SET latin1 COLLATE latin1_swedish_ci NOT NULL,
  `status` tinyint NOT NULL DEFAULT '1' COMMENT '0= Inactive,1=Active',
  `dtdate` datetime NOT NULL
) ENGINE=InnoDB DEFAULT CHARSET=utf8mb3;

--
-- Dumping data for table `faq`
--

INSERT INTO `faq` (`id`, `question`, `answer`, `status`, `dtdate`) VALUES
(2, 'Is telephonic consultation included in the consultation?', 'No. You can opt for telephonic consultation add on by either by writing to us on info@tvam.app or chat with us using our amazing Live Chat feature. We will be happy to assist you.', 1, '2018-04-18 14:27:34'),
(3, 'What are different consultation reports offered by Tvam ?', 'Please access Consult Tvam option on home screen in both Android and iOS', 1, '2018-04-30 19:14:17'),
(14, 'What is Jyotisha or Vedic Astrology ?', 'Jyotisha (Sanskrit: à¤œà¥à¤¯à¥‹à¤¤à¤¿à¤· ) is the science of predicting future using the movements of astronomical bodies. It is one of the six ancient Vedangas, or ancillary science connected with the Vedas â€“ the scriptures of Hinduism.', 1, '0000-00-00 00:00:00'),
(16, 'The consultation I need is not listed, What should I do ?', 'We do provide customized consultations as per your requirements. Please write to us on info@tvam.app or chat with us using our amazing Live Chat feature. We will be happy to assist you.', 1, '0000-00-00 00:00:00'),
(17, 'Are Tvam consultation reports manual or computer generated ?', 'The predictions on app are automated but the Consultation reports are manually written/typed.', 1, '0000-00-00 00:00:00'),
(18, 'If I consult with Tvam - Would I get premium upgrade ?', 'No. Consultation and Upgrade are mutually exclusive', 1, '0000-00-00 00:00:00'),
(19, 'If I upgrade with premium features - Would I get consultation ?', 'No. Consultation and Upgrade are mutually exclusive', 1, '0000-00-00 00:00:00');

-- --------------------------------------------------------

--
-- Table structure for table `hidden_passion_number`
--

CREATE TABLE `hidden_passion_number` (
  `id` int NOT NULL,
  `number` smallint NOT NULL,
  `description` text CHARACTER SET utf8mb4 COLLATE utf8mb4_0900_ai_ci NOT NULL,
  `you_tube_link` text CHARACTER SET utf8mb4 COLLATE utf8mb4_0900_ai_ci
) ENGINE=InnoDB DEFAULT CHARSET=utf8mb4 COLLATE=utf8mb4_general_ci;

--
-- Dumping data for table `hidden_passion_number`
--

INSERT INTO `hidden_passion_number` (`id`, `number`, `description`, `you_tube_link`) VALUES
(1, 1, '', ''),
(2, 2, '', ''),
(3, 3, '', ''),
(4, 4, '', ''),
(5, 5, '', ''),
(6, 6, '', ''),
(7, 7, '', ''),
(8, 8, '', ''),
(9, 9, '', '');

-- --------------------------------------------------------

--
-- Table structure for table `holidays`
--

CREATE TABLE `holidays` (
  `id` int NOT NULL,
  `title` varchar(255) CHARACTER SET utf8mb4 COLLATE utf8mb4_general_ci DEFAULT NULL,
  `date` date DEFAULT NULL,
  `is_full_day` tinyint(1) NOT NULL DEFAULT '0',
  `dtdate` datetime NOT NULL
) ENGINE=InnoDB DEFAULT CHARSET=utf8mb4 COLLATE=utf8mb4_general_ci;

--
-- Dumping data for table `holidays`
--

INSERT INTO `holidays` (`id`, `title`, `date`, `is_full_day`, `dtdate`) VALUES
(2, 'afds', '2024-05-18', 0, '2024-05-17 10:50:29'),
(3, 'Election Date', '2024-05-22', 0, '2024-05-20 10:58:47');

-- --------------------------------------------------------

--
-- Table structure for table `holiday_time_slots`
--

CREATE TABLE `holiday_time_slots` (
  `id` int NOT NULL,
  `holiday_id` int NOT NULL,
  `slot_time` time NOT NULL,
  `dtdate` datetime NOT NULL
) ENGINE=InnoDB DEFAULT CHARSET=utf8mb4 COLLATE=utf8mb4_general_ci;

--
-- Dumping data for table `holiday_time_slots`
--

INSERT INTO `holiday_time_slots` (`id`, `holiday_id`, `slot_time`, `dtdate`) VALUES
(14, 2, '00:00:00', '2024-05-20 11:12:44'),
(15, 2, '01:00:00', '2024-05-20 11:12:44'),
(16, 2, '10:00:00', '2024-05-20 11:12:44'),
(17, 2, '15:00:00', '2024-05-20 11:12:44'),
(18, 2, '17:00:00', '2024-05-20 11:12:44'),
(19, 3, '10:00:00', '2024-05-20 12:20:37'),
(20, 3, '11:00:00', '2024-05-20 12:20:37'),
(21, 3, '12:00:00', '2024-05-20 12:20:37'),
(22, 3, '13:00:00', '2024-05-20 12:20:37');

-- --------------------------------------------------------

--
-- Table structure for table `html_pages`
--

CREATE TABLE `html_pages` (
  `page_id` int NOT NULL,
  `pagecode` varchar(30) NOT NULL,
  `page_name` varchar(30) NOT NULL,
  `page_title` varchar(30) NOT NULL,
  `page_heading` varchar(30) NOT NULL,
  `page_subheading` varchar(225) NOT NULL,
  `page_text` longtext NOT NULL,
  `meta_title` varchar(100) NOT NULL,
  `meta_description` varchar(100) NOT NULL,
  `dtdate` date NOT NULL
) ENGINE=InnoDB DEFAULT CHARSET=latin1;

--
-- Dumping data for table `html_pages`
--

INSERT INTO `html_pages` (`page_id`, `pagecode`, `page_name`, `page_title`, `page_heading`, `page_subheading`, `page_text`, `meta_title`, `meta_description`, `dtdate`) VALUES
(1, 'term', 'term', 'Terms &amp; Conditions', 'Terms &amp; Conditions', 'ghgh', '<p>\r\n<style type=\"text/css\">p { margin-bottom: 0.25cm; direction: ltr; line-height: 120%; text-align: left; }a:link { color: rgb(0, 0, 255); }\r\n</style>\r\n</p>\r\n\r\n<p align=\"center\" style=\"margin-left:14.2pt;\"><strong>TERMS AND CONDITIONS OF SERVICE AND USE</strong></p>\r\n\r\n<p style=\"margin-left:14.2pt;\">&nbsp;</p>\r\n\r\n<ol>\r\n	<li align=\"center\"><strong>GENERAL</strong></li>\r\n</ol>\r\n\r\n<p>&nbsp;</p>\r\n\r\n<ol style=\"list-style-type:lower-alpha;\">\r\n	<li>This document is an electronic record in terms of Information Technology Act, 2000 and rules thereunder as applicable, and the amended provisions pertaining to electronic records in various statutes, as amended by the Information Technology Act, 2000. This electronic record is generated by a computer system and does not require any physical or digital signatures. This document is published in accordance with the provisions of <strong>Rule 3 (1) of the Information Technology (Intermediaries guidelines) Rules, 2011</strong> that require publishing the rules and regulations, privacy policy and Terms of Use for access or usage of the services and applications on the &#39;Tvam&#39; vedic astrology &nbsp;android and iOS mobile app (&ldquo;<strong>Mobile Apps</strong>&rdquo;) and the &#39;Tvam&#39; vedic astrology Web app. The Mobile Apps and Web App shall collectively be referred to as (the <strong>&ldquo;App&rdquo;</strong>). The App is owned and operated by Tvarita Technologies Private limited, a Private Limited Company incorporated under the Laws of India (hereinafter referred to as the &ldquo;<strong>Company</strong>&rdquo;) having its registered office at A 2705, Parkwoods, Behind DMart, Ghodbunder Road, Thane Maharashtra, India, where such expression shall, unless repugnant to the context thereof, be deemed to include its respective representatives, administrators, employees, directors, officers, agents and their successors and assigns.</li>\r\n</ol>\r\n\r\n<p>&nbsp;</p>\r\n\r\n<ol style=\"list-style-type:lower-alpha;\">\r\n	<li value=\"2\">For the purpose of these Terms of Use (&ldquo;<strong>Terms</strong>&rdquo;), wherever the context so requires,</li>\r\n</ol>\r\n\r\n<p>&nbsp;</p>\r\n\r\n<ol style=\"list-style-type:lower-roman;\">\r\n	<li>The term <strong>&lsquo;You&rsquo; &amp; &lsquo;User&rsquo;, </strong>shall mean any legal person or entity accessing or using the services provided on the App and who is competent to enter into binding contracts, as per the laws of India.</li>\r\n	<li>The terms <strong>&lsquo;We&rsquo;</strong>, <strong>&lsquo;Us&rsquo;</strong>, <strong>&lsquo;Our&rsquo; </strong>shall mean the App and/or the Company, as the context so requires<strong>.</strong></li>\r\n	<li>The term &lsquo;<strong>Service</strong>&rsquo; shall interalia mean the following services provided through our App. The App serves as a tool for the Users to not only generate their birth charts, but also access predictions based on vedic astrology principles. The App also provides video explainers for some of the combinations. Users can unlock the premium features of the App by opting for an upgrade through Google Playstore or Apple App store upgrade payments (&ldquo;<strong>Tvam Premium Upgrade</strong>&rdquo;). Users can also opt for manual consultations which is different from the Tvam Premium Upgrade (which unlocks the automated predictions). Tvam Premium Upgrade does not provide access to manual consultations and Users have to pay through third party payment gateways (Paypal/Razorpay).</li>\r\n</ol>\r\n\r\n<p style=\"margin-left:1.0in;\">&nbsp;</p>\r\n\r\n<ol style=\"list-style-type:lower-roman;\">\r\n	<li value=\"4\">The terms <strong>&lsquo;Party&rsquo; </strong>and <strong>&lsquo;Parties&rsquo;</strong> shall respectively<strong> be used to refer to the User and the </strong>Company <strong>individually and collectively, as the context so requires. </strong></li>\r\n</ol>\r\n\r\n<p style=\"margin-left:1.0in;\">&nbsp;</p>\r\n\r\n<ol style=\"list-style-type:lower-alpha;\">\r\n	<li value=\"3\"><strong>The headings of each section in these Terms are only for the purpose of organizing the various provisions under these Terms in an orderly manner, and shall not be used by either Party to interpret the provisions contained herein in any manner. Further, it is specifically agreed to by the Parties that the headings shall have no legal or contractual value.</strong></li>\r\n	<li value=\"4\">The use of the App by the User is solely governed by these Terms as well as the Privacy Policy, and any modifications or amendments made thereto by the Company, from time to time, at its sole discretion. If You continue to access and use the App, you are agreeing to comply with and be bound by the following Terms and Conditions of Use and Our Privacy Policy. The User expressly agrees and acknowledges that these Terms and Policy are co-terminus in nature, and that expiry/termination of either one will lead to the termination of the other.</li>\r\n	<li value=\"5\">The User unequivocally agrees that these Terms and the aforementioned Policy constitute a legally binding agreement between the User and the Company, and that the User shall be subject to the rules, guidelines, policies, terms, and conditions applicable to any service that is provided by the App, and that the same shall be deemed to be incorporated into these Terms, and shall be treated as part and parcel of the same. The User acknowledges and agrees that no signature or express act is required to make these Terms and the Policy binding on the User, and that the User&rsquo;s act of visiting any part of the App constitutes the User&rsquo;s full and final acceptance of these Terms and the aforementioned Policy.</li>\r\n	<li value=\"6\">The Company reserves the sole and exclusive right to amend or modify these Terms without any prior permission or intimation to the User, and the User expressly agrees that any such amendments or modifications shall come into effect immediately. The User has a duty to periodically check the terms and stay updated on its requirements. If the User continues to use the App following such a change, the User will be deemed to have consented to any and all amendments/modifications made to the Terms. In so far as the User complies with these Terms, it is granted a personal, non-exclusive, non-transferable, revocable, limited privilege to access and use the App and the Services. If the User does not adhere to the changes, You must stop using the Services at once. Your continuous use of the Services will signify your acceptance of the changed terms.</li>\r\n	<li value=\"7\">The Services are licensed to you for your personal and non-commercial use only. Your use of the Services might be governed also by separate policies, as provided in connection with such services. We grant to you a limited, non-exclusive, non-sublicensable and non-transferable right to use only the executable version (no source code) of the Services application for your private use. The Services comprises the relevant application that enables you to use the Services. You affirm that you have not been previously suspended or removed from the Services. You may not sell or charge others for the right to use Your Account, or otherwise transfer Your Account.&nbsp;<br />\r\n	<br />\r\n	If you download an application for accessing the Services, You may not use such application for any purpose other than the permitted access to the Services. You understand that for reasons that include, without limitation, system security and stability, Services may need to automatically updated, pre-loaded, create new versions or otherwise enhance the application and accordingly, the system requirements to use the application may change over time.&nbsp;</li>\r\n</ol>\r\n\r\n<p>&nbsp;</p>\r\n\r\n<p style=\"margin-left:.25in;\">&nbsp;</p>\r\n\r\n<ol>\r\n	<li value=\"2\"><strong>REGISTRATION</strong></li>\r\n</ol>\r\n\r\n<p>&nbsp;</p>\r\n\r\n<p>Users who opt to register with us are required to provide the following information which shall include but not be limited to Users full name, date of birth, time of birth, place of birth, location, mailing address, email ID, contact number including their mobile number, gender, age, billing information, etc. The User is required to complete the registration formalities by providing additional details including but not limited to VAT/Service Tax/GSTN/Company Registration Proof, Address &amp; Identity Proof. The App may request other optional information, but the same shall be clearly indicated to be optional in nature.</p>\r\n\r\n<p>This information is used to provide Users with important services and information that may be customised to their demographic, interests, and desired experience.</p>\r\n\r\n<p>Use of the App is available only to those above the age of 18 years, barring those &ldquo;Incompetent to Contract&rdquo; which <em>inter alia </em>include insolvents. If you are a minor and wish to use the App as a User, You may do so through your legal guardian and the Company reserves the right to terminate your personal information on knowledge of you being a minor and having registered on the App or availing any of its Services.</p>\r\n\r\n<p>Further, at any time during Your use of the App, including but not limited to the time of providing your information, in the case that you provide us with false and/or inaccurate details or we have reason to believe you have done so, we hold the right to permanently suspend or discontinue services provided to you. You agree that you will take sole responsibility for any activities or actions under your relevant name and information, whether or not you have authorized such activities or actions. You will immediately notify us of any unauthorized use of your personal information.</p>\r\n\r\n<p>&nbsp;</p>\r\n\r\n<p>&nbsp;</p>\r\n\r\n<p>&nbsp;</p>\r\n\r\n<ol>\r\n	<li value=\"3\"><strong>SERVICE OVERVIEW</strong></li>\r\n</ol>\r\n\r\n<p>We provide astrological predictions and online consultations to Users to enable them to not only generate their birth charts, but also access predictions based on vedic astrology principles. The App provides video explainers for some of the combinations. Users can opt for a Tvam Premium Upgrade for which Users have to unlock the premium features of the App by opting for an upgrade through Google Playstore or Apple App store. Users can also opt for manual consultations for which Users have to pay through third party payment gateways (Paypal/Razorpay).</p>\r\n\r\n<p>We do not provide any services in relation to&nbsp;<a href=\"https://en.wikipedia.org/wiki/Black_magic\" title=\"Black magic\">black magic</a>,&nbsp;<a href=\"https://en.wikipedia.org/wiki/Human_sacrifice\" title=\"Human sacrifice\">human sacrifices</a>, use of&nbsp;<a href=\"https://en.wikipedia.org/wiki/Magic_(paranormal)\" title=\"Magic (paranormal)\">magic remedies</a>&nbsp;to cure ailments and/or other such acts which exploit people&#39;s&nbsp;<a href=\"https://en.wikipedia.org/wiki/Superstition\" title=\"Superstition\">superstitions</a>.</p>\r\n\r\n<p>&nbsp;</p>\r\n\r\n<p>&nbsp;</p>\r\n\r\n<ol>\r\n	<li value=\"4\"><strong>ELIGIBILITY</strong></li>\r\n</ol>\r\n\r\n<p>&nbsp;</p>\r\n\r\n<p>The User represents and warrants that they are competent and eligible to enter into legally binding agreements and that they have the requisite authority to bind themselves to these Terms, as determined by the provisions of the Indian Contract Act, 1872 and other relevant laws of India. The User may not use the App if they are not competent to contract under the Indian Contract Act, 1872, or are disqualified from doing so by any other applicable law, rule or regulation currently in force.</p>\r\n\r\n<p>&nbsp;</p>\r\n\r\n<ol>\r\n	<li value=\"5\"><strong>CONTENT</strong></li>\r\n</ol>\r\n\r\n<p>Your use of any information or materials on the App is entirely at your own risk, for which We shall not undertake any liability. It shall be your own responsibility to ensure that any services or information available through the App, meet your specific requirements.</p>\r\n\r\n<p>&nbsp;</p>\r\n\r\n<p>All text, graphics, user interfaces, visual interfaces, photographs, trademarks,&nbsp;logos, brand names, descriptions, sounds, music and artwork (collectively, &lsquo;Cnt&rsquo;), is generated/provided or based on information provided by third parties and We have no control and make no guarantees regarding the quality, the accuracy, integrity or genuineness of such Content. All the Content displayed on the App is subject to copyright and shall not be reused by any party (or third party) without the prior written consent of the Company and the copyright owner.</p>\r\n\r\n<p>The Content is based on religious beliefs and the User is solely responsible for the integrity, authenticity, quality and genuineness of the Content provided on the App and whilst feedback and comments by Users shall be made via the App, the App bears no liability whatsoever for any feedback or comments made by the Users or made in respect of any of the Content on the App. Further, the App reserves its right to suspend the personal information of any User for an indefinite period to be decided at the discretion of the App, or to terminate the personal information of any User who is found to have created or shared or submitted any Content or part thereof that is found to be untrue/inaccurate/misleading. The User shall be solely responsible for making good any financial or legal losses incurred through the creation/sharing/submission of Content or part thereof that is deemed to be untrue/inaccurate/misleading</p>\r\n\r\n<p>&nbsp;</p>\r\n\r\n<p>The Users have a personal, non-exclusive, non-transferable, revocable, limited privilege to access the Content on the App. Users shall not copy, adapt, and modify any Content without written permission of the Company.</p>\r\n\r\n<p>Unauthorised use of the App or App may give rise to a claim for damages and/or be a criminal offence. You shall solely bear the consequences arising out of the breach of any of the terms given above. Further We reserve exclusive rights to alter, modify, and delete any of the Contents without giving prior notice to any person.</p>\r\n\r\n<p>&nbsp;</p>\r\n\r\n<p>&nbsp;</p>\r\n\r\n<p>&nbsp;</p>\r\n\r\n<ol>\r\n	<li value=\"6\"><strong>TERM</strong></li>\r\n</ol>\r\n\r\n<p>These Terms shall continue to form a valid and binding contract between the Parties, and shall continue to be in full force and effect until the User continues to access and use the services and applications.</p>\r\n\r\n<p>A User may terminate their use of the services and applications at any time. The Company may terminate these Terms and close a User&rsquo;s personal information at any time without notice and/or suspend or terminate a User&rsquo;s access to the App at any time and for any reason, in its sole discretion. Such suspension or termination shall not limit our right to take any other action against you that we consider appropriate.&nbsp;</p>\r\n\r\n<p>It is also hereby declared that the Company may discontinue the services and applications without any prior notice.</p>\r\n\r\n<p>&nbsp;</p>\r\n\r\n<ol>\r\n	<li value=\"7\"><strong>TERMINATION</strong></li>\r\n</ol>\r\n\r\n<p>&nbsp;</p>\r\n\r\n<p>The Company reserves the right, in its sole discretion, to unilaterally terminate the User&rsquo;s access to the Services, or any portion thereof, at any time, without notice or cause. The App also reserve the universal right to deny access to particular Users, to any/all of its Services without any prior notice/explanation in order to protect the interests of the App and/or other visitors to the App. The App reserve the right to limit, deny or create different access to the App and its features with respect to different Users, or to change any of the features or introduce new features without prior notice. The User shall continue to be bound by these Terms, and it is expressly agreed to by the Parties that the User shall not have the right to terminate these Terms till the expiry of the same.</p>\r\n\r\n<p>&nbsp;</p>\r\n\r\n<p><strong><strong>8. COMMUNICATION</strong></strong></p>\r\n\r\n<p>By using this Services and Applications, and providing his/her identity and contact information to the Company through the App, the User hereby agrees and consents to receiving calls, auto-dialled and/or pre-recorded message calls, e-mails, Whatsapp messages and SMSs from the Company and/or any of its affiliates or partners at any time, subject to the Privacy Policy. In the event that the User wishes to stop receiving any such marketing, special offers or promotional calls/email messages/text messages, the User may unsubscribe via email at info@tvam.app . The User agrees and acknowledges that it may take up to fifteen (15) business days for the Company to give effect to such a request by the User. The user can contact for support for the application or services at info@tvam.app .</p>\r\n\r\n<p>&nbsp;</p>\r\n\r\n<p>The User expressly agrees that notwithstanding anything contained hereinabove, it may be contacted by the Company or any of its</p>\r\n\r\n<p>affiliates/partners relating to any service availed of by the User on the App or anything pursuant thereto and the User agrees to indemnify the Company from any and all harassment claims. It is expressly agreed to by the Parties that any information shared by the User with the Company shall be governed by the Privacy Policy.</p>\r\n\r\n<p>You shall give to Us correct personal and other information necessary for the use the Service. You shall inform Us of any changes to such information. Use of your personal and other information is governed by the Privacy Policy, which is incorporated herein by reference. We shall take appropriate online and physical measures to prevent unauthorised access to, improper use of and the reasonable accuracy of your personal data submitted to Us via the Service. We use various technologies, including, in certain instances, encryption, to ensure the high security standards. Any data that is stored on Our servers is not generally available to the public. However, the use of internet services always includes security risks. You shall be liable for all your own equipment, internet connectivity and software as well as that they do not cause harm to Us and/or third parties. You agree to not attempt to damage, hack, crack, reverse engineer, or otherwise interfere with the Services in any manner.&nbsp;</p>\r\n\r\n<p><strong><strong>9. CHARGES</strong></strong></p>\r\n\r\n<p><u>Service Charges </u></p>\r\n\r\n<p>Installation and access to the App are free for Users. except for providing predictions and consultations.</p>\r\n\r\n<p>For obtaining the predictions in the form of text, Users can opt for Tvam Premium Upgrade for which Users have to unlock the premium features of the App by opting for an upgrade through Google Playstore or Apple App store.</p>\r\n\r\n<p>Manual consultations are separate and are managed offline. Users shall be required to pay through third party payment gateways (Paypal/Razorpay) to avail of such consultations.</p>\r\n\r\n<p>&nbsp;</p>\r\n\r\n<p>&nbsp;We reserve the right to amend the charges for the services rendered. In case that happens, Users will be intimated of the same, and it will be up to you to decide whether or not you will continue with services offered by us. Such changes are effective as soon as you are notified or they are posted on the App, whichever is earlier.</p>\r\n\r\n<p>&nbsp;</p>\r\n\r\n<p><u>Payment Methods</u></p>\r\n\r\n<p>The Users acknowledge that one or more of the following modes of payment shall be accepted on the Mobile Apps:</p>\r\n\r\n<ol style=\"list-style-type:lower-alpha;\">\r\n	<li>Through credit cards</li>\r\n	<li>Through debit cards</li>\r\n	<li>Through internet banking</li>\r\n	<li>Paypal, Razorpay or other 3<sup>rd</sup> party payment service providers</li>\r\n</ol>\r\n\r\n<p>&nbsp;</p>\r\n\r\n<p>Google Playstore or Apple App store upgrade payments (&ldquo;<strong>Tvam Premium Upgrade</strong>&rdquo;).</p>\r\n\r\n<p>Payment shall be made directly to Google Playstore or Apple App store for the Tvam Premium Upgrade.</p>\r\n\r\n<p>The User/s acknowledges that a minimum of one of the above payment methods shall be offered on the App. The Users are solely responsible for the genuineness of credentials and payment information provided on the App and the App shall not be liable for any consequences, direct or indirect, resulting from the provision of incorrect or untrue credentials or payment information by any Users.</p>\r\n\r\n<p>Further, the App do not bear any liability for any activities, breaches, discrepancies or technical problems experienced by the Users whilst using any third-party payment gateway to make payments. The relationship between the Users and third-party payment gateway shall be governed by the Terms of Use and Privacy Policy of the said payment gateway, and the App shall not be associated with any dispute arising therefrom.</p>\r\n\r\n<h3>IN-APP PURCHASES [Note: please confirm.]</h3>\r\n\r\n<p>1. In the event, You desire to be a premium member with Us and avail of the Tvam Premium Upgrade, You will need to subscribe to Our auto-renewing periodic subscription through payments made directly to Google Playstore or Apple App store. If You purchase an auto-renewing periodic subscription through Google Playstore or Apple App store, Your account with the App will be billed continuously for the subscription until You terminate it as set forth below. After Your initial subscription period, and again after any subsequent subscription period, Your subscription will automatically renew for an additional equivalent period. If You do not wish your subscription to renew automatically, or if You want to change or terminate Your subscription, You will need to log in to Your App account and follow instructions to terminate or change Your subscription, even if You have deleted Your account.</p>\r\n\r\n<p>2. You agree to pay all fees and applicable taxes incurred by You or anyone using a&nbsp; Tvam account registered to You. We may revise the pricing for services offered through the Service at any time. All information that You provide in connection with a purchase or transaction or other monetary transaction interaction with the Service must be accurate, complete, and current. You agree to pay all charges incurred by Users of Your credit card, debit card, or other payment method used in connection with a purchase or transaction or other monetary transaction interaction with the Service at the prices in effect when such charges are incurred. You will pay any applicable taxes, if any, relating to any such purchases, transactions or other monetary transaction interactions.</p>\r\n\r\n<p>&nbsp;</p>\r\n\r\n<ol>\r\n	<li value=\"10\"><strong>Advertisements</strong></li>\r\n</ol>\r\n\r\n<p>We &nbsp;would like to inform You that anytime You click on links (including advertising banners), which take You to third party websites, You will be subject to the third parties&rsquo; privacy policies.</p>\r\n\r\n<p>Our App may contain links to other sites operated by third parties. The App may include advertisements, hyperlinks to other websites, applications, content or resources. We do not control such other sites and is not responsible for their content, their privacy policies, or their use of Personal Data, including any personal or financial information collected by Our third party payment processor to process payments for in-app purchases. Our inclusion of such links does not imply any endorsement of the content on such sites or of their owners or operators except as disclosed on the Services. Any information submitted by You directly to these third parties is subject to that third party&rsquo;s privacy policy.</p>\r\n\r\n<p>To the extent that We use third party advertisers, they adhere to their own privacy policies. Since We do not control the privacy policies of the third parties, You are subject to ask questions before You disclose Your personal information to others.</p>\r\n\r\n<p>&nbsp;</p>\r\n\r\n<p>You can opt-out of receiving personalized ads from advertisers and ad networks that are members of the Network Advertising Initiative (&ldquo;NAI&rdquo;) or who follow the DAA Self-Regulatory Principles for Online Behavioral Advertising using their respective opt-out tools. The NAI&#39;s opt-out tool can be found here&nbsp;<a href=\"http://www.networkadvertising.org/choices/\">http://www.networkadvertising.org/choices/</a>&nbsp;and the DAA&#39;s opt out tool can be found here&nbsp;<a href=\"http://www.aboutads.info/choices/\">http://www.aboutads.info/choices/</a>. In addition, Your mobile devices may offer settings that enable You to make choices about the collection, use, or transfer of mobile app information for online behavioral advertising (for example, Apple iOS&rsquo; Advertising ID and Google Android&rsquo;s Advertising ID). Please note that opting out does not prevent the display of all advertisements to You.</p>\r\n\r\n<p style=\"margin-left:28.35pt;\">&nbsp;</p>\r\n\r\n<ol>\r\n	<li value=\"11\"><strong>USER OBLIGATIONS AND FORMAL UNDERTAKINGS AS TO CONDUCT </strong></li>\r\n</ol>\r\n\r\n<p>The User agrees and acknowledges that they are a restricted User of this Apps, and that they:</p>\r\n\r\n<ol style=\"list-style-type:lower-alpha;\">\r\n	<li>Agree to provide genuine credentials during the process of registration on the App. You shall not use a fictitious identity to register.We are not liable if the User has provided incorrect information.</li>\r\n	<li>Agree to ensure the email address, address and mobile number provided during are valid at all times and shall keep your information accurate and up-to-date. The User can update their details anytime.</li>\r\n	<li>Agree that they are solely responsible for maintaining the confidentiality of your personal information. You agree to notify us immediately of any unauthorized use of your personal information.</li>\r\n	<li>Understand and acknowledge that the data submitted is manually entered in to the database of the App. The User also acknowledges the fact that data so entered into the database is for the purpose of easy and ready reference for the User, and to streamline the services through the App.</li>\r\n	<li>Authorize the App to use, store or otherwise process certain personal information and all published Content, Customer Purchases, Offer redemption&#39;s, Customer locations, User comments , reviews and ratings for personalization of offers, marketing and promotional purposes and for optimisation of User-related options and services..</li>\r\n	<li>Understand and agree that, to the fullest extent permissible by law, the App/Company and their successors and assigns, or any of their affiliates or their respective officers, directors, employees, agents, licensors, representatives, operational service providers, advertisers or suppliers shall not be liable for any loss or damage, of any kind, direct or indirect, in connection with or arising from use of the App or from this terms of use, including, but not limited to, compensatory, consequential, incidental, indirect, special or punitive damages.</li>\r\n	<li>Are bound not to cut, copy, modify, recreate, reverse engineer, distribute, disseminate, post, publish or create derivative works from, transfer, or sell any information or obtained from the App. Any such use/limited use of the App will only be allowed with the prior express written permission of the Company.</li>\r\n	<li>Agree not to access (or attempt to access) the App and/or the materials or services by any means other than through the interface provided by the App. The use of deep-link, robot, spider or other automatic device, program, algorithm or methodology, or any similar or equivalent manual process, to access, acquire, copy or monitor any portion of the App or its Content, or in any way reproduce or circumvent the navigational structure or presentation of the App, materials or any Content, or to obtain or attempt to obtain any materials, documents or information through any means not specifically made available through the App will lead to suspension or termination of the User&rsquo;s access to the App. The User acknowledges and agrees that by accessing or using the App or any of the Services provided therein, it may be exposed to Content that it may consider offensive, indecent or otherwise objectionable. The Company disclaims any and all liabilities arising in relation to such offensive Content on the App.</li>\r\n	<li>The User may report any offensive or objectionable Content, which the Company may then remove from the App, at its sole discretion.</li>\r\n	<li>The App permits the User to post, or upload data/information as User comments, feedback or reviews, and the User undertakes to ensure that such material is not offensive or objectionable, and is in accordance with applicable laws. The User expressly agrees that any such material that is deemed to be objectionable/offensive may be removed from the App immediately and without notice, and further that the User&rsquo;s access to the App may also be permanently revoked, at the sole discretion of the Company.</li>\r\n</ol>\r\n\r\n<p>&nbsp;</p>\r\n\r\n<p>The User further undertakes not to:</p>\r\n\r\n<p style=\"margin-left:.5in;\">&nbsp;</p>\r\n\r\n<ol style=\"list-style-type:lower-alpha;\">\r\n	<li>Abuse, harass, threaten, defame, disillusion, erode, abrogate, demean or otherwise violate the legal rights of any other person or entity;</li>\r\n	<li>Engage in any activity that interferes with or disrupts access to the App or the Services provided therein (or the servers and networks which are connected to the App);</li>\r\n	<li>Impersonate any person or entity, or falsely state or otherwise misrepresent his/her affiliation with a person or entity;</li>\r\n	<li>Publish, post, disseminate, any information which is grossly harmful, harassing, blasphemous, defamatory, obscene,&nbsp;pornographic, pedophilic, libelous, invasive of another&#39;s privacy, hateful, or racially, ethnically objectionable, disparaging, relating or encouraging money laundering or gambling, or otherwise unlawful in any manner whatever under any law, rule or regulation currently in force; or unlawfully threatening or unlawfully harassing including but not limited to &quot;indecent representation of women&quot; within the meaning of the Indecent Representation of Women (Prohibition) Act, 1986;</li>\r\n	<li>Post or share any image/file/data with the Company that infringes the copyright, patent or trademark of another person or legal entity;</li>\r\n	<li>Post or share any image/file/data with any third-parties or other Users that contains confidential information from any other User or without the express prior knowledge and consent of the respective User;</li>\r\n	<li>Upload or distribute files that contain viruses, corrupted files, or any other similar software or programs that may damage the operation of the App;</li>\r\n	<li>Download any file belonging to another User of the App that the User is aware, or should reasonably be aware, cannot be legally distributed in such a manner;</li>\r\n	<li>Probe, scan or test the vulnerability of the App or any network connected to the App, nor breach the security or authentication measures on the App or any network connected to the App. The User may not reverse look-up, trace or seek to trace any information relating to any other User of, or visitor to, the App, or any other viewer of the App, including any User personal information maintained on the App not operated/managed by the User, or exploit the App or information made available or offered by or through the App, in any manner;</li>\r\n	<li>Disrupt or interfere with the security of, or otherwise cause harm to, the App, systems resources, accounts, passwords, servers or networks connected to or accessible through the App or any affiliated or linked platforms;</li>\r\n	<li>Collect or store data about other Users of the App without their express consent;</li>\r\n	<li>Use the App or any material or Content therein for any purpose that is unlawful or prohibited by these Terms, or to solicit the performance of any illegal activity or other activity which infringes the rights of the App or any other third party (ies);</li>\r\n	<li>Violate any code of conduct or guideline which may be applicable for or to any particular service offered on the App;</li>\r\n	<li>Violate any applicable laws, rules or regulations currently in force within or outside India;</li>\r\n	<li>Violate any portion of these Terms or the Policy, including but not limited to any applicable additional terms of the App contained herein or elsewhere, whether made by amendment, modification, or otherwise;</li>\r\n	<li>Threaten the unity, integrity, defense, security or sovereignty of India, friendly relations with foreign states, or public Order, or cause incitement to the commission of any cognizable offence, or prevent the investigation of any offence, or insult any other nation.</li>\r\n	<li>Publish, post, or disseminate information that is false, inaccurate or misleading;</li>\r\n	<li>Directly or indirectly offer, attempt to offer, trade, or attempt to&nbsp;trade, any item the dealing of which is prohibited or restricted in any manner under the provisions of any applicable law, rule, regulation or guideline for the time being in force.</li>\r\n	<li>Commit any act that causes the Company to lose (in whole or in part) the services of its Internet Establishment (&quot;<strong>ISP</strong>&quot;) or in any manner disrupts the services of any other supplier/service provider of the Company/Apps;</li>\r\n	<li>Engage in advertising to, or solicitation of, other Users of the App to buy or sell any products or services not currently displayed on the App. The User may not transmit any chain letters or unsolicited commercial or junk email/messages to other Users via the App. It shall be a violation of these Terms to use any information obtained from the App to harass, abuse, or harm another person, or to contact, advertise to, solicit, or sell to another User of the App without the express prior written consent of the Company.</li>\r\n</ol>\r\n\r\n<p style=\"margin-left:.5in;\">&nbsp;</p>\r\n\r\n<p style=\"margin-left:.5in;\">The User hereby expressly authorizes the Company/Apps to disclose any and all information relating to the User in the possession of the Company/Apps to law enforcement or other government officials, as the Company may in its sole discretion, believe necessary or appropriate in connection with the investigation and/or resolution of possible crimes, especially those involve personal injury and theft/infringement of intellectual property. The User further understands that the Company/Apps might be directed to disclose any information (including the identity of persons providing information or materials on the App) as necessary to satisfy any judicial Order, law, regulation or valid governmental request.</p>\r\n\r\n<p style=\"margin-left:.5in;\">&nbsp;</p>\r\n\r\n<ol>\r\n	<li value=\"12\"><strong>SUSPENSION OF USER ACCESS AND ACTIVITY </strong></li>\r\n</ol>\r\n\r\n<p>&nbsp;</p>\r\n\r\n<p>Notwithstanding other legal remedies that may be available to it, the Company may in its sole discretion limit the User&rsquo;s access and/or activity by immediately removing the User&rsquo;s access credentials either temporarily or indefinitely, or suspend/terminate the User&rsquo;s association with the App, and/or refuse to usage of the App to the User, without being required to provide the User with notice or cause:</p>\r\n\r\n<ol style=\"list-style-type:lower-alpha;\">\r\n	<li>If the User is in breach any of these Terms or the Policy;</li>\r\n	<li>If the User has provided wrong, inaccurate, incomplete or incorrect information;</li>\r\n	<li>If the User&rsquo;s actions may cause any harm, damage or loss to the other Users or to the Company, at the sole discretion of the Company.</li>\r\n</ol>\r\n\r\n<p>&nbsp;</p>\r\n\r\n<ol>\r\n	<li value=\"13\"><strong>INDEMNITY </strong></li>\r\n</ol>\r\n\r\n<p>&nbsp;</p>\r\n\r\n<p>You (the User) agree to indemnify, defend and hold harmless the Company/Apps, its independent service providers and consultants, and their respective directors, officers, employees and agents (collectively, &quot;Parties&quot;), from and against any and all losses, liabilities, claims, damages, demands, costs and expenses (including legal fees and disbursements in connection therewith and interest chargeable thereon) (&ldquo;Loss&rdquo;) asserted against or incurred by us that arise out of, result from, or may be payable by virtue of, any misuse of this App or App, by you, any breach or non-performance of any representation, warranty, covenant or agreement made or obligation to be performed by You pursuant to these terms of use.</p>\r\n\r\n<p>&nbsp;</p>\r\n\r\n<p>&nbsp;</p>\r\n\r\n<p>Further, you agree to hold us harmless against any claims made by any third party due to, or arising out of, or in connection with:</p>\r\n\r\n<ol style=\"list-style-type:lower-alpha;\">\r\n	<li>Your use of the App,</li>\r\n	<li>Any Discussions or Messages you provide;</li>\r\n	<li>Your violation of these Terms and Conditions;</li>\r\n	<li>Your violation of any rights of another;</li>\r\n	<li>Your alleged improper conduct pursuant to these Services;</li>\r\n	<li>Your conduct in connection with the App;</li>\r\n	<li>Your internal disputes amongst other Users</li>\r\n</ol>\r\n\r\n<p style=\"margin-left:.25in;\">&nbsp;</p>\r\n\r\n<p>You agree to fully cooperate in indemnifying us at your expense.&nbsp;You also agree not to reach a settlement with any party without our consent.</p>\r\n\r\n<p>In no event shall the Company/Apps be liable to compensate the User or any third party for any special, incidental, indirect, consequential or punitive damages whatsoever, including those resulting from loss of use, data or profits, whether or not foreseeable, and whether or not the Company/ Apps had been advised of the possibility of such damages, or based on any theory of liability, including breach of contract or warranty, negligence or other tortuous action, or any other claim arising out of or in connection with the User&rsquo;s use of or access to the App and/or the services or materials contained therein.</p>\r\n\r\n<p>&nbsp;</p>\r\n\r\n<ol>\r\n	<li value=\"14\"><strong>LIMITATION OF LIABILITY</strong></li>\r\n</ol>\r\n\r\n<ol style=\"list-style-type:lower-alpha;\">\r\n	<li>The Founders/ Promoters/ Associated people of the App are not responsible for any consequences arising out of the following events:\r\n	<ol style=\"list-style-type:lower-roman;\">\r\n		<li>If the App is inoperative/non-responsive due to any connectivity errors associated with the internet connection such as but not limited to slow connectivity, no connectivity, server failure;</li>\r\n		<li>if the User has fed incorrect information or data or for any deletion of data;</li>\r\n		<li>if there is undue delay or inability to communicate through email;</li>\r\n		<li>if there is any deficiency or defect in the services provided by Us;</li>\r\n		<li>If there is a failure in the functioning of any other service provided by the App.</li>\r\n	</ol>\r\n	</li>\r\n</ol>\r\n\r\n<p>&nbsp;</p>\r\n\r\n<ol style=\"list-style-type:lower-alpha;\">\r\n	<li value=\"2\">The App accepts no liability for any errors or omissions, whether on behalf of itself or third parties, or for any damage caused to the User, the User&rsquo;s belongings, or to any third party, resulting from the use or misuse of the App or any service availed of by the User through the App. The service and any Content or material displayed on the service is provided without any guarantees, conditions or warranties as to its accuracy, suitability, completeness or reliability. The App will not be liable to you for the unavailability or failure of the App.</li>\r\n	<li value=\"3\">Users may be held legally responsible for damages suffered by other Users, the App or any third party as a result of legally actionable or defamatory comments, remarks, or other information or Content posted to the App.</li>\r\n	<li value=\"4\">Users are to comply with all laws applicable to them or to their activities, and with all Policies, which are hereby incorporated into this Agreement by reference.</li>\r\n	<li value=\"5\">The App expressly excludes any liability for any loss or damage that was not reasonably foreseeable by the App and which is incurred by you in connection with the App, including loss of profits; and any loss or damage incurred by you as a result of your breach of these terms.&nbsp;</li>\r\n	<li value=\"6\">To the fullest extent permitted by law, the App shall not be liable to you or any other party for any loss or damage, regardless of the form of action or basis of any claim. You acknowledge and agree that your sole and exclusive remedy for any dispute with us is to terminate your use of the App.</li>\r\n	<li value=\"7\">The information and astrological interpretations based on your order are for spiritual knowledge purposes only. By requesting services, products, advice or any information from Us you agree to take full responsibility for any and all consequences acted upon and decisions made in utilizing the information provided or recommendations made or advice given and agree to release Us from any and all liability with regards to all Content on the site, app, reports and advice received.</li>\r\n</ol>\r\n\r\n<p>&nbsp;</p>\r\n\r\n<ol>\r\n	<li value=\"15\"><strong>DISCLAIMER</strong></li>\r\n</ol>\r\n\r\n<p>&nbsp;</p>\r\n\r\n<p>The information published on the App in respect of services are for general information and reference purposes only, and are not intended to be of an authoritative nature under any circumstances. The facilities and Services are without any promises or guarantees on the same by the Company, and while certain information available on the App and Software is the property of the Company and the Company endeavours to keep the said information updated and accurate, the Company shall not make no representations or warranties of any kind, express or implied, about the completeness, accuracy, authenticity, reliability or suitability with respect to the information, products, services, or related graphics contained on the App for any purpose. Any reliance you place on such information is therefore strictly at your own risk.</p>\r\n\r\n<p>&nbsp;</p>\r\n\r\n<p>Astrology is guidance and you should seek other forms of advice for situations - never fully rely on astrology for an answer. This is spiritual knowledge that can only be realized subconsciously. No astrologer in the world including Us can predict and be 100% correct in their prediction.</p>\r\n\r\n<p>&nbsp;</p>\r\n\r\n<p>The consultations are handled by people who know astrology to a certain extent and may or may not have education or formal training on the subject. The guidance provided in the consultations and predictions should be verified by the User for correctness before actually being used. We do not proclaim accuracy of data which depends on our vendors and technology which is vulnerable to failures.</p>\r\n\r\n<p>&nbsp;</p>\r\n\r\n<p>The Company bears no responsibility whatsoever for any consequences arising from the use of the said services by Users. The use of the App/ App is the sole responsibility of the User (or legally authorised person on behalf of the User), and in case of any negligence on the part of the User in acting on the same shall not be construed as imposing any liability, direct or indirect, on the Company/Apps. The Company shall not be accountable for any information including but not limited to promotional offers, loyalty/rewards, redemptions which the User provides to its customers and the Company shall bear no responsibility towards legal and regulatory compliances of the same. The Company shall bear no responsibility towards reviews and ratings which the Customer provides to the User.</p>\r\n\r\n<p>&nbsp;</p>\r\n\r\n<p>Any and all advice provided to Users shall be for general information purposes only, and the final decision regarding which Services to avail of from the App shall be at the sole discretion of the User. The Company shall disclaim all responsibility and owns no liability to Users for any outcome (incidental, direct, indirect or otherwise) from the use of the Services. In no event will the Company be liable for any loss or damage including without limitation, indirect or consequential loss or damage, or any loss or damage whatsoever arising from loss of data or profits arise out of, or in connection with, the use of the App. Through this App you may be able to link to other Apps which are not under the control of the Company. We have no control over the nature, content and availability of those sites. The inclusion of any links does not necessarily imply a recommendation or endorse the views expressed within them. Every effort is made to keep the App up and running smoothly. However, the Company takes no responsibility for, and will not be liable for, the App being temporarily unavailable due to technical issues beyond our control.</p>\r\n\r\n<p>&nbsp;</p>\r\n\r\n<p>&nbsp;</p>\r\n\r\n<ol>\r\n	<li value=\"16\"><strong>INTELLECTUAL PROPERTY RIGHTS </strong></li>\r\n</ol>\r\n\r\n<p>&nbsp;</p>\r\n\r\n<p>Unless expressly agreed to in writing, nothing contained herein shall give the User a right to use any of the App&rsquo;s trade names, trademarks, service marks, logos, domain names, information, questions, answers, solutions, reports and other distinctive brand features, save according to the provisions of these Terms. All logos, trademarks, brand names, service marks, domain names, including material, designs, and graphics created by and developed by the App and other distinctive brand features of the App are the property of the Company or the respective copyright or trade mark owner. Furthermore, with respect to the App created by the Company, the Company shall be the exclusive owner of all the designs, graphics and the like, related to the App.</p>\r\n\r\n<p>&nbsp;</p>\r\n\r\n<p>The User may not use any of the intellectual property displayed on the App in any manner that is likely to cause confusion among existing or prospective Users of the App, or that in any manner disparages or discredits the Company/Apps, to be determined in the sole discretion of the Company.</p>\r\n\r\n<p>&nbsp;</p>\r\n\r\n<p>The User is aware all intellectual property, including but not limited to copyrights, relating to said services resides with the owners, and that at no point does any such intellectual property stand transferred from the aforementioned creators to the Company, or to any other User.</p>\r\n\r\n<p>&nbsp;</p>\r\n\r\n<p>The User is further aware that any reproduction or infringement of the intellectual property of the aforementioned owners by the User will result in legal action being initiated against the User by the respective owners of the intellectual property so reproduced/infringed upon. It is agreed to by the Parties that the contents of this Section shall survive even after the termination or expiry of the Terms and/or Policy.</p>\r\n\r\n<p>&nbsp;</p>\r\n\r\n<ol>\r\n	<li value=\"17\"><strong>DISCLAIMER OF WARRANTIES AND LIABILITIES</strong></li>\r\n</ol>\r\n\r\n<p style=\"margin-left:1.0in;\">&nbsp;</p>\r\n\r\n<ol style=\"list-style-type:lower-alpha;\">\r\n	<li>The User agrees and undertakes that they are accessing the App and transacting at their sole risk and are that they are using their best and prudent judgment before availing any service listed on the App, or accessing/using any information displayed thereon.&nbsp;</li>\r\n	<li>The User agrees that any kind of information, resources, activities, recommendations obtained/availed from the App, written or oral, will not create any warranty and the App disclaims all liabilities resulting from these. You are solely responsible for your communication/interaction with other Users on the App and the App doesn&rsquo;t make any warranty about the conduct of Users on the App.</li>\r\n	<li>The Company/App does not guarantee that the functions, products and services contained in the App will be uninterrupted or error-free, or that the App or its server will be free of viruses or other harmful components, and the User hereby expressly accepts any and all associated risks involved with the User&rsquo;s use of the App.</li>\r\n	<li>The App is and may avail services from third parties to serve You better and these services will be provided on &ldquo;as is&rdquo; basis and the App disclaims any liabilities resulting from these third party services. The App will not be responsible for any internet delays and damages caused by such problems.</li>\r\n	<li>It is further agreed to by the Parties that the contents of this Section shall survive even after the termination or expiry of the Terms and/or Policy</li>\r\n	<li>We make no warranties or representations regarding the accuracy or significance of any aspect of the App, social media channels or any materials from U and cannot be responsible for any interpretation or use that may be made of it.</li>\r\n</ol>\r\n\r\n<p style=\"margin-left:1.0in;\">&nbsp;</p>\r\n\r\n<p>&nbsp;</p>\r\n\r\n<ol>\r\n	<li value=\"18\"><strong>FORCE MAJEURE</strong></li>\r\n</ol>\r\n\r\n<p>Neither the Company nor the App shall be liable for damages for any delay or failure to perform its obligations hereunder if such delay or failure is due to cause beyond its control or without its fault or negligence, due to Force Majeure events including but not limited to acts of war, acts of God, terrorism, earthquake, flood, strike, riot, fire, explosion, festive activities sabotage, labor shortage or dispute, internet interruption, technical failure, breakage of sea cable, hacking, piracy, cheating, illegal or unauthorized acts, riot or other civil commotion, failure in transportation, act of any government or any court or administrative agency thereof, &nbsp;epidemics or quarantine restrictions, or other cause(s) beyond the reasonable control of Us (&ldquo;<strong>Force Majeure</strong>&rdquo;).&nbsp; &nbsp;Upon cessation of the cause of the Force Majeure, the Terms of Use given hereunder, shall again become fully operative.&nbsp;</p>\r\n\r\n<p>&nbsp;</p>\r\n\r\n<h1>19.DISPUTE RESOLUTION AND JURISDICTION</h1>\r\n\r\n<p>It is expressly agreed to by the Parties hereto that the formation, interpretation and performance of these Terms and any disputes arising there from will be resolved through a two-step Alternate Dispute Resolution (&ldquo;<strong>ADR</strong>&rdquo;) mechanism. It is further agreed to by the Parties that the contents of this Section shall survive even after the termination or expiry of the Terms and/or Policy.</p>\r\n\r\n<p>&nbsp;</p>\r\n\r\n<p style=\"margin-left:.25in;\">a. <strong>Mediation</strong>: In case of any dispute between the parties, the Parties will attempt to resolve the same amicably amongst themselves, to the mutual satisfaction of all Parties. In the event that the Parties are unable to reach such an amicable solution within thirty (30) days of one Party communicating the existence of a dispute to any other Party, the dispute will be resolved by arbitration, as detailed herein below;</p>\r\n\r\n<p style=\"margin-left:21.3pt;\">b. <strong>Arbitration</strong>: In the event that the Parties are unable to amicably resolve a dispute by mediation, said dispute will be referred to arbitration by a sole arbitrator to be appointed by the Company, and the award passed by such sole arbitrator will be valid and binding on all Parties. The Parties shall bear their own costs for the proceedings, although the sole arbitrator may, in his/her sole discretion, direct either Party to bear the entire cost of the proceedings. The arbitration shall be conducted in English, and the seat of Arbitration shall be Thane, India.</p>\r\n\r\n<p>c. The Parties expressly agree that the Terms, Policy and any other agreements entered into between the Parties are governed by the laws, rules and regulations of India.</p>\r\n\r\n<p>&nbsp;</p>\r\n\r\n<p>&nbsp;</p>\r\n\r\n<ol>\r\n	<li value=\"20\"><strong>NOTICES</strong></li>\r\n</ol>\r\n\r\n<p>&nbsp;</p>\r\n\r\n<p>Any and all communication relating to any dispute or grievance experienced by the User may be communicated to the Company by the User by emailing to :</p>\r\n\r\n<p>Mr. Saurabh Mohnot &ndash; Co-Founder Tvam App</p>\r\n\r\n<p>Address: A 2705 Parkwoods , Behind D Mart , GB Road , Thane West Maharashtra India</p>\r\n\r\n<p>Contact: +918928180588</p>\r\n\r\n<p>&nbsp;Email: info@tvam.app</p>\r\n\r\n<p>.</p>\r\n\r\n<p>&nbsp;</p>\r\n\r\n<ol>\r\n	<li value=\"21\"><strong>MISCELLANEOUS PROVISIONS</strong></li>\r\n</ol>\r\n\r\n<p style=\"margin-left:42.55pt;\">&nbsp;</p>\r\n\r\n<ol style=\"list-style-type:lower-alpha;\">\r\n	<li><strong>Entire Agreement</strong>: These Terms, read with the Policy, form the complete and final contract between the User and the Company with respect to the subject matter hereof and supersedes all other communications, representations and agreements (whether oral, written or otherwise) relating thereto.</li>\r\n	<li><strong>Waiver</strong>: The failure of either Party at any time to require performance of any provision of these Terms shall in no manner affect such Party&#39;s right at a later time to enforce the same. No waiver by either Party of any breach of these Terms, whether by conduct or otherwise, in any one or more instances, shall be deemed to be or construed as a further or continuing waiver of any such breach, or a waiver of any other breach of these Terms.</li>\r\n	<li><strong>Severability</strong>: If any provision/clause of these Terms is held to be invalid, illegal or unenforceable by any court or authority of competent jurisdiction, the validity, legality and enforceability of the remaining provisions/clauses of these Terms shall in no way be affected or impaired thereby, and each such provision/clause of these Terms shall be valid and enforceable to the fullest extent permitted by law. In such case, these Terms shall be reformed to the minimum extent necessary to correct any invalidity, illegality or unenforceability, while preserving to the maximum extent the original rights, intentions and commercial expectations of the Parties hereto, as expressed herein.</li>\r\n	<li>\r\n	<p>Registration is required as you have requested a service requiring us to save your astrological details to serve you.Registration will enable you to access your content from any of your iOS or Android device and provide you a way to register at any time, if you wish to later extend access to additional iOS/Android devices.Your subscription content will be available to all iOS/Android devices owned by you.Registration is optional and you can skip it using the Skip button&nbsp;</p>\r\n	</li>\r\n</ol>\r\n\r\n<p><strong>Contact Us</strong>: If you have any questions about this Agreement, the practices of this Apps, or your experience with the Service, you can contact us at : info@tvam.app</p>\r\n\r\n<p style=\"margin-left:42.55pt;\">&nbsp;</p>', '', '', '2019-02-14');
INSERT INTO `html_pages` (`page_id`, `pagecode`, `page_name`, `page_title`, `page_heading`, `page_subheading`, `page_text`, `meta_title`, `meta_description`, `dtdate`) VALUES
(2, 'privacy', 'Privacy', 'Privacy', 'Privacy Policy', '', '<p align=\"center\"><strong>PRIVACY POLICY</strong></p>\r\n\r\n<p>&nbsp;</p>\r\n\r\n<p>We, &#39;Tvam&#39; vedic astrology android and iOS mobile app (&ldquo;<strong>Mobile Apps</strong>&rdquo;) and the&nbsp; &#39;Tvam&#39; vedic astrology Web app, collectively referred to as (the <strong>&ldquo;App&rdquo;</strong>), trading under the name and style of &lsquo;Tvarita Technologies Private limited&rsquo; (hereinafter referred to as the &ldquo;Company&rdquo;) having its registered office aT A 2705, Parkwoods, Behind DMart, Ghodbunder Road, Thane Maharashtra, India, represented by its members, where such expression shall, unless repugnant to the context thereof, be deemed to include its respective legal heirs, representatives, administrators, permitted successors and assigns. The creator of this Privacy Policy ensures steady commitment to Your privacy with regard to the protection of your invaluable information. This privacy policy contains information about the App In order to provide You with Our uninterrupted use of services, We may collect and, in some circumstances, disclose information about you with your permission. To ensure better protection of Your privacy, We provide this notice explaining Our information collection and disclosure policies, and the choices You make about the way Your information is collected and used.</p>\r\n\r\n<p>&nbsp;</p>\r\n\r\n<p>ANY CAPITALIZED WORDS USED HENCEFORTH SHALL HAVE THE MEANING ACCORDED TO THEM UNDER THIS AGREEMENT. FURTHER, ALL HEADING USED HEREIN ARE ONLY FOR THE PURPOSE OF ARRANGING THE VARIOUS PROVISIONS OF THE AGREEMENT IN ANY MANNER. NEITHER THE USER NOR THE CREATERS OF THIS PRIVACY POLICY MAY USE THE HEADING TO INTERPRET THE PROVISIONS CONTAINED WITHIN IT IN ANY MANNER.</p>\r\n\r\n<p>&nbsp;</p>\r\n\r\n<ol>\r\n	<li><strong>DEFINITIONS:</strong></li>\r\n</ol>\r\n\r\n<ol style=\"list-style-type:lower-alpha;\">\r\n	<li>&ldquo;We&rdquo;, &ldquo;Our&rdquo;, and &ldquo;Us&rdquo; shall mean and refer to the creators of this privacy policy.</li>\r\n	<li>&ldquo;You&rdquo;, &ldquo;Your&rdquo;, &ldquo;Yourself&rdquo; and &ldquo;User&rdquo; shall mean and refer to natural and legal individuals who use the App.</li>\r\n	<li>&ldquo;Personal Information&rdquo; shall mean and refer to any personally identifiable &nbsp;&nbsp;&nbsp;&nbsp;&nbsp;&nbsp;&nbsp; information that We may collect from You. For removal of any doubts, please refer to &nbsp;&nbsp;Clause 2.</li>\r\n	<li>&ldquo;Third Parties&rdquo; refer to any app, company or individual apart from the User &nbsp;&nbsp;&nbsp;&nbsp;&nbsp;&nbsp; and the creator of this App.</li>\r\n</ol>\r\n\r\n<p>&nbsp;</p>\r\n\r\n<ol>\r\n	<li value=\"2\"><strong>INFORMATION WE COLLECT</strong></li>\r\n</ol>\r\n\r\n<p>We are committed to respecting Your online privacy. We further recognize Your need for appropriate protection and management of any Personal Information You share with us. We may collect the following information:</p>\r\n\r\n<ol style=\"list-style-type:lower-alpha;\">\r\n	<li>Personal data such as, but not limited to, Name, Location, Gender, Password, Email ID, Date of birth,&nbsp;&nbsp;&nbsp;&nbsp;&nbsp;&nbsp; time of birth, place of birth, Mobile Number, Google, Facebook ID etc.</li>\r\n	<li>Tracking Information such as, but not limited to the IP address of your device &nbsp; and Device ID when connected to the Internet. [This information may include &nbsp;&nbsp;&nbsp; the URL that you just came from (whether this URL is on the App or not), &nbsp;&nbsp;&nbsp;&nbsp;&nbsp;&nbsp;&nbsp;&nbsp;&nbsp; which URL you next go to (whether this URL is on the App or not), your &nbsp;&nbsp;&nbsp; computer browser information, and other information associated with your &nbsp;&nbsp;&nbsp;&nbsp;&nbsp;&nbsp;&nbsp;&nbsp;&nbsp;&nbsp;&nbsp; interaction with the Site.]</li>\r\n	<li>Details of App usage for analytics.</li>\r\n</ol>\r\n\r\n<p>&nbsp;</p>\r\n\r\n<p>This privacy policy also applies to data we collect from users who are not registered as members of this site, including, but not limited to, browsing behaviour, pages viewed etc. We also collect and store personal information provided by you from time to time on the Site. We only collect and use such information from you that we consider necessary for achieving a seamless, efficient and safe experience, customized to your needs including:</p>\r\n\r\n<ol style=\"list-style-type:lower-alpha;\">\r\n	<li>To enable the provision of services opted for by you;</li>\r\n	<li>To communicate necessary account and service related information from time to time;</li>\r\n	<li>To allow you to receive quality customer care services;</li>\r\n	<li>To comply with applicable laws, rules and regulations</li>\r\n</ol>\r\n\r\n<p>&nbsp;</p>\r\n\r\n<p>Where any service requested by you involves a third party, such information as is reasonably necessary by the Company to carry out your service request may be shared with such third party.</p>\r\n\r\n<p>We also do use your contact information to send you offers based on your interests and prior activity. The Company may also use contact information internally to direct its efforts for service improvement, but shall immediately delete all such information upon withdrawal of your consent for the same through our &lsquo;unsubscribe&rsquo; through an email to be sent to info@tvam.app.</p>\r\n\r\n<p>&nbsp;</p>\r\n\r\n<p>We collect and store your search details on the App, including your search history, the usage of the App and the features and time you have used the App for.<br />\r\nWe are committed to keeping all such sensitive data/information safe at all times and ensure that such data/information is only transacted over secure Site of approved payment gateways which are digitally encrypted, and provide the highest possible degree of care available under the technology presently in use. We shall collect and store all such information in our internal Company servers for a finite period time, as long as you are a User of the App, and shall immediately delete all such information upon expiry of your Usership. We shall also delete all aforementioned communication upon withdrawal of Usership of any single Party to the communication.</p>\r\n\r\n<p>&nbsp;</p>\r\n\r\n<p>The Company will not use your financial information for any purpose other than to complete a transaction with you. To the extent possible, we provide you the option of not divulging any specific information that you wish for us not to collect, store or use. You may also choose not to use a particular service or feature on the Site, and opt out of any non-essential communications from the App.</p>\r\n\r\n<p>&nbsp;</p>\r\n\r\n<p>Further, transacting over the internet has inherent risks which can only be avoided by you following security practices yourself, such as not revealing account/login related information to any other person and informing our customer care team about any suspicious activity or where your account has/may have been compromised.</p>\r\n\r\n<p>&nbsp;</p>\r\n\r\n<p>At every stage prior to, during or after information collection, you have the right to access all personally identifiable information provided, rectify or alter all personally identifiable information provided, restrict the level of information to be retained as per your sole discretion and object to the retention, use and potential disclosure of the personally identifiable information.</p>\r\n\r\n<p>&nbsp;</p>\r\n\r\n<ol>\r\n	<li value=\"3\"><strong>OUR USE OF YOUR INFORMATION</strong></li>\r\n</ol>\r\n\r\n<p>The information provided by You shall be used to</p>\r\n\r\n<ol style=\"list-style-type:lower-alpha;\">\r\n	<li>Contact You when necessary and is also used for targeted marketing campaigns &nbsp;&nbsp;&nbsp;&nbsp; i.e. email marketing, etc., to conduct surveys, learn more about You by linking Your data with additional data &nbsp;&nbsp;&nbsp;&nbsp;&nbsp;&nbsp;&nbsp; through third-party data providers or analyzing the data with the help of &nbsp;&nbsp;&nbsp;&nbsp;&nbsp;&nbsp;&nbsp;&nbsp;&nbsp;&nbsp;&nbsp; analytics service providers;</li>\r\n	<li>Improve and develop new products, services, and features;</li>\r\n	<li>Analyze purchase, usage and traffic data.</li>\r\n</ol>\r\n\r\n<p>&nbsp;</p>\r\n\r\n<p>For more details about the nature of such communications, please refer to our Terms of Service. Further, Your personal data and Sensitive Personal data may be collected and stored by Us for internal record.</p>\r\n\r\n<p>We use Your tracking information such as IP addresses, and or Device ID to help identify you and to gather broad demographic information. We will not sell, license or trade Your personal information. We will not share your personal information with others unless they are acting under our instructions or we are required to do so by law.</p>\r\n\r\n<p>Information collected via Our server logs includes users&#39; IP addresses and the pages visited; this will be used to manage the web system and troubleshoot problems. We also use third-party analytics, tracking, optimization and targeting tools to understand how users engage with our App so that we can improve it and cater personalized content/ads according to their preferences.</p>\r\n\r\n<p>&nbsp;</p>\r\n\r\n<ol>\r\n	<li value=\"4\"><strong>HOW INFORMATION IS COLLECTED</strong></li>\r\n</ol>\r\n\r\n<p>Before or at the time of collecting personal information, we will identify the purposes for which information is being collected. If the same is not identified to you, you have the right to request the Company to elucidate the purpose of collection of said personal information, pending fulfilment of which you shall not be mandated to disclose any information whatsoever.</p>\r\n\r\n<p>&nbsp;</p>\r\n\r\n<p>We will collect and use your personal information solely with the objective of fulfilling those purposes specified by us including but not limited to during the times of placing reviews and ratings for service providers by you, within the scope of consent of the individual concerned or as required by law. We will only retain personal information as long as necessary for the fulfilment of those purposes. We will collect personal information by lawful and fair means and with the knowledge and consent of the individual concerned.</p>\r\n\r\n<p>&nbsp;</p>\r\n\r\n<p>Personal data should be relevant to the purposes for which it is to be used, and, to the extent necessary for those purposes, should be accurate, complete, and up-to-date.</p>\r\n\r\n<p>&nbsp;</p>\r\n\r\n<ol>\r\n	<li value=\"5\"><strong>COOKIES</strong></li>\r\n</ol>\r\n\r\n<p>We use data collection devices such as &ldquo;cookies&rdquo; on certain pages of our Apps. &ldquo;Cookies&rdquo; are small files sited on your hard drive that assist us in providing customized services. We also offer certain features that are only available through the use of a &ldquo;cookie&rdquo;. Cookies can also help us provide information, which is targeted to your interests. Cookies may be used to identify logged in or registered users. Our App uses session cookies to ensure that you have a good experience. These cookies contain a unique number, your &#39;session ID&#39;, which allows our server to recognize your computer and &#39;remember&#39; what you&#39;ve done on the site. The benefits of this are:</p>\r\n\r\n<ol style=\"list-style-type:lower-alpha;\">\r\n	<li>You only need to log in once if you&#39;re navigating secure areas of the site</li>\r\n	<li>Our server can distinguish between your computer and other users, so you can &nbsp;&nbsp;&nbsp;&nbsp;&nbsp;&nbsp;&nbsp;&nbsp;&nbsp;&nbsp;&nbsp; see the information that you have requested.</li>\r\n</ol>\r\n\r\n<p>You can choose to accept or decline cookies by modifying your browser settings if you prefer. This may prevent you from taking full advantage of the App. We also use various third-party cookies for usage, behavioral, analytics and preferences data. The following are the different types of Cookies used on the App:<br />\r\n&nbsp;</p>\r\n\r\n<ol style=\"list-style-type:lower-alpha;\">\r\n	<li><strong>Authentication cookies</strong>: To identify the user and share the content that he &nbsp;&nbsp; or she requested for.</li>\r\n	<li><strong>Functionality cookies</strong>: For customized user experience and resuming past &nbsp;&nbsp;&nbsp; course progress.</li>\r\n	<li><strong>Tracking, optimization and targeting cookies</strong>: To capture usage metric &nbsp;&nbsp;&nbsp;&nbsp; on device, operating system, browser etc. To capture behavioral metrics for &nbsp;&nbsp; better content delivery. To cater and suggest most suited products and &nbsp;&nbsp;&nbsp;&nbsp;&nbsp;&nbsp;&nbsp;&nbsp;&nbsp;&nbsp; services.<br />\r\n	&nbsp;\r\n	<ol>\r\n		<li value=\"6\"><strong>GOOGLE ANALYTICS</strong></li>\r\n	</ol>\r\n	</li>\r\n</ol>\r\n\r\n<p>We use Google Analytics to help us to understand how you make use of Our content and work out how we can make things better. These cookies follow your progress through our App, collecting anonymous data on where you have come from, which pages you visit, and how long you spend on the site. This data is then stored by Google in order to create reports. These cookies do not store your personal data.</p>\r\n\r\n<p>&nbsp;</p>\r\n\r\n<p>The information generated by the cookie about your use of the App, including your IP address, may be transmitted to and stored by Google on servers in the United States. Google may use this information for the purpose of evaluating your use of the App, compiling reports on App activity for us and providing other services relating to App activity and internet usage. Google may also transfer this information to third parties where required to do so by law, or where such third parties process the information on Google&#39;s behalf. Google will not associate your IP address with any other data held by Google. By using this App, you consent to the processing of data about you by Google in the manner and for the purposes set out above.</p>\r\n\r\n<p>&nbsp;</p>\r\n\r\n<p>The Google App contains further information about&nbsp;<a href=\"http://www.google.com/intl/en/analytics/privacyoverview.html\">Analytics</a>&nbsp;and a copy of&nbsp;<a href=\"http://www.google.com/intl/en/privacypolicy.html\">Google&#39;s privacy policy pages.</a></p>\r\n\r\n<p>&nbsp;</p>\r\n\r\n<ol>\r\n	<li value=\"7\"><strong>EXTERNAL LINKS ON THE APP</strong></li>\r\n</ol>\r\n\r\n<p>The App may include advertisements, hyperlinks to other Apps, applications, content or resources. We have no control over any Apps or resources, which are provided by companies or persons other than Us. You acknowledge and agree that We are not responsible for the availability of any such external sites or resources, and do not endorse any advertising, services/products or other materials on or available from such Apps or resources. You acknowledge and agree that We are not liable for any loss or damage which may be incurred by you as a result of the availability of those external sites or resources, or as a result of any reliance placed by you on the completeness, accuracy or existence of any advertising, products or other materials on, or available from, such Apps or resources. These external Apps and resource providers may have their own privacy policies governing the collection, storage, retention and disclosure of Your Personal Information that You may be subject to. We recommend that You enter the external App and review their privacy policy.</p>\r\n\r\n<p>&nbsp;</p>\r\n\r\n<ol>\r\n	<li value=\"8\"><strong>YOUR RIGHTS</strong></li>\r\n</ol>\r\n\r\n<p>Unless subject to an exemption, you have the following rights with respect to your personal data:</p>\r\n\r\n<ol style=\"list-style-type:lower-alpha;\">\r\n	<li>The right to request a copy of your personal data which we hold about you;</li>\r\n	<li>The right to request for any correction to any personal data if it is found to be &nbsp;&nbsp; inaccurate or out of date;&nbsp;</li>\r\n	<li>The right to withdraw Your consent to the processing at any time;</li>\r\n	<li>The right to object to the processing of personal data;</li>\r\n	<li>The right to lodge a complaint with a supervisory authority</li>\r\n	<li>The right to obtain information as to whether personal data are transferred to a third country or to an international organization.</li>\r\n</ol>\r\n\r\n<p>&nbsp;</p>\r\n\r\n<ol>\r\n	<li value=\"9\"><strong>CONFIDENTIALITY</strong></li>\r\n</ol>\r\n\r\n<p>You further acknowledge that the App may contain information which is designated confidential by Us and that you shall not disclose such information without our prior written consent. Your information is regarded as confidential and therefore will not be divulged to any third party, unless if legally required to do so to the appropriate authorities. We will not sell, share, or rent your personal information to any third party or use your e-mail address for unsolicited mail. Any emails sent by us will only be in connection with the provision of agreed services, and you retain sole discretion to seek for discontinuation of such communications at any point of time.</p>\r\n\r\n<p>&nbsp;</p>\r\n\r\n<ol>\r\n	<li value=\"10\"><strong>OTHER INFORMATION COLLECTORS</strong></li>\r\n</ol>\r\n\r\n<p>Except as otherwise expressly included in this Privacy Policy, this document only addresses the use and disclosure of information we collect from you. To the extent that you disclose your information to other parties, whether they are on our Apps or on other sites throughout the Internet, different rules may apply to their use or disclosure of the information you disclose to them. To the extent that we use third party advertisers, they adhere to their own privacy policies. Since we do not control the privacy policies of the third parties, you are subject to ask questions before you disclose your personal information to others.</p>\r\n\r\n<p>&nbsp;</p>\r\n\r\n<ol>\r\n	<li value=\"11\"><strong>OUR DISCLOSURE OF YOUR INFORMATION</strong></li>\r\n</ol>\r\n\r\n<p>Due to the existing regulatory environment, we cannot ensure that all of your private communications and other personally identifiable information will never be disclosed in ways not otherwise described in this Privacy Policy. By way of example (without limiting and foregoing), we may be forced to disclose information to the government, law enforcement agencies or third parties. Therefore, although we use industry standard practices to protect your privacy, we do not promise, and you should not expect, that your personally identifiable information or private communications would always remain private. We do, however assure you that any and all disclosure of your personally identifiable information shall be personally intimated to you through an email sent to your provided email address.</p>\r\n\r\n<p>As a matter of policy, we do not sell or rent any personally identifiable information about you to any third party. However, the following describes some of the ways that your personally identifiable information may be disclosed:</p>\r\n\r\n<p>a. External Service Providers: There may be a number of services offered by external service providers that help you use our Apps. If you choose to use these optional services, and in the course of doing so, we shall disclose Personal Information to the external service providers, and/or grant them permission to collect information about you, subject to their use of your information being governed by their privacy policy. We are not liable for the acts and omissions of these third parties.</p>\r\n\r\n<p>b. Non-Personal Information: We may share non-personal information (such as anonymous User usage data, referring / exit pages and URLs, platform types, asset views, number of clicks, etc.) with interested third-parties to assist them in understanding the usage patterns for certain content, services, advertisements, promotions, and/or functionality of the Services. In exceptional circumstances Personal Information may be disclosed to third parties if required under any applicable law or regulation or order by competent authorities, or in order to enforce the Terms and Conditions of the Services and to investigate possible infringing use of the Services as well as to guarantee safety of the Services. We may share Your information in connection with any merger, sale of our assets, or a financing or acquisition of all or a portion of our business. Aggregate or anonymous information about You may be shared with advertisers, publishers, business partners, and other Third Parties.</p>\r\n\r\n<p>c. Transfer of informaion : Your acknowledge and agree that Cosmic Insights may host the Services in and transfer information for this purpose to countries outside India or Asia in accordance with mandatory legislation and this Privacy Policy.&nbsp;</p>\r\n\r\n<p>d. Law and Order: We cooperate with law enforcement inquiries, as well as other third parties to enforce laws, such as: intellectual property rights, fraud and other rights. We can (and you authorize us to) disclose any information about you to law enforcement and other government officials as we, in our sole discretion, believe necessary or appropriate, in connection with an investigation of fraud, intellectual property infringements, or other activity that is illegal or may expose us or you to legal liability.</p>\r\n\r\n<p>e. Targeted in service marketing : The Personal Information might be used for targeted in- service marketing and other similar purposes, and upon Your consent, to email marketing by You.</p>\r\n\r\n<p>&nbsp;</p>\r\n\r\n<p>&nbsp;</p>\r\n\r\n<ol>\r\n	<li value=\"12\"><strong>ACCESSING, REVIEWING AND CHANGING YOUR PROFILE</strong></li>\r\n</ol>\r\n\r\n<p>Following registration, You can review and change the information You submitted at the stage of registration, except Email ID. An option for facilitating such change shall be present on the App and such change shall be facilitated by the User. If You change any information, We may or may not keep track of Your old information. We will not retain in our files information you have requested to remove for certain circumstances, such as to resolve disputes, troubleshoot problems and enforce our terms and conditions. Such prior information shall be completely removed from our databases, including stored &lsquo;back up&rsquo; systems. If you believe that any information we are holding on you is incorrect or incomplete, or to remove Your profile so that others cannot view it, the User needs to remediate, and promptly correct any such incorrect information.</p>\r\n\r\n<p>&nbsp;</p>\r\n\r\n<ol>\r\n	<li value=\"13\"><strong>SECURITY</strong></li>\r\n</ol>\r\n\r\n<p>We treat data as an asset that must be protected against loss and unauthorized access. We employ many different security techniques to protect such data from unauthorized access by members inside and outside the Company. We follow generally accepted industry standards to protect the Personal Information submitted to Us and information that we have accessed.</p>\r\n\r\n<p>&nbsp;</p>\r\n\r\n<ol>\r\n	<li value=\"14\"><strong>SEVERABILITY</strong></li>\r\n</ol>\r\n\r\n<p>Each paragraph of this privacy policy shall be and remain separate from and independent of and severable from all and any other paragraphs herein except where otherwise expressly indicated or indicated by the context of the agreement. The decision or declaration that one or more of the paragraphs are null and void shall have no effect on the remaining paragraphs of this privacy policy.</p>\r\n\r\n<p>&nbsp;</p>\r\n\r\n<ol>\r\n	<li value=\"15\"><strong>AMENDMENT</strong></li>\r\n</ol>\r\n\r\n<p>Our Privacy Policy may change from time to time. The most current version of the policy will govern our use of your information and will always be at the App.</p>\r\n\r\n<p>&nbsp;</p>\r\n\r\n<ol>\r\n	<li value=\"16\"><strong>AUTOMATED DECISION MAKING</strong></li>\r\n</ol>\r\n\r\n<p>As a responsible company, we do not use automatic decision-making or profiling.</p>\r\n\r\n<p>&nbsp;</p>\r\n\r\n<ol>\r\n	<li value=\"17\"><strong>CONSENT WITHDRA</strong><strong>WAL, DATA DOWNLOAD &amp; DATA REMOVAL REQUESTS</strong></li>\r\n</ol>\r\n\r\n<p>To withdraw your consent, or to request the download or delete your data with us for any or all our products &amp; services at any time, please email to info@tvam.app from your registered email address.</p>\r\n\r\n<p>&nbsp;</p>\r\n\r\n<ol>\r\n	<li value=\"18\"><strong>CONTACT US</strong></li>\r\n</ol>\r\n\r\n<p>If you have any questions or concerns regarding this privacy policy, you should contact us by sending an e-mail to info@tvam.app.</p>\r\n\r\n<p>&nbsp;</p>\r\n\r\n<p>&nbsp;</p>', '', '', '2019-02-04'),
(3, 'aboutus', 'aboutus', 'AboutUs', 'AboutUs', '', '<p><br font-size:=\"\" helvetica=\"\" style=\"color: rgb(85, 85, 85); font-family: \" />\r\n<span font-size:=\"\" helvetica=\"\" style=\"color: rgb(85, 85, 85); font-family: \"><strong>Tvam&reg; ( à¤¤à¥à¤µà¤®à¥ )</strong> is the smartest astrology app in the world that elegantly combines presents the essentials of your life aspects through vedic astrology kundli along with the interpretations and videos. Dasha change notifications , 24/7 Live chat support ,Clickable planets , Clickable houses and much more.</span><br font-size:=\"\" helvetica=\"\" style=\"color: rgb(85, 85, 85); font-family: \" />\r\n<br font-size:=\"\" helvetica=\"\" style=\"color: rgb(85, 85, 85); font-family: \" />\r\n<em><span font-size:=\"\" helvetica=\"\" style=\"color: rgb(85, 85, 85); font-family: \">Graha snapshot to help you view all retrograde , vargottam,combust, yogakaraka,Exalted, Debilitated, Mool Trikona &amp; planets in own house.Easy dasha calendar with planet state.</span></em><br font-size:=\"\" helvetica=\"\" style=\"color: rgb(85, 85, 85); font-family: \" />\r\n<br font-size:=\"\" helvetica=\"\" style=\"color: rgb(85, 85, 85); font-family: \" />\r\n<span font-size:=\"\" helvetica=\"\" style=\"color: rgb(85, 85, 85); font-family: \">The app is integrated with unique video&rsquo;s for each of your interpretation to help you understand your kundali &amp; life through the lenses of vedic astrology</span><br font-size:=\"\" helvetica=\"\" style=\"color: rgb(85, 85, 85); font-family: \" />\r\n<br font-size:=\"\" helvetica=\"\" style=\"color: rgb(85, 85, 85); font-family: \" />\r\n<span font-size:=\"\" helvetica=\"\" style=\"color: rgb(85, 85, 85); font-family: \">Features :</span><br font-size:=\"\" helvetica=\"\" style=\"color: rgb(85, 85, 85); font-family: \" />\r\n<br font-size:=\"\" helvetica=\"\" style=\"color: rgb(85, 85, 85); font-family: \" />\r\n<span font-size:=\"\" helvetica=\"\" style=\"color: rgb(85, 85, 85); font-family: \">&bull; Clickable planets: Click a planet to know what it signifies and what it means in your chart and life.</span><br font-size:=\"\" helvetica=\"\" style=\"color: rgb(85, 85, 85); font-family: \" />\r\n<span font-size:=\"\" helvetica=\"\" style=\"color: rgb(85, 85, 85); font-family: \">&bull; Toggle between North &amp; south Indian charts easily.</span><br font-size:=\"\" helvetica=\"\" style=\"color: rgb(85, 85, 85); font-family: \" />\r\n<span font-size:=\"\" helvetica=\"\" style=\"color: rgb(85, 85, 85); font-family: \">&bull; Save unlimited kundalis and matches</span><br font-size:=\"\" helvetica=\"\" style=\"color: rgb(85, 85, 85); font-family: \" />\r\n<span font-size:=\"\" helvetica=\"\" style=\"color: rgb(85, 85, 85); font-family: \">&bull; Get your vimshottari dasha change notification and plan your period accordingly.</span><br font-size:=\"\" helvetica=\"\" style=\"color: rgb(85, 85, 85); font-family: \" />\r\n<span font-size:=\"\" helvetica=\"\" style=\"color: rgb(85, 85, 85); font-family: \">&bull; Clickable houses: Click a planet to know what it signifies and what it means in your chart and life.</span><br font-size:=\"\" helvetica=\"\" style=\"color: rgb(85, 85, 85); font-family: \" />\r\n<span font-size:=\"\" helvetica=\"\" style=\"color: rgb(85, 85, 85); font-family: \">&bull; All major charts : D1 , Chalit , Sun , Moon , D9, D2, D3,D4,D5,D7,D8,D12,D16,D20,D24,D27,D30,D40,D45,D60</span><br font-size:=\"\" helvetica=\"\" style=\"color: rgb(85, 85, 85); font-family: \" />\r\n<span font-size:=\"\" helvetica=\"\" style=\"color: rgb(85, 85, 85); font-family: \">&bull; Single snapshot view of all retrograde , vargottam,combust, yogakaraka,Exalted, Debilitated, Mool Trikona &amp; planets in own sign.</span><br font-size:=\"\" helvetica=\"\" style=\"color: rgb(85, 85, 85); font-family: \" />\r\n<span font-size:=\"\" helvetica=\"\" style=\"color: rgb(85, 85, 85); font-family: \">&bull; Nakshatra interpretations</span><br font-size:=\"\" helvetica=\"\" style=\"color: rgb(85, 85, 85); font-family: \" />\r\n<span font-size:=\"\" helvetica=\"\" style=\"color: rgb(85, 85, 85); font-family: \">&bull; Ascendant interpretation</span><br font-size:=\"\" helvetica=\"\" style=\"color: rgb(85, 85, 85); font-family: \" />\r\n<span font-size:=\"\" helvetica=\"\" style=\"color: rgb(85, 85, 85); font-family: \">&bull; Elegant Vimshottari Dasha with planet state alongside (retrograde , vargottam,combust, yogakaraka,Exalted, Debilitated, Mool Trikona or Own)&nbsp;</span><br font-size:=\"\" helvetica=\"\" style=\"color: rgb(85, 85, 85); font-family: \" />\r\n<span font-size:=\"\" helvetica=\"\" style=\"color: rgb(85, 85, 85); font-family: \">&bull; Ashtakoota Match Making</span><br font-size:=\"\" helvetica=\"\" style=\"color: rgb(85, 85, 85); font-family: \" />\r\n<span font-size:=\"\" helvetica=\"\" style=\"color: rgb(85, 85, 85); font-family: \">&bull; 24/7 Live chat support</span><br font-size:=\"\" helvetica=\"\" style=\"color: rgb(85, 85, 85); font-family: \" />\r\n<span font-size:=\"\" helvetica=\"\" style=\"color: rgb(85, 85, 85); font-family: \">&bull; Tvam&reg; consultations : Customized handwritten detailed reports curated for you.</span></p>', '', '', '2019-05-06'),
(4, 'refund', 'refund', 'refund', 'refund', '', '<p>&nbsp;</p>\r\n\r\n<p>&nbsp;</p>\r\n\r\n<p align=\"center\"><strong>REFUNDS AND CANCELLATIONS POLICY</strong></p>\r\n\r\n<p align=\"center\">&nbsp;</p>\r\n\r\n<p>For the purpose of this Refunds and Cancellations Policy, wherever the context so requires,</p>\r\n\r\n<p>&nbsp;</p>\r\n\r\n<ol style=\"list-style-type:lower-roman;\">\r\n	<li>The term <strong>&lsquo;You&rsquo; &amp; &lsquo;User&rsquo;, </strong>shall mean any legal person or entity accessing or using the Services provided on the &#39;Tvam&#39; android and iOS mobile app (collectively,&nbsp;<strong>&ldquo;App&rdquo;</strong>) and who is competent to enter into binding contracts, as per the laws of India.</li>\r\n	<li>The terms <strong>&lsquo;We&rsquo;</strong>, <strong>&lsquo;Us&rsquo;</strong>, <strong>&lsquo;Our&rsquo; </strong>shall mean Tvarita Technologies Private limited (the &ldquo;<strong>Company</strong>&rdquo;), as the context so requires<strong>.</strong></li>\r\n	<li>The term &lsquo;Service&rsquo; shall mean the service of providing astrological predictions and online consultations to Users to enable them to not only generate their birth charts, but also access predictions based on vedic astrology principles. The App provides video explainers for some of the combinations.</li>\r\n</ol>\r\n\r\n<p style=\"margin-left:1.0in;\">&nbsp;</p>\r\n\r\n<p>Users can opt for a Tvam Premium Upgrade for which Users have to unlock the premium features of the App by opting for an upgrade through Google Playstore or Apple App store. Users can also opt for manual consultations for which Users have to pay through third party payment gateways.</p>\r\n\r\n<p>&nbsp;</p>\r\n\r\n<p>&nbsp;</p>\r\n\r\n<p>We vouch for our Services at Tvarita and your satisfaction with Our Services is of primary importance to Us. &nbsp;Physical goods are not sold by Us and all products sold by Us are in digital form based on live consultations. We want you to note that astrology is just a guidance and not a science, our predictions therefore like any other astrologer in the world cannot be 100 % accurate and we cannot guarantee to you satisfaction of our predictions.</p>\r\n\r\n<p>&nbsp;</p>\r\n\r\n<p>&nbsp;</p>\r\n\r\n<p>&nbsp;</p>\r\n\r\n<p>Therefore, except for the circumstances mentioned in the following sentence, we do not accept refunds under any circumstances from Users. (A) In the event however, there are multiple orders placed by You by mistake we shall refund the duplicate amounts transferred by You to Us by mistake; (B) We, retain the right to decline an order at Our sole discretion and in such cases refunds shall be initiated by Us.</p>\r\n\r\n<p>&nbsp;</p>\r\n\r\n<p>In - app purchases</p>\r\n\r\n<p>&nbsp;</p>\r\n\r\n<p>1. In the event, You desire to be a premium member with Us and avail of the Tvam Premium Upgrade, You will need to subscribe to Our auto-renewing periodic subscription through payments made directly to Google Playstore or Apple App store. If You purchase an auto-renewing periodic subscription through Google Playstore or Apple App store, Your account with the App will be billed continuously for the subscription until You terminate it as set forth below. After Your initial subscription period, and again after any subsequent subscription period, Your subscription will automatically renew for an additional equivalent period. If You do not wish your subscription to renew automatically, or if You want to change or terminate Your subscription, You will need to log in to Your App account and follow instructions to terminate or change Your subscription, even if You have deleted Your account.</p>\r\n\r\n<p>2. You agree to pay all fees and applicable taxes incurred by You or anyone using a&nbsp; Tvam account registered to You. We may revise the pricing for services offered through the Service at any time. All information that You provide in connection with a purchase or transaction or other monetary transaction interaction with the Service must be accurate, complete, and current. You agree to pay all charges incurred by Users of Your credit card, debit card, or other payment method used in connection with a purchase or transaction or other monetary transaction interaction with the Service at the prices in effect when such charges are incurred. You will pay any applicable taxes, if any, relating to any such purchases, transactions or other monetary transaction interactions.</p>\r\n\r\n<p>&nbsp;</p>\r\n\r\n<p>&nbsp;</p>\r\n\r\n<p>Consultations</p>\r\n\r\n<p>&nbsp;</p>\r\n\r\n<p>Refunds shall however be subject to transactional cost deduction and may vary upon user location, the payment method and the refund policy of the third party payment gateway chosen by the User (&ldquo;<strong>Payment Gateway</strong>&rdquo;). The Company strives to make such refunds to the Users within 7 (seven) to 10 (ten) business days of the Company initiating the refund for reasons mentioned in the paragraph above, however the timeline within which the refunds shall actually be made to the User&rsquo;s bank account, depends solely on the Payment Gateway.&nbsp;</p>\r\n\r\n<p>&nbsp;</p>\r\n\r\n<p>We request you to consider your purchase with consideration. We also request you to verify all data entered by you on our Website and/or App with consideration.</p>\r\n\r\n<p>&nbsp;</p>\r\n\r\n<p>Our astrological reports are manually generated by Us. The timelines therefore provided are an approximate. We endeavour to adhere by them but at times there could be a delay on our part. Without prejudice to the above, please note that refunds shall not be provided to you under any circumstances due to any delay on our part.</p>\r\n\r\n<p>&nbsp;</p>\r\n\r\n<p>In the event of any issues faced by You in relation to refunds, please email Us at info@tvam.app</p>\r\n\r\n<p>&nbsp;</p>\r\n\r\n<p>&nbsp;</p>', '', '', '2019-02-04'),
(5, 'helptext', 'Help text', 'Helptext', 'Helptext', '', '<p><strong style=\"margin: 0px; padding: 0px; color: rgb(0, 0, 0); font-family: \'Open Sans\', Arial, sans-serif; font-size: 14px; line-height: 20px; text-align: justify;\">Lorem Ipsum</strong><span style=\"color: rgb(0, 0, 0); font-family: \'Open Sans\', Arial, sans-serif; font-size: 14px; line-height: 20px; text-align: justify;\">&nbsp;is simply dummy text of the printing and typesetting industry. Lorem Ipsum has been the industry&#39;s standard dummy text ever since the 1500s, when an unknown printer took a galley of type and scrambled it to make a type specimen book. It has survived not only five centuries, but also the leap into electronic typesetting, remaining essentially unchanged. It was popularised in the 1960s with the release of Letraset sheets containing Lorem Ipsum passages, and more recently with desktop publishing software like Aldus PageMaker including versions of Lorem Ipsum.</span></p>', '', '', '2019-01-21'),
(6, 'foundermessage', 'Founder Message', 'Appreciate your Trust', 'Founder Message1', '', '<p><strong style=\"margin: 0px; padding: 0px; color: rgb(0, 0, 0); font-family: \'Open Sans\', Arial, sans-serif; font-size: 14px; line-height: 20px; text-align: justify;\">Lorem Ipsum</strong><span style=\"color: rgb(0, 0, 0); font-family: \'Open Sans\', Arial, sans-serif; font-size: 14px; line-height: 20px; text-align: justify;\">&nbsp;is simply dummy text of the printing and typesetting industry. Lorem Ipsum has been the industry&#39;s standard dummy text ever since the 1500s, when an unknown printer took a galley of type and scrambled it to make a type specimen book. It has survived not only five centuries, but also the leap into electronic typesetting, remaining essentially unchanged. It was popularised in the 1960s with the release of Letraset sheets containing Lorem Ipsum passages, and more recently with desktop publishing software like Aldus PageMaker including versions of Lorem Ipsum.</span></p>', '', '', '2024-08-02'),
(7, 'vedicastrology', 'Vedic Astrology', 'Vedic Astrology', 'Vedic Astrology', '', '<p>Vedic Astrology, also known as Jyotish, is an ancient system of astrology that originated in India thousands of years ago. The term &#39;Vedic&#39; comes from the word &#39;Vedas,&#39; which translates to the oldest sacred text of Hinduism and serves as the ultimate basis of the astrology system. The term &#39;Jyotish&#39; is derived from Sanskrit, referring to the &#39;science of light,&#39; highlighting its focus on the influence of celestial bodies on the lives of human beings.</p>\r\n\r\n<p><br />\r\nThe primary difference between Vedic astrology and Western astrology lies in how they track the planets&#39; locations.</p>\r\n\r\n<p>&nbsp;</p>', '', '', '2024-10-08');

-- --------------------------------------------------------

--
-- Table structure for table `invoice_master`
--

CREATE TABLE `invoice_master` (
  `id` int NOT NULL,
  `invoice_no` int NOT NULL,
  `dtdate` date NOT NULL,
  `user_id` int NOT NULL,
  `user_type` tinyint NOT NULL COMMENT '1 For User, 2 For Astrologer',
  `currency` tinyint(1) NOT NULL COMMENT '1 for INR, 2 For USD',
  `sub_total` float(8,2) NOT NULL,
  `gst` float(8,2) NOT NULL,
  `total_amount` float(8,2) NOT NULL,
  `invoice_type` enum('WALLET','REPORT','SUBSCRIPTION') DEFAULT NULL,
  `ref_no` int NOT NULL
) ENGINE=MyISAM DEFAULT CHARSET=utf8mb4 COLLATE=utf8mb4_0900_ai_ci;

-- --------------------------------------------------------

--
-- Table structure for table `karmic_debt_numbers`
--

CREATE TABLE `karmic_debt_numbers` (
  `id` int NOT NULL,
  `karmin_debt_no` mediumint NOT NULL,
  `key_point_no` smallint NOT NULL COMMENT 'primary key from numerology key points',
  `description` text NOT NULL,
  `no_match` text CHARACTER SET utf8mb4 COLLATE utf8mb4_general_ci NOT NULL
) ENGINE=InnoDB DEFAULT CHARSET=utf8mb3;

--
-- Dumping data for table `karmic_debt_numbers`
--

INSERT INTO `karmic_debt_numbers` (`id`, `karmin_debt_no`, `key_point_no`, `description`, `no_match`) VALUES
(1, 13, 1, 'b', 'no match  13'),
(2, 13, 2, 'ef', ''),
(3, 13, 3, '', ''),
(4, 13, 4, '', ''),
(5, 13, 5, '', ''),
(6, 14, 1, 'a14', 'no match 14'),
(7, 14, 2, 'b14', ''),
(8, 14, 3, 'c14', ''),
(9, 14, 4, 'd14', ''),
(10, 14, 5, 'e14', ''),
(11, 16, 1, '', ''),
(12, 16, 2, '', ''),
(13, 16, 3, '', ''),
(14, 16, 4, '', ''),
(15, 16, 5, '', ''),
(16, 19, 1, '', ''),
(17, 19, 2, '', ''),
(18, 19, 3, '', ''),
(19, 19, 4, '', ''),
(20, 19, 5, '', '');

-- --------------------------------------------------------

--
-- Table structure for table `karmic_lessons`
--

CREATE TABLE `karmic_lessons` (
  `id` int NOT NULL,
  `number` smallint NOT NULL,
  `description` text CHARACTER SET utf8mb4 COLLATE utf8mb4_0900_ai_ci NOT NULL,
  `no_match` text CHARACTER SET utf8mb4 COLLATE utf8mb4_general_ci
) ENGINE=InnoDB DEFAULT CHARSET=utf8mb4 COLLATE=utf8mb4_general_ci;

--
-- Dumping data for table `karmic_lessons`
--

INSERT INTO `karmic_lessons` (`id`, `number`, `description`, `no_match`) VALUES
(1, 1, '', ''),
(2, 2, '', ''),
(3, 3, '', ''),
(4, 4, '', ''),
(5, 5, '', ''),
(6, 6, '', ''),
(7, 7, '', ''),
(8, 8, '', ''),
(9, 9, '', '');

-- --------------------------------------------------------

--
-- Table structure for table `languages`
--

CREATE TABLE `languages` (
  `id` int NOT NULL,
  `name` varchar(20) CHARACTER SET utf8mb3 COLLATE utf8mb3_general_ci NOT NULL,
  `local_name` varchar(50) CHARACTER SET utf8mb3 COLLATE utf8mb3_general_ci NOT NULL,
  `locale` varchar(20) CHARACTER SET utf8mb3 COLLATE utf8mb3_general_ci NOT NULL,
  `status` tinyint(1) NOT NULL DEFAULT '1',
  `created_at` datetime NOT NULL,
  `updated_at` datetime NOT NULL
) ENGINE=InnoDB DEFAULT CHARSET=utf8mb4 COLLATE=utf8mb4_0900_ai_ci;

--
-- Dumping data for table `languages`
--

INSERT INTO `languages` (`id`, `name`, `local_name`, `locale`, `status`, `created_at`, `updated_at`) VALUES
(1, 'english', 'English', 'en', 1, '2019-05-08 06:00:00', '2019-05-09 00:00:00'),
(2, 'french', 'Française', 'fr', 1, '2019-05-15 06:00:00', '2019-05-16 04:00:00'),
(4, 'russian', 'Pусский', 'ru', 1, '0000-00-00 00:00:00', '0000-00-00 00:00:00'),
(5, 'chinese', '中文', 'zh', 1, '2019-07-24 00:00:00', '2019-07-24 00:00:00'),
(6, 'spanish', 'Española', 'es', 1, '2019-07-24 00:00:00', '2019-07-24 00:00:00'),
(7, 'hindi', 'हिन्दी', 'hi', 1, '0000-00-00 00:00:00', '0000-00-00 00:00:00'),
(8, 'bengali', 'বাংলা', 'bn', 1, '2019-07-24 00:00:00', '2019-07-24 00:00:00'),
(9, 'telugu', 'తెలుగు', 'te', 1, '2019-07-24 00:00:00', '2019-07-24 00:00:00'),
(10, 'tamil', 'தமிழ்', 'ta', 1, '2019-07-24 00:00:00', '2019-07-24 00:00:00'),
(11, 'marathi', 'मराठी', 'mr', 1, '2019-07-24 00:00:00', '2019-07-24 00:00:00'),
(12, 'kannada', 'ಕನ್ನಡ', 'kn', 1, '2019-07-24 00:00:00', '0000-00-00 00:00:00'),
(13, 'malayalam', 'മലയാളം', 'ml', 1, '2019-07-24 00:00:00', '2019-07-24 00:00:00'),
(14, 'gujarati', 'ગુજરાતી', 'gu', 1, '2019-07-24 00:00:00', '2019-07-24 00:00:00'),
(15, 'nepali', 'नेपाली', 'ne', 1, '2019-07-24 00:00:00', '2019-07-24 00:00:00');

-- --------------------------------------------------------

--
-- Table structure for table `lang_app_menu`
--

CREATE TABLE `lang_app_menu` (
  `id` int NOT NULL,
  `main_menu_id` int NOT NULL,
  `sub_menu_id` int NOT NULL DEFAULT '-1',
  `full_name` varchar(512) CHARACTER SET utf8mb4 COLLATE utf8mb4_0900_ai_ci NOT NULL,
  `name` varchar(512) CHARACTER SET utf8mb4 COLLATE utf8mb4_0900_ai_ci NOT NULL,
  `lang_type` varchar(2) CHARACTER SET utf8mb4 COLLATE utf8mb4_0900_ai_ci NOT NULL,
  `header_text` text NOT NULL
) ENGINE=InnoDB DEFAULT CHARSET=utf8mb3;

--
-- Dumping data for table `lang_app_menu`
--

INSERT INTO `lang_app_menu` (`id`, `main_menu_id`, `sub_menu_id`, `full_name`, `name`, `lang_type`, `header_text`) VALUES
(2, 2, -1, 'Year Prediction', 'Year 2025 Predictions', 'en', ''),
(3, 3, -1, 'Year Prediction', 'Year 2025 Predictions', 'en', ''),
(5, 5, -1, 'Gemstone & Remedies', 'Remedies + Gemstones', 'en', ''),
(7, 2, -1, 'Year Prediction', 'जीवन विश्लेषण', 'hi', ''),
(8, 3, -1, 'Year Prediction', 'वर्ष 2025 आपके लिए', 'hi', ''),
(10, 5, -1, 'Gemstone & Remedies', 'उपाय और रत्न', 'hi', ''),
(12, 2, -1, 'Life Predictions', 'ജീവിത വിശകലനം', 'ml', ''),
(13, 3, -1, 'Year Prediction', 'നിങ്ങൾക്കായി 2024 വർഷം', 'ml', ''),
(15, 5, -1, 'Gemstone & Remedies', 'പരിഹാരങ്ങൾ', 'ml', ''),
(17, 2, -1, 'Year Prediction', 'Analyse de vie', 'fr', ''),
(18, 3, -1, 'Year Prediction', 'Année 2025 pour vous', 'fr', ''),
(20, 5, -1, 'Gemstone & Remedies', 'Remèdes et gemmes', 'fr', ''),
(22, 2, -1, 'Life Predictions', 'जीवन विश्लेषण', 'ne', ''),
(23, 3, -1, 'Year Prediction', 'तपाईंको लागि वर्ष 2024', 'ne', ''),
(25, 5, -1, 'Gemstone & Remedies', 'उपाय र रत्न ', 'ne', ''),
(26, 5, -1, 'Gemstone & Remedies', '补救措施和宝石', 'zh', ''),
(28, 3, -1, 'Year Prediction', '2024 年给你', 'zh', ''),
(29, 2, -1, 'Life Predictions', '寿命分析', 'zh', ''),
(31, 2, 15, 'Personality', 'व्यक्तित्व', 'hi', ''),
(32, 2, 16, 'Professional life', 'व्यावसायिक जीवन', 'hi', ''),
(33, 2, 17, 'Love Life and Marriage', 'प्रेम और वैवाहिक जीवन', 'hi', ''),
(34, 2, 18, 'Wealth', 'संपत्ति', 'hi', ''),
(35, 2, 19, 'Favorable/Unfavorable Periods', 'आपके जीवन की सर्वश्रेष्ठ अवधि', 'hi', ''),
(36, 2, 20, 'Manglik Dosha', 'मांगलिक दोष', 'hi', ''),
(37, 2, 21, 'Kaal Sarpa Dosha', 'काल सर्प दोष', 'hi', '❁❁❁❁❁❁❁❁❁❁❁❁\r\nकाल सर्प दोष क्या है\r\n❁❁❁❁❁❁❁❁❁❁❁❁\r\n\r\nकिसी भी कुंडली में राहु और केतु 180 डिग्री रेखा बनाते हैं और एक दूसरे से सात घर दूर होते हैं। जब सभी ग्रह इन 7 घरों (राहु और केतु के बीच) में आते हैं और शेष पांच घर खाली होते हैं, तो इसे काल सर्प दोष कहा जाता है।\r\n\r\nतो अनिवार्य रूप से जब कुंडली में काल सर्प दोष होता है, तो सभी ग्रह राहु और केतु के बीच सीमित हो जाते हैं। यह ग्रहों की आपके जीवन में सकारात्मक परिणाम लाने की क्षमता को सीमित करता है।\r\n\r\nकालसर्प दोष बारह प्रकार के होते हैं:\r\n\r\nअनंत, कुलिका, वासुकी, शंखपाल, पद्म, महापद्म, तक्षक, कर्कोटक, शंखचूर, घटक, विशधर और शेष नाग।\r\n\r\nयह एक दुर्लभ दोष है और वैदिक ज्योतिष में अत्यधिक अशुभ माना जाता है। यह दोष विवाह, करियर, वित्त, स्वास्थ्य, बच्चों आदि सहित जीवन में बहुत सारे संघर्षों का कारण बनता है।'),
(38, 2, 22, 'Pitra Dosha', 'पितृ दोष', 'hi', '❁❁❁❁❁❁❁❁❁❁❁❁\r\nपितृ दोष क्या है\r\n❁❁❁❁❁❁❁❁❁❁❁❁\r\n\r\nवैदिक ज्योतिष में पितृ दोष वह कर्म ऋण है जो आपके पूर्वजों द्वारा आपको दिया जाता है। आपके पूर्वजों के कर्म आपको इस पितृ श्राप से पीड़ित कर सकते हैं।\r\n\r\nजिस तरह से आप अपने पूर्वजों से संपत्ति और धन प्राप्त करते हैं, वैसे ही आपको उनके बुरे कर्म भी विरासत में मिलते हैं जो कुंडली में स्पष्ट रूप से इंगित होते हैं। अगली पीढ़ी का यह कर्तव्य है कि वह या तो कर्म के नियम के अनुसार दंड वहन करके ऋण का भुगतान करे।\r\n\r\nवैकल्पिक रूप से, अच्छे कर्म करके और इस तरह सजा की डिग्री को कम करके इस ऋण को कम किया जा सकता है।\r\n\r\nयदि इनमें से एक या अधिक ज्योतिषीय संयोजन सत्य हैं तो पितृ दोष बनता है:\r\n\r\nराहु, केतु या शनि, चंद्रमा या सूर्य के साथ युति बना रहे हैं\r\n\r\nया तो राहु या केतु नवम भाव के स्वामी या पंचम भाव के स्वामी के साथ युति बना रहे हैं\r\n\r\nराहु, केतु या शनि नवम या पंचम भाव में हो\r\n\r\nपितृ दोष का नकारात्मक प्रभाव दोष बनाने वाले ग्रहों और उस घर पर भी निर्भर करता है जिसमें पितृ दोष बनता है। आप इस अशुभ दोष के उपाय ऐप के उपाय अनुभाग में देख सकते हैं।\r\n\r\n वैकल्पिक रूप से, यदि आप चाहते हैं कि हम आपकी कुंडली को ध्यान से पढ़ें और आपको व्यक्तिगत समाधान प्रदान करें तो आप ऐप के संस्थापक के साथ टेलीफोन पर परामर्श का विकल्प चुन सकते हैं।'),
(39, 3, 24, 'Transits this Month', '2024 के गोचर ', 'hi', ''),
(40, 3, 25, 'Career', 'व्यावसायिक जीवन 2025 में', 'hi', ''),
(41, 3, 26, 'Love Life', 'प्रेम और वैवाहिक जीवन 2024 में', 'hi', ''),
(42, 3, 27, 'Wealth', '2024 में वित्तीय जीवन', 'hi', ''),
(43, 3, 28, 'Favorable/Unfavorable Days', '2024 के शुभ और अशुभ दिन', 'hi', ''),
(44, 3, 29, 'Tips for the Month', '2024 के लिए टिप्स', 'hi', ''),
(46, 3, 24, 'Transits this Month', '2024 ના ગોચર', 'gu', ''),
(47, 3, 25, 'Career', '2024 માં કારકિર્દી', 'gu', ''),
(48, 3, 26, 'Love Life', '2024 માં  પ્રેમ અને લગ્ન જીવન', 'gu', ''),
(49, 3, 27, 'Wealth', '2024 માં નાણાકીય જીવન', 'gu', ''),
(50, 3, 28, 'Favorable/Unfavorable Days', '2024 માટે શુભ અને અશુભ સમયગાળો', 'gu', ''),
(51, 3, 29, 'Tips for the Month', '2024 માટે ટિપ્સ', 'gu', ''),
(78, 5, 36, 'Life GemStone', 'Life GemStone', 'en', ''),
(79, 5, 37, 'Lucky GemStone', 'Lucky GemStone', 'en', ''),
(80, 5, 38, 'Rudraksha', 'Rudraksha', 'en', ''),
(81, 5, 39, 'Lucky Mantra', 'Lucky Mantra', 'en', ''),
(82, 5, 40, 'Havan / Puja Recommended', 'Havan/Puja Remedies', 'en', ''),
(83, 5, 41, 'General Remedies', 'General Remedies', 'en', ''),
(84, 5, 42, 'Sade Sati Remedies', 'Lucky Colors', 'en', ''),
(85, 5, 43, 'Kaal Sarp Remedies', 'Kaal Sarp Remedies', 'en', ''),
(86, 5, 44, 'Pitra Dosha Remedies', 'Pitra Dosha Remedies', 'en', ''),
(103, 2, -1, 'Life Predictions', 'Анализ жизни', 'ru', ''),
(105, 3, -1, 'Year Prediction', '2024 год для вас', 'ru', ''),
(106, 5, -1, 'Gemstone & Remedies', 'драгоценный камень', 'ru', ''),
(121, 5, 36, 'Life GemStone', 'Pierre précieuse de vie', 'fr', ''),
(122, 5, 37, 'Lucky GemStone', 'Pierre porte-bonheur', 'fr', ''),
(123, 5, 38, 'Rudraksha', 'Chanceux Rudraksha', 'fr', ''),
(124, 5, 39, 'Lucky Mantra', 'Chant de la chance', 'fr', ''),
(125, 5, 40, 'Havan / Puja Recommended', 'Offrande / remède d\'adoration', 'fr', ''),
(126, 5, 41, 'General Remedies', 'L\'affliction de Saturne - remèdes', 'fr', ''),
(127, 5, 42, 'Sade Sati Remedies', 'Couleurs chanceuses', 'fr', ''),
(128, 5, 43, 'Kaal Sarp Remedies', 'Kaal Sarp - L\'Affliction du Serpent - Remèdes', 'fr', ''),
(129, 5, 44, 'Pitra Dosha Remedies', 'Pitra Dosh - L\'Affliction des Ancêtres - Remèdes', 'fr', ''),
(132, 2, -1, 'Life Predictions', 'Análisis de vida', 'es', ''),
(133, 5, 36, 'Life GemStone', 'Камень Жизни', 'ru', ''),
(134, 5, 37, 'Lucky GemStone', 'Удачный камень', 'ru', ''),
(135, 5, 38, 'Rudraksha', 'Удачливая рудракша', 'ru', ''),
(136, 5, 39, 'Lucky Mantra', 'Удачный напев', 'ru', ''),
(137, 5, 40, 'Havan / Puja Recommended', 'Гаван / средство поклонения', 'ru', ''),
(138, 5, 41, 'General Remedies', 'Бедствие Сатурна - Средства', 'ru', ''),
(139, 5, 42, 'Sade Sati Remedies', 'Счастливые цвета', 'ru', ''),
(140, 5, 43, 'Kaal Sarp Remedies', 'Каал Сарп, Змеиный недуг - Средства', 'ru', ''),
(141, 5, 44, 'Pitra Dosha Remedies', 'Питра Дош - Болезнь предков - Средства', 'ru', ''),
(142, 5, 49, '', '', 'ru', ''),
(143, 3, -1, 'Year Prediction', 'Año 2024 para ti', 'es', ''),
(145, 5, -1, 'Gemstone & Remedies', 'Remedios y gemas', 'es', ''),
(153, 5, 36, 'Life GemStone', '生命宝石', 'zh', ''),
(154, 5, 37, 'Lucky GemStone', '幸运宝石', 'zh', ''),
(155, 5, 38, 'Rudraksha', '幸运种子', 'zh', ''),
(156, 5, 39, 'Lucky Mantra', '幸运颂', 'zh', ''),
(157, 5, 40, 'Havan / Puja Recommended', '供奉/敬拜疗法', 'zh', ''),
(158, 5, 41, 'General Remedies', '土星苦难 - 补救措施', 'zh', ''),
(159, 5, 42, 'Sade Sati Remedies', '幸运色', 'zh', ''),
(160, 5, 43, 'Kaal Sarp Remedies', '卡尔·萨普，蛇之苦难 - 补救措施', 'zh', ''),
(161, 5, 44, 'Pitra Dosha Remedies', '祖先的苦难 - 补救措施', 'zh', ''),
(163, 5, 36, 'Life GemStone', 'Piedra preciosa de la vida', 'es', ''),
(164, 5, 37, 'Lucky GemStone', 'Gema de la suerte', 'es', ''),
(165, 5, 38, 'Rudraksha', 'Rudraksha afortunada', 'es', ''),
(166, 5, 39, 'Lucky Mantra', 'Canto de la suerte', 'es', ''),
(167, 5, 40, 'Havan / Puja Recommended', 'Remedio de ofrenda / adoración', 'es', ''),
(168, 5, 41, 'General Remedies', 'Aflicción de Saturno - remedios', 'es', ''),
(169, 5, 42, 'Sade Sati Remedies', 'Colores de la suerte', 'es', ''),
(170, 5, 43, 'Kaal Sarp Remedies', 'Kaal Sarp, La aflicción de la serpiente - Remedios', 'es', ''),
(171, 5, 44, 'Pitra Dosha Remedies', 'Pitra Dosh, La aflicción de los antepasados - Remedios', 'es', ''),
(172, 5, 49, '', '', 'es', ''),
(173, 5, 36, 'Life GemStone', 'जीवन रत्न', 'hi', ''),
(174, 5, 37, 'Lucky GemStone', 'भाग्यशाली रत्न', 'hi', ''),
(175, 5, 38, 'Rudraksha', 'रुद्राक्ष', 'hi', ''),
(176, 5, 39, 'Lucky Mantra', 'भाग्यशाली मंत्र', 'hi', ''),
(177, 5, 40, 'Havan / Puja Recommended', 'हवन/पूजा उपाय', 'hi', ''),
(178, 5, 41, 'General Remedies', 'उपाय', 'hi', ''),
(179, 5, 42, 'Sade Sati Remedies', 'भाग्यशाली रंग', 'hi', ''),
(180, 5, 43, 'Kaal Sarp Remedies', 'काल सर्प दोष उपाय', 'hi', ''),
(181, 5, 44, 'Pitra Dosha Remedies', 'पितृ दोष उपाय', 'hi', ''),
(183, 5, 36, 'Life GemStone', 'জীবন রত্ন', 'bn', ''),
(184, 5, 37, 'Lucky GemStone', 'ভাগ্যবান রত্ন', 'bn', ''),
(185, 5, 38, 'Rudraksha', 'রুদ্রাক্ষ', 'bn', ''),
(186, 5, 39, 'Lucky Mantra', 'ভাগ্যবান জপ', 'bn', ''),
(187, 5, 40, 'Havan / Puja Recommended', 'হবন / পূজার প্রতিকার', 'bn', ''),
(188, 5, 41, 'General Remedies', 'জীবন রত্ন', 'bn', ''),
(189, 5, 42, 'Sade Sati Remedies', 'ভাগ্যবান রং', 'bn', ''),
(190, 5, 43, 'Kaal Sarp Remedies', 'কাল সর্প দোষ প্রতিকার', 'bn', ''),
(191, 5, 44, 'Pitra Dosha Remedies', 'পিত্র দোষ প্রতিকার', 'bn', ''),
(193, 5, 36, 'Life GemStone', 'జీవితం రత్నం', 'te', ''),
(194, 5, 37, 'Lucky GemStone', 'అదృష్ట రత్నం', 'te', ''),
(195, 5, 38, 'Rudraksha', 'రుద్రాక్ష', 'te', ''),
(196, 5, 39, 'Lucky Mantra', 'అదృష్ట జపం', 'te', ''),
(197, 5, 40, 'Havan / Puja Recommended', 'హవన్ / పూజా నివారణ', 'te', ''),
(198, 5, 41, 'General Remedies', 'జీవితం రత్నం', 'te', ''),
(199, 5, 42, 'Sade Sati Remedies', 'అదృష్ట రంగులు', 'te', ''),
(200, 5, 43, 'Kaal Sarp Remedies', 'కాల సర్ప్ దోష్ పరిహారం', 'te', ''),
(201, 5, 44, 'Pitra Dosha Remedies', 'పితృ దోషం పరిహారం', 'te', ''),
(204, 2, -1, 'Life Predictions', 'জীবন বিশ্লেষণ', 'bn', ''),
(205, 5, 36, 'Life GemStone', 'வாழ்க்கைக்கு இரத்தினக்கல்', 'ta', ''),
(206, 5, 37, 'Lucky GemStone', 'அதிர்ஷ்ட மாணிக்கம்', 'ta', ''),
(207, 5, 38, 'Rudraksha', 'ருத்ராட்சம்', 'ta', ''),
(208, 5, 39, 'Lucky Mantra', 'அதிர்ஷ்ட மந்திரம்', 'ta', ''),
(209, 5, 40, 'Havan / Puja Recommended', 'ஹவன் / வழிபாடு பரிகாரம்', 'ta', ''),
(210, 5, 41, 'General Remedies', 'வாழ்க்கைக்கு இரத்தினக்கல்', 'ta', ''),
(211, 5, 42, 'Sade Sati Remedies', 'அதிர்ஷ்ட நிறங்கள்', 'ta', ''),
(212, 5, 43, 'Kaal Sarp Remedies', 'கால் சர்ப் தோஷ் பரிகாரம்', 'ta', ''),
(213, 5, 44, 'Pitra Dosha Remedies', 'பித்ரா தோஷம் பரிகாரம்', 'ta', ''),
(215, 3, -1, 'Year Prediction', 'আপনার জন্য 2024 সাল', 'bn', ''),
(224, 5, 36, 'Life GemStone', 'जीवनासाठी रत्न', 'mr', ''),
(225, 5, 37, 'Lucky GemStone', 'भाग्यवान रत्न', 'mr', ''),
(226, 5, 38, 'Rudraksha', 'भाग्यवान रुद्राक्ष', 'mr', ''),
(227, 5, 39, 'Lucky Mantra', 'भाग्यशाली मन्त्र', 'mr', ''),
(228, 5, 40, 'Havan / Puja Recommended', 'हवन/पूजा उपाय', 'mr', ''),
(229, 5, 41, 'General Remedies', 'इतर उपाय', 'mr', ''),
(230, 5, 42, 'Sade Sati Remedies', 'भाग्यवान रंग', 'mr', ''),
(231, 5, 43, 'Kaal Sarp Remedies', 'काळ सर्प दोष उपाय', 'mr', ''),
(232, 5, 44, 'Pitra Dosha Remedies', 'पितृ दोष उपाय', 'mr', ''),
(234, 5, 36, 'Life GemStone', 'ಜೀವನಕ್ಕೆ ರತ್ನ', 'kn', ''),
(235, 5, 37, 'Lucky GemStone', 'ಅದೃಷ್ಟ ರತ್ನ', 'kn', ''),
(236, 5, 38, 'Rudraksha', 'ರುದ್ರಾಕ್ಷ', 'kn', ''),
(237, 5, 39, 'Lucky Mantra', 'ಅದೃಷ್ಟದ ಪಠಣ', 'kn', ''),
(238, 5, 40, 'Havan / Puja Recommended', 'ಹವನ / ಪೂಜೆ ಪರಿಹಾರ', 'kn', ''),
(239, 5, 41, 'General Remedies', 'ಜೀವನಕ್ಕೆ ರತ್ನ', 'kn', ''),
(240, 5, 42, 'Sade Sati Remedies', 'ಅದೃಷ್ಟದ ಬಣ್ಣಗಳು', 'kn', ''),
(241, 5, 43, 'Kaal Sarp Remedies', 'ಕಾಳ ಸರ್ಪ ದೋಷ ಪರಿಹಾರ', 'kn', ''),
(242, 5, 44, 'Pitra Dosha Remedies', 'ಪಿತ್ರ ದೋಷ ಪರಿಹಾರ', 'kn', ''),
(245, 2, -1, 'Life Predictions', 'జీవిత విశ్లేషణ', 'te', ''),
(246, 5, 36, 'Life GemStone', 'ജീവിതത്തിനുള്ള രത്നം', 'ml', ''),
(247, 5, 37, 'Lucky GemStone', 'ഭാഗ്യ രത്നങ്ങൾ', 'ml', ''),
(248, 5, 38, 'Rudraksha', 'രുദ്രാക്ഷം', 'ml', ''),
(249, 5, 39, 'Lucky Mantra', 'ഭാഗ്യ മന്ത്രം', 'ml', ''),
(250, 5, 40, 'Havan / Puja Recommended', 'ഹവാൻ / ആരാധനാ പ്രതിവിധി', 'ml', ''),
(251, 5, 41, 'General Remedies', 'പരിഹാരങ്ങൾ', 'ml', ''),
(252, 5, 42, 'Sade Sati Remedies', 'ഭാഗ്യ നിറങ്ങൾ', 'ml', ''),
(253, 5, 43, 'Kaal Sarp Remedies', 'കാൾ സർപ് ദോഷ് പരിഹാരം', 'ml', ''),
(254, 5, 44, 'Pitra Dosha Remedies', 'പിത്ര ദോഷ പരിഹാരം', 'ml', ''),
(256, 3, -1, 'Year Prediction', 'మీ కోసం 2024 సంవత్సరం', 'te', ''),
(263, 5, 36, 'Life GemStone', 'જીવન રત્ન', 'gu', ''),
(265, 5, 37, 'Lucky GemStone', 'નસીબદાર રત્ન', 'gu', ''),
(267, 5, 38, 'Rudraksha', 'રુદ્રાક્ષ', 'gu', ''),
(268, 5, 39, 'Lucky Mantra', 'ભાગ્યશાળી મંત્ર', 'gu', ''),
(269, 5, 40, 'Havan / Puja Recommended', 'હવન / પૂજા ઉપાય', 'gu', ''),
(270, 5, 41, 'General Remedies', 'સામાન્ય ઉપાયો', 'gu', ''),
(271, 5, 42, 'Sade Sati Remedies', 'નસીબદાર રંગો', 'gu', ''),
(272, 5, 43, 'Kaal Sarp Remedies', 'કાલ સર્પ દોષ ઉપાય', 'gu', ''),
(273, 5, 44, 'Pitra Dosha Remedies', 'પૈતૃક ખામી ઉપાય', 'gu', ''),
(275, 5, 36, 'Life GemStone', 'जीवन रत्न', 'ne', ''),
(276, 5, 37, 'Lucky GemStone', 'भाग्यशाली रत्न', 'ne', ''),
(277, 5, 38, 'Rudraksha', 'रुद्राक्ष', 'ne', ''),
(278, 5, 39, 'Lucky Mantra', 'भाग्यशाली मन्त्र', 'ne', ''),
(279, 5, 40, 'Havan / Puja Recommended', 'हवन / पूजा उपाय', 'ne', ''),
(280, 5, 41, 'General Remedies', 'उपचार', 'ne', ''),
(281, 5, 42, 'Sade Sati Remedies', 'भाग्यशाली रंगहरू', 'ne', ''),
(282, 5, 43, 'Kaal Sarp Remedies', 'काल सर्प दोष उपाय', 'ne', ''),
(283, 5, 44, 'Pitra Dosha Remedies', 'पितृ दोष उपाय', 'ne', ''),
(284, 5, 49, '', 'उपचार', 'ne', ''),
(286, 2, -1, 'Life Predictions', 'வாழ்க்கை பகுப்பாய்வு', 'ta', ''),
(287, 3, -1, 'Year Prediction', '2024 ஆம் ஆண்டு உங்களுக்கானது', 'ta', ''),
(297, 2, -1, 'Life Predictions', 'जीवन विश्लेषण', 'mr', ''),
(298, 3, -1, 'Year Prediction', 'तुमच्यासाठी 2024 साल', 'mr', ''),
(308, 2, -1, 'Life Predictions', 'ಜೀವನ ವಿಶ್ಲೇಷಣೆ', 'kn', ''),
(309, 3, -1, 'Year Prediction', 'ನಿಮಗಾಗಿ ವರ್ಷ 2024', 'kn', ''),
(326, 2, -1, 'Life Predictions', 'જીવન વિશ્લેષણ', 'gu', ''),
(484, 2, 15, 'Personality', 'Personality', 'en', ''),
(485, 2, 16, 'Professional life', 'Professional life', 'en', ''),
(486, 2, 17, 'Love Life and Marriage', 'Love/Married Life', 'en', ''),
(487, 2, 18, 'Wealth', 'Wealth', 'en', ''),
(488, 2, 19, 'Favorable/Unfavorable Periods', 'Best period in your Life', 'en', ''),
(489, 2, 20, 'Manglik Dosha', 'Manglik Dosha', 'en', ''),
(490, 2, 21, 'Kaal Sarpa Dosha', 'Kaal Sarpa Dosha', 'en', '❁❁❁❁❁❁❁❁❁❁❁❁❁❁❁❁❁❁❁❁❁❁\r\nWhat is Kal Sarp Dosha\r\n❁❁❁❁❁❁❁❁❁❁❁❁❁❁❁❁❁❁❁❁❁❁\r\nRahu and Ketu in any horoscope form a 180 degree line and are seven houses away from each other. When all the planets fall within these 7 houses (between Rahu and Ketu) and the rest of the five houses are vacant, it is called a Kaal Sarpa Dosha. \r\n\r\nSo essentially when the horoscope has Kal Sarp Dosha, all the planets get confined between rahu and ketu. This limits the planets ability to bring their positive results in your life. \r\n\r\nThere are twelve types of Kal Sarp Dosha :\r\n\r\nAnanta, Kulika, Vasuki, Shankhapala, Padma, Mahapadma, Takshaka, Karkotaka, Shankhachur, Ghatak, Vishdhar and Shesh Naag. \r\n\r\nThis is a rare dosha and is considered highly inauspicious in Vedic astrology. This Dosha causes a lot of struggles in life including marriage, career, finance, health, children etc.\r\n'),
(491, 2, 22, 'Pitra Dosha', 'Pitra Dosha', 'en', '❁❁❁❁❁❁❁❁❁❁❁❁❁❁❁❁❁❁❁❁❁❁\r\nWhat is Pitra Dosha \r\n❁❁❁❁❁❁❁❁❁❁❁❁❁❁❁❁❁❁❁❁❁❁ \r\n\r\nPitra dosh in Vedic astrology is the karmic debt that is passed on to you by your ancestors. The deeds of your ancestors can cause you to suffer from this ancestral curse.\r\n\r\nJust like the way you inherit the property and wealth from your ancestors, you also inherit their bad karma’s which is clearly indicated in the horoscope.  It is the duty of the next generation to pay off the debt by either bearing the punishment as per the Law of Karma. \r\n\r\nAlternatively, this debt can be reduced by performing good karma and thereby reducing the degree of punishment.\r\n\r\nPitra Dosha is formed if one or more of these astrological combinations is true :\r\n\r\n➤Rahu , Ketu or Saturn forming conjunction , with either Moon or the Sun\r\n\r\n➤Either Rahu or Ketu forming conjunction, with either Ninth house lord or the fifth house lord\r\n\r\n➤Rahu , Ketu or Saturn in either ninth house or the fifth house\r\n\r\nThe negative effect of the Pitra Dosh depends upon the planets forming the dosha and also the house wherein Pitra Dosha is formed. You can view the remedies for this inauspicious Dosha in the Remedy section of the app.\r\n\r\n Alternatively , if you want us to read your horoscope meticulously and provide you personalized solutions then you can opt for telephonic consultation with the founder of App.\r\n'),
(493, 2, 15, 'Personality', 'Personnalité', 'fr', ''),
(494, 2, 16, 'Professional life', 'Vie professionnelle', 'fr', ''),
(495, 2, 17, 'Love Life and Marriage', 'Amour et vie de couple', 'fr', ''),
(496, 2, 18, 'Wealth', 'Richesse', 'fr', ''),
(497, 2, 19, 'Favorable/Unfavorable Periods', 'Meilleure période de votre vie', 'fr', ''),
(498, 2, 20, 'Manglik Dosha', 'L\'affliction de Mars', 'fr', ''),
(499, 2, 21, 'Kaal Sarpa Dosha', 'Kaal Sarp - L\'Affliction du Serpent', 'fr', '❁❁❁❁❁❁❁❁❁❁❁❁❁❁❁❁❁❁❁❁❁❁\r\nQu\'est-ce que Kal Sarp Dosha\r\n❁❁❁❁❁❁❁❁❁❁❁❁❁❁❁❁❁❁❁❁❁❁\r\nRahu et Ketu dans n\'importe quel horoscope forment une ligne à 180 degrés et sont à sept maisons l\'une de l\'autre. Lorsque toutes les planètes se situent dans ces 7 maisons (entre Rahu et Ketu) et que le reste des cinq maisons est vacant, cela s\'appelle un Kaal Sarpa Dosha.\r\n\r\nDonc, essentiellement, lorsque l\'horoscope a Kal Sarp Dosha, toutes les planètes sont confinées entre rahu et ketu. Cela limite la capacité des planètes à apporter leurs résultats positifs dans votre vie.\r\n\r\nIl existe douze types de Kal Sarp Dosha :\r\n\r\nAnanta, Kulika, Vasuki, Shankhapala, Padma, Mahapadma, Takshaka, Karkotaka, Shankhachur, Ghatak, Vishdhar et Shesh Naag.\r\n\r\nC\'est un dosha rare et considéré comme très peu propice en astrologie védique. Ce Dosha provoque de nombreuses difficultés dans la vie, notamment le mariage, la carrière, les finances, la santé, les enfants, etc.'),
(500, 2, 22, 'Pitra Dosha', 'Pitra Dosh - L\'Affliction des Ancêtres', 'fr', '❁❁❁❁❁❁❁❁❁❁❁❁\r\nQu\'est-ce que Pitra Dosha\r\n❁❁❁❁❁❁❁❁❁❁❁❁\r\n\r\nPitra dosh en astrologie védique est la dette karmique qui vous est transmise par vos ancêtres. Les actes de vos ancêtres peuvent vous faire souffrir de cette malédiction ancestrale.\r\n\r\nTout comme vous héritez de la propriété et de la richesse de vos ancêtres, vous héritez également de leur mauvais karma, ce qui est clairement indiqué dans l\'horoscope. C\'est le devoir de la prochaine génération de rembourser la dette en supportant la punition selon la loi du Karma.\r\n\r\nAlternativement, cette dette peut être réduite en accomplissant un bon karma et en réduisant ainsi le degré de punition.\r\n\r\nPitra Dosha est formé si une ou plusieurs de ces combinaisons astrologiques sont vraies :\r\n\r\n➤Rahu, Ketu ou Saturne formant une conjonction, avec la Lune ou le Soleil\r\n\r\n➤Soit Rahu ou Ketu formant une conjonction, soit avec le seigneur de la neuvième maison, soit avec le seigneur de la cinquième maison\r\n\r\n➤Rahu, Ketu ou Saturne en maison 9 ou en maison cinquième\r\n\r\nL\'effet négatif du Pitra Dosh dépend des planètes formant le dosha et aussi de la maison dans laquelle Pitra Dosha est formé. Vous pouvez voir les remèdes pour ce Dosha peu propice dans la section Remède de l\'application.\r\n\r\n Alternativement, si vous souhaitez que nous lisons méticuleusement votre horoscope et que nous vous apportions des solutions personnalisées, vous pouvez opter pour une consultation téléphonique avec le fondateur de App.'),
(502, 2, 15, 'Personality', 'Личность', 'ru', ''),
(503, 2, 16, 'Professional life', 'Профессиональная жизнь', 'ru', ''),
(504, 2, 17, 'Love Life and Marriage', 'Любовь и супружеская жизнь', 'ru', ''),
(505, 2, 18, 'Wealth', 'Богатство', 'ru', ''),
(506, 2, 19, 'Favorable/Unfavorable Periods', 'Лучший период в вашей жизни', 'ru', ''),
(507, 2, 20, 'Manglik Dosha', 'Манглик Дош', 'ru', ''),
(508, 2, 21, 'Kaal Sarpa Dosha', 'Каал Сарп, Змеиный недуг', 'ru', '❁❁❁❁❁❁❁❁❁❁❁❁❁❁❁❁❁❁❁❁❁❁\r\nЧто такое Кал Сарп Доша\r\n❁❁❁❁❁❁❁❁❁❁❁❁❁❁❁❁❁❁❁❁❁❁\r\nРаху и Кету в любом гороскопе образуют линию на 180 градусов и находятся на расстоянии семи домов друг от друга. Когда все планеты попадают в эти 7 домов (между Раху и Кету), а остальные пять домов свободны, это называется Каал Сарпа Доша.\r\n\r\nПо сути, когда в гороскопе есть Кал Сарп Доша, все планеты замыкаются между Раху и Кету. Это ограничивает способность планет приносить свои положительные результаты в вашу жизнь.\r\n\r\nСуществует двенадцать типов Кал Сарп Доши:\r\n\r\nАнанта, Кулика, Васуки, Шанкхапала, Падма, Махападма, Такшака, Каркотака, Шанхачур, Гхатак, Вишдхар и Шеш Нааг.\r\n\r\nЭто редкая доша, и в ведической астрологии она считается крайне неблагоприятной. Эта доша вызывает много проблем в жизни, включая брак, карьеру, финансы, здоровье, детей и т. д.'),
(509, 2, 22, 'Pitra Dosha', 'Питра Дош - Болезнь предков', 'ru', '❁❁❁❁❁❁❁❁❁❁❁❁\r\nЧто такое Питра Доша\r\n❁❁❁❁❁❁❁❁❁❁❁❁\r\n\r\nПитра дош в ведической астрологии — это кармический долг, который передали вам ваши предки. Деяния ваших предков могут заставить вас страдать от этого родового проклятия.\r\n\r\nТочно так же, как вы наследуете имущество и богатство от своих предков, вы также наследуете их плохую карму, которая четко указана в гороскопе. Долг следующего поколения — выплатить долг, либо понеся наказание в соответствии с Законом Кармы.\r\n\r\nВ качестве альтернативы этот долг можно уменьшить, выполняя хорошую карму и тем самым уменьшая степень наказания.\r\n\r\nПитра Доша формируется, если верно одно или несколько из этих астрологических сочетаний:\r\n\r\n➤Раху, Кету или Сатурн в соединении с Луной или Солнцем\r\n\r\n➤ Либо Раху, либо Кету образуют соединение с хозяином девятого или пятого дома.\r\n\r\n➤ Раху, Кету или Сатурн в девятом или пятом доме\r\n\r\nОтрицательный эффект Питра Доши зависит от планет, формирующих дошу, а также от дома, в котором формируется Питра Доша. Вы можете просмотреть средства от этой неблагоприятной доши в разделе «Средства» приложения.\r\n\r\n В качестве альтернативы, если вы хотите, чтобы мы внимательно прочитали ваш гороскоп и предоставили вам индивидуальные решения, вы можете выбрать телефонную консультацию с основателем приложения.'),
(511, 2, 15, 'Personality', '性格', 'zh', ''),
(512, 2, 16, 'Professional life', '职业生涯', 'zh', ''),
(513, 2, 17, 'Love Life and Marriage', '爱情和婚姻生活', 'zh', ''),
(514, 2, 18, 'Wealth', '财富', 'zh', ''),
(515, 2, 19, 'Favorable/Unfavorable Periods', '人生中最好的时期', 'zh', ''),
(516, 2, 20, 'Manglik Dosha', '火星的苦难', 'zh', ''),
(517, 2, 21, 'Kaal Sarpa Dosha', '卡尔·萨普，蛇之苦难', 'zh', '❁❁❁❁❁❁❁❁❁❁❁❁❁❁❁❁❁❁❁❁❁❁\r\n什么是 Kal Sarp Dosha\r\n❁❁❁❁❁❁❁❁❁❁❁❁❁❁❁❁❁❁❁❁❁❁\r\n任何星盘中的拉胡和克图都形成180度线，并且彼此相距七宫。 当所有行星都落在这 7 个宫位（在 Rahu 和 Ketu 之间）并且其余 5 个宫位空置时，它被称为 Kaal Sarpa Dosha。\r\n\r\n所以基本上当星座有 Kal Sarp Dosha 时，所有的行星都被限制在 rahu 和 ketu 之间。 这限制了行星在你的生活中带来积极成果的能力。\r\n\r\nKal Sarp Dosha 有十二种类型：\r\n\r\nAnanta、Kulika、Vasuki、Shankhapala、Padma、Mahapadma、Takshaka、Karkotaka、Shankhachur、Ghatak、Vishdhar 和 Shesh Naag。\r\n\r\n这是一种罕见的dosha，在吠陀占星术中被认为是非常不吉利的。 这个Dosha在生活中引起了很多挣扎，包括婚姻，事业，财务，健康，孩子等。'),
(518, 2, 22, 'Pitra Dosha', '祖先的苦难', 'zh', '❁❁❁❁❁❁❁❁❁❁❁❁\r\n什么是 Pitra Dosha\r\n❁❁❁❁❁❁❁❁❁❁❁❁\r\n\r\n吠陀占星术中的 Pitra dosh 是你的祖先传给你的业力债务。你祖先的行为可能使你遭受这种祖先的诅咒。\r\n\r\n就像你从祖先那里继承财产和财富的方式一样，你也继承了他们的恶业，这在星座中清楚地表明了。根据因果报应法，通过承担惩罚来偿还债务是下一代的责任。\r\n\r\n或者，可以通过履行良好的业力来减少这种债务，从而减少惩罚的程度。\r\n\r\n如果以下一种或多种占星组合为真，则形成 Pitra Dosha：\r\n\r\n➤Rahu ， Ketu 或土星形成合相，与月亮或太阳\r\n\r\n➤Rahu 或 Ketu 与九宫主或五宫主形成合相\r\n\r\n➤Rahu，Ketu或土星在第九宫或第五宫\r\n\r\nPitra Dosh 的负面影响取决于形成 dosha 的行星以及形成 Pitra Dosha 的房子。您可以在应用程序的“补救措施”部分查看此不祥 Dosha 的补救措施。\r\n\r\n 或者，如果您希望我们仔细阅读您的星座并为您提供个性化的解决方案，那么您可以选择与App创始人进行电话咨询。'),
(520, 2, 15, 'Personality', 'Análisis de vida', 'es', ''),
(521, 2, 16, 'Professional life', 'Vida profesional', 'es', ''),
(522, 2, 17, 'Love Life and Marriage', 'Amor y vida matrimonial', 'es', ''),
(523, 2, 18, 'Wealth', 'Poder', 'es', ''),
(524, 2, 19, 'Favorable/Unfavorable Periods', 'El mejor período de tu vida', 'es', ''),
(525, 2, 20, 'Manglik Dosha', 'Consejos del mes', 'es', ''),
(526, 2, 21, 'Kaal Sarpa Dosha', 'Aflicción de Saturno', 'es', '❁❁❁❁❁❁❁❁❁❁❁❁❁❁❁❁❁❁❁❁❁❁\r\n¿Qué es Kal Sarp Dosha?\r\n❁❁❁❁❁❁❁❁❁❁❁❁❁❁❁❁❁❁❁❁❁❁\r\nRahu y Ketu en cualquier horóscopo forman una línea de 180 grados y están separados por siete casas. Cuando todos los planetas caen dentro de estas 7 casas (entre Rahu y Ketu) y el resto de las cinco casas están vacantes, se llama Kaal Sarpa Dosha.\r\n\r\nEntonces, esencialmente, cuando el horóscopo tiene Kal Sarp Dosha, todos los planetas quedan confinados entre rahu y ketu. Esto limita la capacidad de los planetas para traer sus resultados positivos en tu vida.\r\n\r\nHay doce tipos de Kal Sarp Dosha:\r\n\r\nAnanta, Kulika, Vasuki, Shankhapala, Padma, Mahapadma, Takshaka, Karkotaka, Shankhachur, Ghatak, Vishdhar y Shesh Naag.\r\n\r\nEste es un dosha raro y se considera muy desfavorable en la astrología védica. Este Dosha causa muchas luchas en la vida, incluido el matrimonio, la carrera, las finanzas, la salud, los niños, etc.'),
(527, 2, 22, 'Pitra Dosha', 'Aflicción de Saturno - análisis', 'es', '❁❁❁❁❁❁❁❁❁❁❁❁\r\n¿Qué es Pitra Dosha?\r\n❁❁❁❁❁❁❁❁❁❁❁❁\r\n\r\nPitra dosh en la astrología védica es la deuda kármica que te transmiten tus antepasados. Las acciones de tus antepasados ​​pueden hacer que sufras esta maldición ancestral.\r\n\r\nAl igual que heredas la propiedad y la riqueza de tus antepasados, también heredas su mal karma, que está claramente indicado en el horóscopo. Es deber de la próxima generación pagar la deuda soportando el castigo según la Ley del Karma.\r\n\r\nAlternativamente, esta deuda puede reducirse realizando un buen karma y, por lo tanto, reduciendo el grado de castigo.\r\n\r\nPitra Dosha se forma si una o más de estas combinaciones astrológicas es verdadera:\r\n\r\n➤Rahu, Ketu o Saturno formando conjunción, ya sea con la Luna o el Sol\r\n\r\n➤Ya sea Rahu o Ketu formando conjunción, ya sea con el señor de la novena casa o el señor de la quinta casa\r\n\r\n➤Rahu, Ketu o Saturno en la novena casa o en la quinta casa\r\n\r\nEl efecto negativo del Pitra Dosh depende de los planetas que forman el dosha y también de la casa donde se forma el Pitra Dosha. Puede ver los remedios para este Dosha desfavorable en la sección de remedios de la aplicación.\r\n\r\n Alternativamente, si desea que leamos su horóscopo minuciosamente y le brindemos soluciones personalizadas, puede optar por una consulta telefónica con el fundador de la aplicación.'),
(530, 2, 15, 'Personality', 'ব্যক্তিত্ব', 'bn', ''),
(531, 2, 16, 'Professional life', 'পেশাগত জীবন', 'bn', ''),
(532, 2, 17, 'Love Life and Marriage', 'প্রেম এবং বিবাহিত জীবন', 'bn', ''),
(533, 2, 18, 'Wealth', 'ধন', 'bn', ''),
(534, 2, 19, 'Favorable/Unfavorable Periods', 'আপনার জীবনের সেরা সময়কাল', 'bn', ''),
(535, 2, 20, 'Manglik Dosha', 'মাঙ্গলিক দোষ', 'bn', ''),
(536, 2, 21, 'Kaal Sarpa Dosha', 'কাল সর্প দোষ', 'bn', '❁❁❁❁❁❁❁❁❁❁❁\r\nকাল সর্প দোষ কি\r\n❁❁❁❁❁❁❁❁❁❁❁\r\nরাহু এবং কেতু যে কোনো রাশিতে 180 ডিগ্রি রেখা তৈরি করে এবং একে অপরের থেকে সাতটি ঘর দূরে থাকে। যখন সমস্ত গ্রহ এই 7টি ঘরের মধ্যে পড়ে (রাহু এবং কেতুর মধ্যে) এবং বাকী পাঁচটি ঘর খালি থাকে তখন তাকে কাল সর্প দোষ বলে।\r\n\r\nতাই মূলত যখন রাশিফলের কাল সর্প দোষ থাকে, তখন সমস্ত গ্রহ রাহু এবং কেতুর মধ্যে সীমাবদ্ধ থাকে। এটি আপনার জীবনে তাদের ইতিবাচক ফলাফল আনতে গ্রহের ক্ষমতাকে সীমিত করে।\r\n\r\nকাল সর্প দোষ বারো প্রকার:\r\n\r\nঅনন্ত, কুলিকা, বাসুকি, শঙ্খপাল, পদ্মা, মহাপদ্ম, তক্ষক, কর্কোটক, শঙ্খচূর, ঘটক, বিষধর ও অবশিষ্ট নাগ।\r\n\r\nএটি একটি বিরল দোষ এবং বৈদিক জ্যোতিষশাস্ত্রে এটি অত্যন্ত অশুভ বলে বিবেচিত হয়। এই দোষটি বিবাহ, কর্মজীবন, অর্থ, স্বাস্থ্য, সন্তান ইত্যাদি সহ জীবনে অনেক সংগ্রামের কারণ হয়।'),
(537, 2, 22, 'Pitra Dosha', 'পিত্র দোষ', 'bn', '❁❁❁❁❁❁❁❁❁❁❁\r\nপিত্র দোষ কি\r\n❁❁❁❁❁❁❁❁❁❁❁\r\n\r\nবৈদিক জ্যোতিষশাস্ত্রে পিত্র দোষ হল সেই কার্মিক ঋণ যা আপনার পূর্বপুরুষদের দ্বারা আপনার কাছে চলে যায়। আপনার পূর্বপুরুষদের কর্ম আপনাকে এই পূর্বপুরুষের অভিশাপে ভুগতে পারে।\r\n\r\nআপনি যেমন আপনার পূর্বপুরুষদের কাছ থেকে সম্পত্তি এবং সম্পদের উত্তরাধিকারী হন, আপনিও তাদের খারাপ কর্মের উত্তরাধিকারী হন যা রাশিফলের মধ্যে স্পষ্টভাবে নির্দেশিত। কর্মের আইন অনুসারে শাস্তি সহ্য করে ঋণ শোধ করা পরবর্তী প্রজন্মের কর্তব্য।\r\n\r\nবিকল্পভাবে, ভাল কর্ম সম্পাদনের মাধ্যমে এই ঋণ হ্রাস করা যেতে পারে এবং এর ফলে শাস্তির মাত্রা হ্রাস করা যায়।\r\n\r\nএই জ্যোতিষশাস্ত্রের এক বা একাধিক সমন্বয় সত্য হলে পিত্র দোষ গঠিত হয়:\r\n\r\n➤ রাহু, কেতু বা শনি চন্দ্র বা সূর্যের সাথে মিলিত হয়\r\n\r\n➤হয় রাহু বা কেতু নবম বাড়ির অধিপতি বা পঞ্চম গৃহের অধিপতির সাথে মিলিত হয়\r\n\r\n➤ রাহু, কেতু বা শনি নবম বা পঞ্চম ঘরে\r\n\r\nপিত্র দোষের নেতিবাচক প্রভাব নির্ভর করে দোষ গঠনকারী গ্রহের উপর এবং সেই ঘরের উপরও যেখানে পিত্র দোষ গঠিত হয়। আপনি অ্যাপটির প্রতিকার বিভাগে এই অশুভ দোষের প্রতিকারগুলি দেখতে পারেন।\r\n\r\n বিকল্পভাবে, আপনি যদি চান যে আমরা আপনার রাশিফলটি যত্ন সহকারে পড়ি এবং আপনাকে ব্যক্তিগতকৃত সমাধান প্রদান করি তাহলে আপনি অ্যাপের প্রতিষ্ঠাতার সাথে টেলিফোনিক পরামর্শের জন্য বেছে নিতে পারেন।'),
(539, 2, 15, 'Personality', 'వ్యక్తిత్వం', 'te', ''),
(540, 2, 16, 'Professional life', 'వృత్తి జీవితం', 'te', ''),
(541, 2, 17, 'Love Life and Marriage', 'ప్రేమ మరియు వైవాహిక జీవితం', 'te', ''),
(542, 2, 18, 'Wealth', 'సంపద', 'te', ''),
(543, 2, 19, 'Favorable/Unfavorable Periods', 'మీ జీవితంలో అత్యుత్తమ కాలం', 'te', ''),
(544, 2, 20, 'Manglik Dosha', 'మంగ్లిక్ దోషం', 'te', ''),
(545, 2, 21, 'Kaal Sarpa Dosha', 'మంగ్లిక్ దోషం', 'te', '❁❁❁❁❁❁❁❁❁❁❁❁\r\nకల్ సర్ప్ దోషం అంటే ఏమిటి\r\n❁❁❁❁❁❁❁❁❁❁❁❁\r\nఏ జాతకంలోనైనా రాహువు మరియు కేతువులు 180 డిగ్రీల రేఖను ఏర్పరుస్తారు మరియు ఒకదానికొకటి ఏడు ఇళ్ల దూరంలో ఉంటాయి. అన్ని గ్రహాలు ఈ 7 గృహాలలో (రాహువు మరియు కేతువుల మధ్య) వస్తాయి మరియు మిగిలిన ఐదు గృహాలు ఖాళీగా ఉంటే, దానిని కాల సర్ప దోషం అంటారు.\r\n\r\nకాబట్టి ముఖ్యంగా జాతకంలో కాల సర్ప్ దోషం ఉన్నప్పుడు, అన్ని గ్రహాలు రాహు మరియు కేతువుల మధ్య పరిమితమవుతాయి. ఇది మీ జీవితంలో సానుకూల ఫలితాలను తీసుకురాగల గ్రహాల సామర్థ్యాన్ని పరిమితం చేస్తుంది.\r\n\r\nకల్ సర్ప్ దోషంలో పన్నెండు రకాలు ఉన్నాయి:\r\n\r\nఅనంత, కులిక, వాసుకి, శంఖపాల, పద్మ, మహాపద్మ, తక్షక, కర్కోటక, శంఖచూర్, ఘటక్, విష్ధర్ మరియు శేష్ నాగ్.\r\n\r\nఇది అరుదైన దోషం మరియు వేద జ్యోతిషశాస్త్రంలో అత్యంత అశుభకరమైనదిగా పరిగణించబడుతుంది. ఈ దోషం వివాహం, వృత్తి, ఆర్థిక, ఆరోగ్యం, పిల్లలు మొదలైన వాటితో సహా జీవితంలో చాలా కష్టాలను కలిగిస్తుంది.'),
(546, 2, 22, 'Pitra Dosha', 'పితృ దోషం', 'te', '❁❁❁❁❁❁❁❁❁❁❁❁\r\nపిత్ర దోషం అంటే ఏమిటి\r\n❁❁❁❁❁❁❁❁❁❁❁❁\r\n\r\nవేద జ్యోతిషశాస్త్రంలో పితృ దోషం అనేది మీ పూర్వీకులు మీకు అందించిన కర్మ రుణం. మీ పూర్వీకుల కర్మలు మీకు ఈ పితృ శాపానికి గురవుతాయి.\r\n\r\nమీరు మీ పూర్వీకుల నుండి ఆస్తి మరియు సంపదను వారసత్వంగా పొందినట్లే, జాతకంలో స్పష్టంగా సూచించబడిన వారి చెడు కర్మలను కూడా మీరు వారసత్వంగా పొందుతారు. కర్మ చట్టం ప్రకారం శిక్షను భరించడం ద్వారా ఋణం తీర్చుకోవడం తరువాతి తరం యొక్క విధి.\r\n\r\nప్రత్యామ్నాయంగా, మంచి కర్మ చేయడం ద్వారా మరియు శిక్ష యొక్క స్థాయిని తగ్గించడం ద్వారా ఈ రుణాన్ని తగ్గించవచ్చు.\r\n\r\nవీటిలో ఒకటి లేదా అంతకంటే ఎక్కువ జ్యోతిష్య కలయికలు నిజమైతే పిత్ర దోషం ఏర్పడుతుంది:\r\n\r\n➤రాహువు , కేతువు లేదా శని చంద్రుడు లేదా సూర్యునితో సంయోగం ఏర్పడుతుంది\r\n\r\n➤రాహు లేదా కేతువు తొమ్మిదవ ఇంటి అధిపతి లేదా ఐదవ ఇంటి అధిపతితో కలిసి ఏర్పడుతుంది\r\n\r\n➤రాహువు , కేతువు లేదా శని తొమ్మిదవ ఇంట్లో లేదా ఐదవ ఇంట్లో\r\n\r\nపిత్ర దోషం యొక్క ప్రతికూల ప్రభావం దోషాన్ని ఏర్పరిచే గ్రహాలపై ఆధారపడి ఉంటుంది మరియు పిత్ర దోషం ఏర్పడిన ఇంటిపై కూడా ఆధారపడి ఉంటుంది. మీరు యాప్‌లోని రెమెడీ విభాగంలో ఈ అశుభ దోషం కోసం నివారణలను చూడవచ్చు.\r\n\r\n ప్రత్యామ్నాయంగా, మేము మీ జాతకాన్ని నిశితంగా చదివి, మీకు వ్యక్తిగతీకరించిన పరిష్కారాలను అందించాలని మీరు కోరుకుంటే, మీరు యాప్ వ్యవస్థాపకుడితో టెలిఫోనిక్ సంప్రదింపులను ఎంచుకోవచ్చు.'),
(548, 2, 15, 'Personality', 'ஆளுமை', 'ta', ''),
(549, 2, 16, 'Professional life', 'தொழில்முறை வாழ்க்கை', 'ta', ''),
(550, 2, 17, 'Love Life and Marriage', 'காதல் மற்றும் திருமண வாழ்க்கை', 'ta', ''),
(551, 2, 18, 'Wealth', 'செல்வம்', 'ta', ''),
(552, 2, 19, 'Favorable/Unfavorable Periods', 'வாழ்க்கையின் சிறந்த காலம்', 'ta', ''),
(553, 2, 20, 'Manglik Dosha', 'மங்லிக் தோஷ்', 'ta', ''),
(554, 2, 21, 'Kaal Sarpa Dosha', 'கால் சர்ப் தோஷ்', 'ta', '❁❁❁❁❁❁❁❁❁❁❁❁\r\nகல் சர்ப் தோசை என்றால் என்ன\r\n❁❁❁❁❁❁❁❁❁❁❁❁\r\nஎந்த ஜாதகத்திலும் ராகு மற்றும் கேது 180 டிகிரி கோடு அமைத்து ஒருவருக்கொருவர் ஏழு வீடுகள் தொலைவில் உள்ளனர். அனைத்து கிரகங்களும் இந்த 7 வீடுகளுக்குள் (ராகு மற்றும் கேது இடையே) விழுந்து, மீதமுள்ள ஐந்து வீடுகள் காலியாக இருந்தால், அது கால சர்ப்ப தோஷம் என்று அழைக்கப்படுகிறது.\r\n\r\nஎனவே அடிப்படையில் ஜாதகத்தில் கால சர்ப்ப தோஷம் இருக்கும் போது, அனைத்து கிரகங்களும் ராகு மற்றும் கேது இடையே அடைக்கப்படுகின்றன. இது உங்கள் வாழ்க்கையில் சாதகமான முடிவுகளைக் கொண்டுவரும் கிரகங்களின் திறனைக் கட்டுப்படுத்துகிறது.\r\n\r\nகல் சர்ப் தோஷத்தில் பன்னிரண்டு வகைகள் உள்ளன:\r\n\r\nஅனந்த, குளிகா, வாசுகி, ஷங்கபால, பத்மா, மஹாபத்மா, தக்ஷகா, கர்கோடகா, ஷங்கச்சூர், கடக், விஷ்தர் மற்றும் ஷேஷ் நாக்.\r\n\r\nஇது ஒரு அரிய தோஷம் மற்றும் வேத ஜோதிடத்தில் மிகவும் அசுபமாக கருதப்படுகிறது. இந்த தோஷம் திருமணம், தொழில், நிதி, உடல்நலம், குழந்தைகள் உள்ளிட்ட வாழ்க்கையில் பல போராட்டங்களை ஏற்படுத்துகிறது.'),
(555, 2, 22, 'Pitra Dosha', 'பித்ரா தோஷம்', 'ta', '❁❁❁❁❁❁❁❁❁❁❁❁\r\nபித்ரா தோஷம் என்றால் என்ன\r\n❁❁❁❁❁❁❁❁❁❁❁❁\r\n\r\nவேத ஜோதிடத்தில் பித்ரா தோஷம் என்பது உங்கள் முன்னோர்களால் உங்களுக்குக் கொடுக்கப்பட்ட கர்மக் கடன். உங்கள் முன்னோர்களின் செயல்கள் உங்களுக்கு இந்த மூதாதையரின் சாபத்திற்கு ஆளாக நேரிடும்.\r\n\r\nஉங்கள் மூதாதையர்களிடமிருந்து சொத்து மற்றும் செல்வத்தை நீங்கள் எவ்வாறு பெறுகிறீர்களோ, அதேபோல் ஜாதகத்தில் தெளிவாகக் குறிப்பிடப்பட்ட அவர்களின் கெட்ட கர்மாக்களையும் நீங்கள் பெறுவீர்கள். கர்மாவின் சட்டத்தின்படி தண்டனையைச் சுமந்து கடனை அடைப்பது அடுத்த தலைமுறையின் கடமை.\r\n\r\nமாற்றாக, இந்த கடனை நல்ல கர்மா செய்வதன் மூலம் குறைக்கலாம் மற்றும் அதன் மூலம் தண்டனையின் அளவைக் குறைக்கலாம்.\r\n\r\nஇந்த ஜோதிட சேர்க்கைகளில் ஒன்று அல்லது அதற்கு மேற்பட்டவை உண்மையாக இருந்தால் பித்ரா தோஷம் உருவாகிறது:\r\n\r\n➤ராகு, கேது அல்லது சனி சந்திரன் அல்லது சூரியனுடன் இணைந்து உருவாகும்\r\n\r\n➤ஒன்பதாம் வீட்டு அதிபதி அல்லது ஐந்தாம் வீட்டு அதிபதியுடன் ராகு அல்லது கேது இணைந்திருப்பது\r\n\r\n➤ராகு, கேது அல்லது சனி ஒன்பதாம் வீட்டில் அல்லது ஐந்தாம் வீட்டில்\r\n\r\nபித்ரா தோஷத்தின் எதிர்மறை விளைவு தோஷத்தை உருவாக்கும் கிரகங்கள் மற்றும் பித்ரா தோஷம் உருவாகும் வீட்டைப் பொறுத்தது. பயன்பாட்டின் பரிகாரம் பிரிவில் இந்த அசுப தோஷத்திற்கான பரிகாரங்களை நீங்கள் பார்க்கலாம்.\r\n\r\n மாற்றாக, உங்கள் ஜாதகத்தை நாங்கள் உன்னிப்பாகப் படித்து, உங்களுக்குத் தனிப்பயனாக்கப்பட்ட தீர்வுகளை வழங்க வேண்டும் என நீங்கள் விரும்பினால், நீங்கள் ஆப்ஸின் நிறுவனருடன் தொலைபேசி ஆலோசனையைத் தேர்வுசெய்யலாம்.'),
(557, 2, 15, 'Personality', 'व्यक्तित्व', 'mr', ''),
(558, 2, 16, 'Professional life', 'व्यावसायिक जीवन', 'mr', ''),
(559, 2, 17, 'Love Life and Marriage', 'प्रेम आणि वैवाहिक जीवन', 'mr', ''),
(560, 2, 18, 'Wealth', 'संपत्ती', 'mr', ''),
(561, 2, 19, 'Favorable/Unfavorable Periods', 'तुमच्या आयुष्यातील सर्वोत्तम काळ', 'mr', ''),
(562, 2, 20, 'Manglik Dosha', 'मांगलिक दोष', 'mr', ''),
(563, 2, 21, 'Kaal Sarpa Dosha', 'काळ सर्प दोष', 'mr', '❁❁❁❁❁❁❁❁❁❁❁❁\r\nकल सर्प दोष म्हणजे काय\r\n❁❁❁❁❁❁❁❁❁❁❁❁\r\nराहू आणि केतू कोणत्याही कुंडलीत 180 अंश रेषा बनवतात आणि एकमेकांपासून सात घरे दूर असतात. जेव्हा सर्व ग्रह या 7 घरांमध्ये (राहू आणि केतू दरम्यान) येतात आणि उर्वरित पाच घरे रिक्त असतात तेव्हा त्याला काल सर्प दोष म्हणतात.\r\n\r\nत्यामुळे मूलत: जेव्हा कुंडलीत कल सर्प दोष असतो तेव्हा सर्व ग्रह राहू आणि केतू यांच्यामध्ये बंदिस्त होतात. यामुळे तुमच्या जीवनात ग्रहांचे सकारात्मक परिणाम आणण्याची क्षमता मर्यादित होते.\r\n\r\nकाल सर्प दोषाचे बारा प्रकार आहेत:\r\n\r\nअनंता, कुलिका, वासुकी, शंखपाल, पद्म, महापद्म, तक्षक, कर्कोटक, शंखाचूर, घटक, विषधर आणि शेष नाग.\r\n\r\nहा एक दुर्मिळ दोष आहे आणि वैदिक ज्योतिषशास्त्रात अत्यंत अशुभ मानला जातो. या दोषामुळे विवाह, करिअर, वित्त, आरोग्य, मुले इत्यादी जीवनात अनेक संघर्ष होतात.'),
(564, 2, 22, 'Pitra Dosha', 'पितृ दोष', 'mr', '❁❁❁❁❁❁❁❁❁❁❁❁\r\nपितृ दोष म्हणजे काय\r\n❁❁❁❁❁❁❁❁❁❁❁❁\r\n\r\nवैदिक ज्योतिषातील पितृ दोष म्हणजे तुमच्या पूर्वजांनी तुमच्यावर दिलेले कर्म ऋण. तुमच्या पूर्वजांच्या कर्मामुळे तुम्हाला या पूर्वजांच्या शापाचा त्रास होऊ शकतो.\r\n\r\nज्या प्रकारे तुम्हाला तुमच्या पूर्वजांकडून संपत्ती आणि संपत्तीचा वारसा मिळतो, त्याचप्रमाणे तुम्हाला त्यांच्या कुंडलीत स्पष्टपणे दर्शविलेल्या वाईट कर्माचा वारसाही मिळतो. कर्माच्या नियमानुसार शिक्षा भोगून कर्ज फेडणे हे पुढच्या पिढीचे कर्तव्य आहे.\r\n\r\nवैकल्पिकरित्या, चांगले कर्म करून हे कर्ज कमी केले जाऊ शकते आणि त्याद्वारे शिक्षेचे प्रमाण कमी केले जाऊ शकते.\r\n\r\nयापैकी एक किंवा अधिक ज्योतिषीय संयोग सत्य असल्यास पितृ दोष तयार होतो:\r\n\r\n➤राहू, केतू किंवा शनि चंद्र किंवा सूर्य यांच्याशी संयोग बनवतात\r\n\r\n➤नवव्या घराचा स्वामी किंवा पाचव्या घराच्या स्वामीसोबत राहु किंवा केतू यांचा संयोग होतो.\r\n\r\n➤राहू, केतू किंवा शनि नवव्या किंवा पाचव्या घरात\r\n\r\nपितृदोषाचा नकारात्मक परिणाम दोष निर्माण करणाऱ्या ग्रहांवर आणि पितृदोष ज्या घरामध्ये तयार होतो त्यावरही अवलंबून असतो. या अशुभ दोषावरील उपाय तुम्ही अॅपच्या उपाय विभागात पाहू शकता.\r\n\r\n वैकल्पिकरित्या, आम्ही तुमची जन्मकुंडली बारकाईने वाचावी आणि तुम्हाला वैयक्तिकृत उपाय द्यावेत असे तुम्हाला वाटत असेल तर तुम्ही अॅपच्या संस्थापकाशी टेलिफोनिक सल्लामसलत करू शकता.'),
(566, 2, 15, 'Personality', 'ವ್ಯಕ್ತಿತ್ವ', 'kn', ''),
(567, 2, 16, 'Professional life', 'ವೃತ್ತಿಪರ ಜೀವನ', 'kn', ''),
(568, 2, 17, 'Love Life and Marriage', 'ಪ್ರೀತಿ ಮತ್ತು ವೈವಾಹಿಕ ಜೀವನ', 'kn', ''),
(569, 2, 18, 'Wealth', 'ಸಂಪತ್ತು', 'kn', ''),
(570, 2, 19, 'Favorable/Unfavorable Periods', 'ನಿಮ್ಮ ಜೀವನದ ಅತ್ಯುತ್ತಮ ಅವಧಿ', 'kn', ''),
(571, 2, 20, 'Manglik Dosha', 'ಮಂಗ್ಲಿಕ್ ದೋಷ', 'kn', ''),
(572, 2, 21, 'Kaal Sarpa Dosha', 'ಕಾಳ ಸರ್ಪ ದೋಷ', 'kn', '❁❁❁❁❁❁❁❁❁❁❁❁\r\nಕಲ್ ಸರ್ಪ್ ದೋಷ ಎಂದರೇನು\r\n❁❁❁❁❁❁❁❁❁❁❁❁\r\nಯಾವುದೇ ಜಾತಕದಲ್ಲಿ ರಾಹು ಮತ್ತು ಕೇತು 180 ಡಿಗ್ರಿ ರೇಖೆಯನ್ನು ರೂಪಿಸುತ್ತದೆ ಮತ್ತು ಪರಸ್ಪರ ಏಳು ಮನೆಗಳ ದೂರದಲ್ಲಿದೆ. ಎಲ್ಲಾ ಗ್ರಹಗಳು ಈ 7 ಮನೆಗಳಲ್ಲಿ (ರಾಹು ಮತ್ತು ಕೇತುಗಳ ನಡುವೆ) ಬಿದ್ದಾಗ ಮತ್ತು ಉಳಿದ ಐದು ಮನೆಗಳು ಖಾಲಿಯಾಗಿದ್ದರೆ, ಅದನ್ನು ಕಾಲ ಸರ್ಪ ದೋಷ ಎಂದು ಕರೆಯಲಾಗುತ್ತದೆ.\r\n\r\nಆದ್ದರಿಂದ ಮೂಲಭೂತವಾಗಿ ಜಾತಕವು ಕಲ ಸರ್ಪ ದೋಷವನ್ನು ಹೊಂದಿರುವಾಗ, ಎಲ್ಲಾ ಗ್ರಹಗಳು ರಾಹು ಮತ್ತು ಕೇತುಗಳ ನಡುವೆ ಸೀಮಿತಗೊಳ್ಳುತ್ತವೆ. ಇದು ನಿಮ್ಮ ಜೀವನದಲ್ಲಿ ಧನಾತ್ಮಕ ಫಲಿತಾಂಶಗಳನ್ನು ತರುವ ಗ್ರಹಗಳ ಸಾಮರ್ಥ್ಯವನ್ನು ಮಿತಿಗೊಳಿಸುತ್ತದೆ.\r\n\r\nಕಲ್ ಸರ್ಪ್ ದೋಷದಲ್ಲಿ ಹನ್ನೆರಡು ವಿಧಗಳಿವೆ:\r\n\r\nಅನಂತ, ಕುಲಿಕ, ವಾಸುಕಿ, ಶಂಖಪಾಲ, ಪದ್ಮ, ಮಹಾಪದ್ಮ, ತಕ್ಷಕ, ಕಾರ್ಕೋಟಕ, ಶಂಖಚೂರ್, ಘಟಕ, ವಿಷಧರ್ ಮತ್ತು ಶೇಷ ನಾಗ.\r\n\r\nಇದು ಅಪರೂಪದ ದೋಷವಾಗಿದೆ ಮತ್ತು ವೈದಿಕ ಜ್ಯೋತಿಷ್ಯದಲ್ಲಿ ಅತ್ಯಂತ ಅಶುಭವೆಂದು ಪರಿಗಣಿಸಲಾಗಿದೆ. ಈ ದೋಷವು ಮದುವೆ, ವೃತ್ತಿ, ಹಣಕಾಸು, ಆರೋಗ್ಯ, ಮಕ್ಕಳು ಸೇರಿದಂತೆ ಜೀವನದಲ್ಲಿ ಬಹಳಷ್ಟು ಹೋರಾಟಗಳನ್ನು ಉಂಟುಮಾಡುತ್ತದೆ.'),
(573, 2, 22, 'Pitra Dosha', 'ಪಿತ್ರ ದೋಷ', 'kn', '❁❁❁❁❁❁❁❁❁❁❁❁\r\nಪಿತ್ರಾ ದೋಷ ಎಂದರೇನು\r\n❁❁❁❁❁❁❁❁❁❁❁❁\r\n\r\nವೈದಿಕ ಜ್ಯೋತಿಷ್ಯದಲ್ಲಿ ಪಿತ್ರಾ ದೋಷವು ನಿಮ್ಮ ಪೂರ್ವಜರಿಂದ ನಿಮಗೆ ವರ್ಗಾಯಿಸಲ್ಪಟ್ಟ ಕರ್ಮದ ಋಣವಾಗಿದೆ. ನಿಮ್ಮ ಪೂರ್ವಜರ ಕರ್ಮಗಳು ಈ ಪೂರ್ವಜರ ಶಾಪದಿಂದ ನೀವು ಬಳಲುವಂತೆ ಮಾಡಬಹುದು.\r\n\r\nನಿಮ್ಮ ಪೂರ್ವಜರಿಂದ ನೀವು ಆಸ್ತಿ ಮತ್ತು ಸಂಪತ್ತನ್ನು ಆನುವಂಶಿಕವಾಗಿ ಪಡೆಯುವಂತೆಯೇ, ಜಾತಕದಲ್ಲಿ ಸ್ಪಷ್ಟವಾಗಿ ಸೂಚಿಸಲಾದ ಅವರ ಕೆಟ್ಟ ಕರ್ಮಗಳನ್ನು ಸಹ ನೀವು ಆನುವಂಶಿಕವಾಗಿ ಪಡೆಯುತ್ತೀರಿ. ಕರ್ಮದ ನಿಯಮದ ಪ್ರಕಾರ ಶಿಕ್ಷೆಯನ್ನು ಅನುಭವಿಸುವ ಮೂಲಕ ಋಣವನ್ನು ತೀರಿಸುವುದು ಮುಂದಿನ ಪೀಳಿಗೆಯ ಕರ್ತವ್ಯವಾಗಿದೆ.\r\n\r\nಪರ್ಯಾಯವಾಗಿ, ಉತ್ತಮ ಕರ್ಮವನ್ನು ನಿರ್ವಹಿಸುವ ಮೂಲಕ ಮತ್ತು ಆ ಮೂಲಕ ಶಿಕ್ಷೆಯ ಮಟ್ಟವನ್ನು ಕಡಿಮೆ ಮಾಡುವ ಮೂಲಕ ಈ ಸಾಲವನ್ನು ಕಡಿಮೆ ಮಾಡಬಹುದು.\r\n\r\nಈ ಒಂದು ಅಥವಾ ಹೆಚ್ಚಿನ ಜ್ಯೋತಿಷ್ಯ ಸಂಯೋಜನೆಗಳು ನಿಜವಾಗಿದ್ದರೆ ಪಿತ್ರ ದೋಷವು ರೂಪುಗೊಳ್ಳುತ್ತದೆ:\r\n\r\n➤ರಾಹು, ಕೇತು ಅಥವಾ ಶನಿಯು ಚಂದ್ರ ಅಥವಾ ಸೂರ್ಯನೊಂದಿಗೆ ಸಂಯೋಗವನ್ನು ರೂಪಿಸುತ್ತದೆ\r\n\r\n➤ಒಂಬತ್ತನೇ ಮನೆಯ ಅಧಿಪತಿ ಅಥವಾ ಐದನೇ ಮನೆಯ ಅಧಿಪತಿಯೊಂದಿಗೆ ರಾಹು ಅಥವಾ ಕೇತು ಸಂಯೋಜನೆಯನ್ನು ರಚಿಸುವುದು\r\n\r\n➤ರಾಹು , ಕೇತು ಅಥವಾ ಶನಿ ಒಂಬತ್ತನೇ ಮನೆಯಲ್ಲಿ ಅಥವಾ ಐದನೇ ಮನೆಯಲ್ಲಿ\r\n\r\nಪಿತ್ರಾ ದೋಷದ ಋಣಾತ್ಮಕ ಪರಿಣಾಮವು ದೋಷವನ್ನು ರೂಪಿಸುವ ಗ್ರಹಗಳ ಮೇಲೆ ಮತ್ತು ಪಿತ್ರಾ ದೋಷವು ರೂಪುಗೊಂಡ ಮನೆಯ ಮೇಲೆ ಅವಲಂಬಿತವಾಗಿರುತ್ತದೆ. ಅಪ್ಲಿಕೇಶನ್‌ನ ಪರಿಹಾರ ವಿಭಾಗದಲ್ಲಿ ಈ ಅಶುಭ ದೋಷದ ಪರಿಹಾರಗಳನ್ನು ನೀವು ವೀಕ್ಷಿಸಬಹುದು.\r\n\r\n ಪರ್ಯಾಯವಾಗಿ, ನಿಮ್ಮ ಜಾತಕವನ್ನು ನಾವು ಸೂಕ್ಷ್ಮವಾಗಿ ಓದಲು ಮತ್ತು ನಿಮಗೆ ವೈಯಕ್ತೀಕರಿಸಿದ ಪರಿಹಾರಗಳನ್ನು ಒದಗಿಸಬೇಕೆಂದು ನೀವು ಬಯಸಿದರೆ, ನೀವು ಅಪ್ಲಿಕೇಶನ್‌ನ ಸಂಸ್ಥಾಪಕರೊಂದಿಗೆ ದೂರವಾಣಿ ಸಮಾಲೋಚನೆಯನ್ನು ಆರಿಸಿಕೊಳ್ಳಬಹುದು.'),
(575, 2, 15, 'Personality', 'വ്യക്തിത്വം', 'ml', ''),
(576, 2, 16, 'Professional life', 'തൊഴിൽ', 'ml', ''),
(577, 2, 17, 'Love Life and Marriage', 'പ്രണയവും വിവാഹ ജീവിതവും', 'ml', ''),
(578, 2, 18, 'Wealth', 'സമ്പത്ത്', 'ml', ''),
(579, 2, 19, 'Favorable/Unfavorable Periods', 'നിങ്ങളുടെ മികച്ച കാലയളവ്', 'ml', ''),
(580, 2, 20, 'Manglik Dosha', 'മംഗ്ലിക് ദോഷ്', 'ml', ''),
(581, 2, 21, 'Kaal Sarpa Dosha', 'കാൾ സർപ് ദോഷ്', 'ml', '❁❁❁❁❁❁❁❁❁❁❁❁\r\nഎന്താണ് കൽ സർപ്പ് ദോശ\r\n❁❁❁❁❁❁❁❁❁❁❁❁\r\nഏതൊരു ജാതകത്തിലും രാഹുവും കേതുവും 180 ഡിഗ്രി രേഖ ഉണ്ടാക്കുന്നു, അവ പരസ്പരം ഏഴ് വീടുകൾ അകലെയാണ്. എല്ലാ ഗ്രഹങ്ങളും ഈ 7 ഭവനങ്ങളിൽ (രാഹുവിനും കേതുവിനും ഇടയിൽ) വീഴുകയും ബാക്കിയുള്ള അഞ്ച് ഭവനങ്ങൾ ശൂന്യമാവുകയും ചെയ്യുമ്പോൾ അതിനെ കാല സർപ്പ ദോഷം എന്ന് വിളിക്കുന്നു.\r\n\r\nജാതകത്തിൽ കാലസർപ്പദോഷം ഉണ്ടാകുമ്പോൾ, എല്ലാ ഗ്രഹങ്ങളും രാഹുവിനും കേതുവിനും ഇടയിൽ ഒതുങ്ങുന്നു. ഇത് നിങ്ങളുടെ ജീവിതത്തിൽ നല്ല ഫലങ്ങൾ കൊണ്ടുവരാനുള്ള ഗ്രഹങ്ങളുടെ കഴിവിനെ പരിമിതപ്പെടുത്തുന്നു.\r\n\r\nകൽസർപ്പ് ദോഷത്തിന് പന്ത്രണ്ട് തരം ഉണ്ട്:\r\n\r\nഅനന്ത, കുലിക, വാസുകി, ശംഖപാല, പത്മ, മഹാപത്മ, തക്ഷക, കർക്കോടക, ശംഖച്ചൂർ, ഘട്ടക്, വിഷ്ധർ, ശേഷ് നാഗ്.\r\n\r\nഇതൊരു അപൂർവ ദോഷമാണ്, വേദ ജ്യോതിഷത്തിൽ ഇത് വളരെ അശുഭകരമായി കണക്കാക്കപ്പെടുന്നു. ഈ ദോഷം വിവാഹം, തൊഴിൽ, സാമ്പത്തികം, ആരോഗ്യം, കുട്ടികൾ തുടങ്ങി ജീവിതത്തിൽ ഒരുപാട് ബുദ്ധിമുട്ടുകൾ ഉണ്ടാക്കുന്നു.'),
(582, 2, 22, 'Pitra Dosha', 'പിത്ര ദോഷ', 'ml', '❁❁❁❁❁❁❁❁❁❁❁❁\r\nഎന്താണ് പിത്ര ദോഷം\r\n❁❁❁❁❁❁❁❁❁❁❁❁\r\n\r\nവേദ ജ്യോതിഷത്തിലെ പിത്രദോഷം നിങ്ങളുടെ പൂർവ്വികർ നിങ്ങൾക്ക് കൈമാറിയ കർമ്മ കടമാണ്. നിങ്ങളുടെ പൂർവ്വികരുടെ കർമ്മങ്ങൾ നിങ്ങളെ ഈ പിതൃശാപത്തിൽ നിന്ന് കഷ്ടപ്പെടുത്താൻ ഇടയാക്കും.\r\n\r\nനിങ്ങളുടെ പൂർവ്വികരിൽ നിന്ന് സ്വത്തും സമ്പത്തും നിങ്ങൾക്ക് അവകാശമായി ലഭിക്കുന്നത് പോലെ, ജാതകത്തിൽ വ്യക്തമായി സൂചിപ്പിച്ചിരിക്കുന്ന അവരുടെ മോശം കർമ്മങ്ങളും നിങ്ങൾക്ക് അവകാശമായി ലഭിക്കും. ഒന്നുകിൽ കർമ്മ നിയമപ്രകാരം ശിക്ഷ അനുഭവിച്ച് കടം വീട്ടേണ്ടത് വരും തലമുറയുടെ കടമയാണ്.\r\n\r\nഅല്ലെങ്കിൽ, നല്ല കർമ്മം ചെയ്യുന്നതിലൂടെയും അതുവഴി ശിക്ഷയുടെ അളവ് കുറയ്ക്കുന്നതിലൂടെയും ഈ കടം കുറയ്ക്കാം.\r\n\r\nഈ ഒന്നോ അതിലധികമോ ജ്യോതിഷ സംയോജനങ്ങൾ ശരിയാണെങ്കിൽ പിത്ര ദോഷം ഉണ്ടാകുന്നു:\r\n\r\n➤രാഹു, കേതു അല്ലെങ്കിൽ ശനി എന്നിവ ചന്ദ്രനോടോ സൂര്യനോടോ ഉള്ള സംയോജനം\r\n\r\n➤ഒന്നുകിൽ രാഹുവോ കേതുവോ ഒന്നുകിൽ ഒമ്പതാം ഭാവാധിപനോ അഞ്ചാം ഭാവാധിപനോ ചേർന്ന് ചേരുന്നു\r\n\r\n➤രാഹു, കേതു, ശനി എന്നിവ ഒമ്പതാം ഭാവത്തിലോ അഞ്ചാം ഭാവത്തിലോ\r\n\r\nപിത്രദോഷത്തിന്റെ പ്രതികൂല ഫലം ദോഷം ഉണ്ടാക്കുന്ന ഗ്രഹങ്ങളെയും പിതൃദോഷം രൂപപ്പെടുന്ന വീടിനെയും ആശ്രയിച്ചിരിക്കുന്നു. ആപ്പിന്റെ പ്രതിവിധി വിഭാഗത്തിൽ ഈ ദോഷകരമായ ദോഷത്തിനുള്ള പ്രതിവിധികൾ നിങ്ങൾക്ക് കാണാൻ കഴിയും.\r\n\r\n പകരമായി, ഞങ്ങൾ നിങ്ങളുടെ ജാതകം സൂക്ഷ്മമായി വായിച്ച് വ്യക്തിഗതമായ പരിഹാരങ്ങൾ നൽകണമെന്ന് നിങ്ങൾ ആഗ്രഹിക്കുന്നുവെങ്കിൽ, നിങ്ങൾക്ക് ആപ്പിന്റെ സ്ഥാപകനുമായി ടെലിഫോണിക് കൺസൾട്ടേഷൻ തിരഞ്ഞെടുക്കാം.'),
(584, 2, 15, 'Personality', 'વ્યક્તિત્વ', 'gu', ''),
(585, 2, 16, 'Professional life', 'વ્યાવસાયિક જીવન', 'gu', ''),
(586, 2, 17, 'Love Life and Marriage', 'પ્રેમ અને લગ્ન જીવન', 'gu', ''),
(587, 2, 18, 'Wealth', 'સંપત્તિ', 'gu', ''),
(588, 2, 19, 'Favorable/Unfavorable Periods', 'તમારા જીવનનો શ્રેષ્ઠ સમયગાળો', 'gu', ''),
(589, 2, 20, 'Manglik Dosha', 'માંગલિક દોષ', 'gu', ''),
(590, 2, 21, 'Kaal Sarpa Dosha', 'કાલ સર્પ દોષ', 'gu', '❁❁❁❁❁❁❁❁❁❁❁\r\nકાલ સર્પ દોષ શું છે\r\n❁❁❁❁❁❁❁❁❁❁❁\r\nરાહુ અને કેતુ કોઈપણ કુંડળીમાં 180 ડિગ્રી રેખા બનાવે છે અને એકબીજાથી સાત ઘર દૂર છે. જ્યારે બધા ગ્રહો આ 7 ઘરોમાં (રાહુ અને કેતુ વચ્ચે) આવે છે અને બાકીના પાંચ ઘરો ખાલી હોય છે, ત્યારે તેને કાલ સર્પ દોષ કહેવાય છે.\r\n\r\nતેથી આવશ્યકપણે જ્યારે કુંડળીમાં કાલ સર્પ દોષ હોય છે, ત્યારે બધા ગ્રહો રાહુ અને કેતુ વચ્ચે બંધાઈ જાય છે. આ તમારા જીવનમાં તેમના સકારાત્મક પરિણામો લાવવાની ગ્રહોની ક્ષમતાને મર્યાદિત કરે છે.\r\n\r\nકાલ સર્પ દોષના બાર પ્રકાર છે:\r\n\r\nઅનંત, કુલિકા, વાસુકી, શંખપાલ, પદ્મ, મહાપદ્મા, તક્ષક, કર્કોટક, શંખાચુર, ઘટક, વિષધર અને શેષ નાગ.\r\n\r\nઆ એક દુર્લભ દોષ છે અને તેને વૈદિક જ્યોતિષમાં અત્યંત અશુભ માનવામાં આવે છે. આ દોષ લગ્ન, કારકિર્દી, નાણાં, આરોગ્ય, બાળકો વગેરે સહિત જીવનમાં ઘણા સંઘર્ષોનું કારણ બને છે.'),
(591, 2, 22, 'Pitra Dosha', 'પિતૃ દોષ', 'gu', '❁❁❁❁❁❁❁❁❁❁❁\r\nપિત્ર દોષ શું છે\r\n❁❁❁❁❁❁❁❁❁❁❁\r\n\r\nવૈદિક જ્યોતિષમાં પિત્ર દોષ એ કર્મનું ઋણ છે જે તમારા પૂર્વજો દ્વારા તમને આપવામાં આવે છે. તમારા પૂર્વજોના કર્મો તમને આ પૂર્વજોના શ્રાપનો ભોગ બની શકે છે.\r\n\r\nજેમ તમે તમારા પૂર્વજો પાસેથી મિલકત અને સંપત્તિનો વારસો મેળવો છો, તેમ તમે તેમના ખરાબ કર્મોનો પણ વારસો મેળવો છો જે કુંડળીમાં સ્પષ્ટ રીતે દર્શાવેલ છે. કર્મના નિયમ પ્રમાણે સજા ભોગવીને ઋણ ચૂકવવું એ આવનારી પેઢીની ફરજ છે.\r\n\r\nવૈકલ્પિક રીતે, સારા કર્મ કરીને આ દેવું ઘટાડી શકાય છે અને તેના કારણે સજાની માત્રામાં ઘટાડો કરી શકાય છે.\r\n\r\nજો આમાંથી એક અથવા વધુ જ્યોતિષીય સંયોજનો સાચા હોય તો પિત્ર દોષ રચાય છે:\r\n\r\n➤રાહુ, કેતુ અથવા શનિ ચંદ્ર અથવા સૂર્ય સાથે જોડાણ બનાવે છે\r\n\r\n➤ કાં તો રાહુ અથવા કેતુ નવમા ઘરના સ્વામી અથવા પાંચમા ઘરના સ્વામી સાથે જોડાણ બનાવે છે\r\n\r\n➤રાહુ, કેતુ કે શનિ નવમા કે પાંચમા ઘરમાં\r\n\r\nપિતૃદોષની નકારાત્મક અસર દોષો બનાવતા ગ્રહો અને પિતૃ દોષની રચના કયા ઘર પર થાય છે તેના પર પણ આધાર રાખે છે. તમે એપના ઉપાય વિભાગમાં આ અશુભ દોષ માટેના ઉપાયો જોઈ શકો છો.\r\n\r\n વૈકલ્પિક રીતે, જો તમે ઈચ્છો છો કે અમે તમારી જન્માક્ષર કાળજીપૂર્વક વાંચીએ અને તમને વ્યક્તિગત ઉકેલો પ્રદાન કરીએ તો તમે એપના સ્થાપક સાથે ટેલિફોનિક પરામર્શનો વિકલ્પ પસંદ કરી શકો છો.'),
(593, 2, 15, 'Personality', 'व्यक्तित्व', 'ne', ''),
(594, 2, 16, 'Professional life', 'व्यावसायिक जीवन', 'ne', ''),
(595, 2, 17, 'Love Life and Marriage', 'प्रेम र वैवाहिक जीवन', 'ne', ''),
(596, 2, 18, 'Wealth', 'धन', 'ne', ''),
(597, 2, 19, 'Favorable/Unfavorable Periods', 'तपाईको जीवनको उत्कृष्ट अवधि', 'ne', ''),
(598, 2, 20, 'Manglik Dosha', 'मांगलिक दोष', 'ne', ''),
(599, 2, 21, 'Kaal Sarpa Dosha', 'काल सर्प दोष', 'ne', '❁❁❁❁❁❁❁❁❁❁❁\r\nकाल सर्प दोष के हो\r\n❁❁❁❁❁❁❁❁❁❁❁\r\nराहु र केतु कुनै पनि राशिफलमा १८० डिग्री रेखा बनाउँछन् र एकअर्काबाट सात घर टाढा हुन्छन्। जब सबै ग्रहहरू यी सात घरहरूमा (राहु र केतुको बीचमा) आउँछन् र बाँकी पाँच घरहरू खाली हुन्छन्, त्यसलाई काल सर्प दोष भनिन्छ।\r\n\r\nत्यसैले अनिवार्य रूपमा जब कुंडलीमा काल सर्प दोष हुन्छ, सबै ग्रहहरू राहु र केतुको बीचमा सीमित हुन्छन्। यसले तपाईंको जीवनमा सकारात्मक परिणाम ल्याउने ग्रहहरूको क्षमतालाई सीमित गर्दछ।\r\n\r\nकाल सर्प दोषका बाह्र प्रकार छन्:\r\n\r\nअनन्त, कुलिका, वासुकी, शंखपाल, पद्म, महापद्म, तक्षक, कर्कोटक, शंखाचुर, घटक, विषधर र शेष नाग।\r\n\r\nयो एक दुर्लभ दोष हो र वैदिक ज्योतिष मा अत्यधिक अशुभ मानिन्छ। यो दोषले विवाह, करियर, वित्त, स्वास्थ्य, सन्तान आदि सहित जीवनमा धेरै संघर्षहरू निम्त्याउँछ।'),
(600, 2, 22, 'Pitra Dosha', 'पितृ दोष', 'ne', '❁❁❁❁❁❁❁❁❁❁❁\r\nपितृ दोष के हो\r\n❁❁❁❁❁❁❁❁❁❁❁\r\n\r\nवैदिक ज्योतिषमा पितृ दोष भनेको कर्म ऋण हो जुन तपाइँको पुर्खाहरु द्वारा तपाइँलाई हस्तान्तरण गरिएको छ। तिम्रो पुर्खाको कर्मले तिमीलाई यो पितृ श्रापको पीडा दिन सक्छ।\r\n\r\nजसरी तिमीले आफ्नो पुर्खाबाट सम्पत्ति र सम्पत्ति पाउछौ, त्यसरी नै तिमीले कुंडलीमा प्रष्ट उल्लेख गरेको खराब कर्मको पनि उत्तराधिकारी हुन्छौ। कर्मको नियम अनुसार सजाय भोगेर ऋण चुक्ता गर्नु भावी पुस्ताको कर्तव्य हो ।\r\n\r\nवैकल्पिक रूपमा, यो ऋण राम्रो कर्म गरेर कम गर्न सकिन्छ र यसरी दण्डको डिग्री कम गर्न सकिन्छ।\r\n\r\nयदि यी मध्ये एक वा धेरै ज्योतिषीय संयोजनहरू सत्य भएमा पितृदोष बनाइन्छ:\r\n\r\n➤राहु, केतु वा शनि चन्द्रमा वा सूर्यसँगको संयोजन\r\n\r\n➤ या त राहु वा केतु, नवौं घरको स्वामी वा पाँचौं घरको स्वामीसँग\r\n\r\n➤राहु, केतु वा शनि नवौं वा पाँचौं घरमा\r\n\r\nपितृदोषको नकरात्मक प्रभाव दोष बनाउने ग्रह र पितृदोष बन्ने घरमा पनि निर्भर गर्दछ। यस अशुभ दोषको उपचार एपको रेमेडी सेक्शनमा हेर्न सक्नुहुन्छ।\r\n\r\n वैकल्पिक रूपमा, यदि तपाइँ हामीले तपाइँको राशिफल सावधानीपूर्वक पढ्न र तपाइँलाई व्यक्तिगत समाधान प्रदान गर्न चाहनुहुन्छ भने तपाइँ एप को संस्थापक संग टेलिफोनिक परामर्श को लागी रोज्न सक्नुहुन्छ।'),
(614, 3, 24, 'Financial Life', 'Your Financial Life in 2025', 'en', ''),
(615, 3, 25, 'Your Career', 'Your Career in 2025', 'en', ''),
(616, 3, 26, 'Love Life', 'Your Love Life in 2025', 'en', ''),
(617, 3, 27, 'Monthly Prediction', 'Monthly Prediction', 'en', ''),
(618, 3, 28, 'Good/Bad Period', 'Good / Bad periods 2024', 'en', ''),
(619, 3, 29, 'Tips for the Year', 'Tips for 2025', 'en', ''),
(620, 3, 24, 'Transits this Month', 'Transits en 2024', 'fr', ''),
(621, 3, 25, 'Career', 'Carrière en 2025', 'fr', ''),
(622, 3, 26, 'Love Life', 'Aimer la vie en 2024', 'fr', ''),
(623, 3, 27, 'Wealth', 'La vie financière en 2024', 'fr', ''),
(624, 3, 28, 'Favorable/Unfavorable Days', 'Bonne/Mauvaise phase-2024', 'fr', ''),
(625, 3, 29, 'Tips for the Month', 'Conseils pour 2024', 'fr', ''),
(626, 3, 24, 'Transits this Month', 'Транзиты в 2024', 'ru', ''),
(627, 3, 25, 'Career', 'Карьера в 2024 году', 'ru', ''),
(628, 3, 26, 'Love Life', 'Любовная жизнь - 2024', 'ru', ''),
(629, 3, 27, 'Wealth', 'Финансовая жизнь -2024', 'ru', ''),
(630, 3, 28, 'Favorable/Unfavorable Days', 'Хорошая/плохая фаза -2024', 'ru', ''),
(631, 3, 29, 'Tips for the Month', 'Советы на 2024 год', 'ru', ''),
(632, 3, 24, 'Transits this Month', '行星过境 2024', 'zh', ''),
(633, 3, 25, 'Career', '2024年的职业生涯', 'zh', ''),
(634, 3, 26, 'Love Life', '2024年的爱情生活', 'zh', ''),
(635, 3, 27, 'Wealth', '2024年的金融生活', 'zh', ''),
(636, 3, 28, 'Favorable/Unfavorable Days', '好/坏时期 - 2024', 'zh', ''),
(637, 3, 29, 'Tips for the Month', '2024 年小贴士', 'zh', ''),
(638, 3, 24, 'Transits this Month', 'Tránsitos en 2025', 'es', ''),
(639, 3, 25, 'Career', 'Carrera en 2025', 'es', ''),
(640, 3, 26, 'Love Life', 'Vida amorosa en 2024', 'es', ''),
(641, 3, 27, 'Wealth', 'Vida financiera en 2025', 'es', ''),
(642, 3, 28, 'Favorable/Unfavorable Days', 'Períodos buenos/malos-2024', 'es', ''),
(643, 3, 29, 'Tips for the Month', 'Consejos para 2024', 'es', ''),
(644, 3, 24, 'Transits this Month', '2024 সালের ট্রানজিট', 'bn', ''),
(645, 3, 25, 'Career', 'পেশাগত জীবন - 2024', 'bn', ''),
(646, 3, 26, 'Love Life', 'প্রেম এবং বিবাহিত জীবন - 2024', 'bn', ''),
(647, 3, 27, 'Wealth', '2024 সালে আর্থিক জীবন', 'bn', ''),
(648, 3, 28, 'Favorable/Unfavorable Days', 'ভালো/খারাপ সময়কাল-2024', 'bn', ''),
(649, 3, 29, 'Tips for the Month', '2024 এর জন্য টিপস', 'bn', ''),
(650, 3, 24, 'Transits this Month', '2024 యొక్క రవాణా', 'te', ''),
(651, 3, 25, 'Career', '2024 లో వృత్తి జీవితం', 'te', ''),
(652, 3, 26, 'Love Life', 'ప్రేమ మరియు వైవాహిక జీవితం - 2024', 'te', ''),
(653, 3, 27, 'Wealth', '2024 లో ఆర్థిక జీవితం', 'te', ''),
(654, 3, 28, 'Favorable/Unfavorable Days', 'మంచి/చెడు కాలాలు-2024', 'te', ''),
(655, 3, 29, 'Tips for the Month', '2024 కోసం చిట్కాలు', 'te', ''),
(656, 3, 24, 'Transits this Month', '2024 இன் போக்குவரத்துகள்', 'ta', ''),
(657, 3, 25, 'Career', '2024 இல் தொழில்', 'ta', ''),
(658, 3, 26, 'Love Life', 'காதல் வாழ்க்கை - 2024', 'ta', ''),
(659, 3, 27, 'Wealth', '2024 இல் நிதி வாழ்க்கை', 'ta', ''),
(660, 3, 28, 'Favorable/Unfavorable Days', 'நல்ல/கெட்ட காலங்கள்-2024', 'ta', ''),
(661, 3, 29, 'Tips for the Month', 'டிப்ஸ் - 2024', 'ta', ''),
(662, 3, 24, 'Transits this Month', '2024 चे गोचर', 'mr', ''),
(663, 3, 25, 'Career', '2024 मध्ये करिअर', 'mr', ''),
(664, 3, 26, 'Love Life', '2024 मध्ये प्रेम आणि वैवाहिक जीवन ', 'mr', ''),
(665, 3, 27, 'Wealth', '2024 मध्ये आर्थिक जीवन', 'mr', ''),
(666, 3, 28, 'Favorable/Unfavorable Days', 'शुभ आणि अशुभ कालावधी - 2024', 'mr', ''),
(667, 3, 29, 'Tips for the Month', '2024 साठी टिप्स', 'mr', '');
INSERT INTO `lang_app_menu` (`id`, `main_menu_id`, `sub_menu_id`, `full_name`, `name`, `lang_type`, `header_text`) VALUES
(668, 3, 24, 'Transits this Month', '2024 ರ ಸಾರಿಗೆಗಳು', 'kn', ''),
(669, 3, 25, 'Career', '2024 ರಲ್ಲಿ ವೃತ್ತಿಜೀವನ', 'kn', ''),
(670, 3, 26, 'Love Life', 'ಪ್ರೀತಿ ಮತ್ತು ವೈವಾಹಿಕ ಜೀವನ - 2024', 'kn', ''),
(671, 3, 27, 'Wealth', '2024 ರಲ್ಲಿ ಆರ್ಥಿಕ ಜೀವನ', 'kn', ''),
(672, 3, 28, 'Favorable/Unfavorable Days', 'ಒಳ್ಳೆಯ/ಕೆಟ್ಟ ಅವಧಿಗಳು-2024', 'kn', ''),
(673, 3, 29, 'Tips for the Month', '2024 ರ ಸಲಹೆಗಳು', 'kn', ''),
(674, 3, 24, 'Transits this Month', '2024-ലെ യാത്രകൾ', 'ml', ''),
(675, 3, 25, 'Career', '2024-ൽ കരിയർ', 'ml', ''),
(676, 3, 26, 'Love Life', 'പ്രണയവും വിവാഹ ജീവിതവും - 2024', 'ml', ''),
(677, 3, 27, 'Wealth', 'സാമ്പത്തിക ജീവിതം - 2024', 'ml', ''),
(678, 3, 28, 'Favorable/Unfavorable Days', 'നല്ല/മോശമായ ഘട്ടം - 2024', 'ml', ''),
(679, 3, 29, 'Tips for the Month', '2024-ലെ നുറുങ്ങുകൾ', 'ml', ''),
(680, 3, 24, 'Transits this Month', '2024 को गोचर ', 'ne', ''),
(681, 3, 25, 'Career', '2024 मा करियर', 'ne', ''),
(682, 3, 26, 'Love Life', '2024 मा प्रेम र वैवाहिक जीवन ', 'ne', ''),
(683, 3, 27, 'Wealth', '2024 मा आर्थिक जीवन', 'ne', ''),
(684, 3, 28, 'Favorable/Unfavorable Days', '2024 को शुभ र अशुभ दिन', 'ne', ''),
(685, 3, 29, 'Tips for the Month', '2024 को टिप्स', 'ne', ''),
(758, 5, -1, 'Gemstone & Remedies', 'வாழ்க்கைக்கு இரத்தினக்கல்', 'ta', ''),
(761, 5, -1, 'Gemstone & Remedies', 'జీవితం రత్నం', 'te', ''),
(762, 3, -1, 'Year Prediction', '2024 ના ગોચર', 'gu', ''),
(763, 5, -1, 'Gemstone & Remedies', 'જીવન રત્ન', 'gu', ''),
(764, 5, -1, 'Gemstone & Remedies', 'ಜೀವನಕ್ಕೆ ರತ್ನ', 'kn', ''),
(765, 5, -1, 'Gemstone & Remedies', 'जीवनासाठी रत्न', 'mr', ''),
(766, 5, -1, 'Gemstone & Remedies', 'জীবন রত্ন', 'bn', '');

-- --------------------------------------------------------

--
-- Table structure for table `lang_balance_number`
--

CREATE TABLE `lang_balance_number` (
  `id` int NOT NULL,
  `balance_number_id` smallint NOT NULL,
  `lang_type` varchar(255) CHARACTER SET utf8mb4 COLLATE utf8mb4_general_ci NOT NULL,
  `description` text CHARACTER SET utf8mb4 COLLATE utf8mb4_general_ci NOT NULL
) ENGINE=InnoDB DEFAULT CHARSET=utf8mb4 COLLATE=utf8mb4_general_ci;

-- --------------------------------------------------------

--
-- Table structure for table `lang_birthday_number`
--

CREATE TABLE `lang_birthday_number` (
  `id` int NOT NULL,
  `birthday_number_id` smallint NOT NULL,
  `lang_type` varchar(255) CHARACTER SET utf8mb4 COLLATE utf8mb4_general_ci NOT NULL,
  `description` text CHARACTER SET utf8mb4 COLLATE utf8mb4_general_ci NOT NULL
) ENGINE=InnoDB DEFAULT CHARSET=utf8mb4 COLLATE=utf8mb4_general_ci;

-- --------------------------------------------------------

--
-- Table structure for table `lang_challenge_numbers`
--

CREATE TABLE `lang_challenge_numbers` (
  `id` int NOT NULL,
  `challenge_numbers_id` smallint NOT NULL,
  `lang_type` varchar(255) CHARACTER SET utf8mb4 COLLATE utf8mb4_general_ci NOT NULL,
  `description` text CHARACTER SET utf8mb4 COLLATE utf8mb4_general_ci NOT NULL
) ENGINE=InnoDB DEFAULT CHARSET=utf8mb4 COLLATE=utf8mb4_general_ci;

-- --------------------------------------------------------

--
-- Table structure for table `lang_expression_number`
--

CREATE TABLE `lang_expression_number` (
  `id` int NOT NULL,
  `expression_number_id` smallint NOT NULL,
  `lang_type` varchar(255) CHARACTER SET utf8mb4 COLLATE utf8mb4_general_ci NOT NULL,
  `description` text CHARACTER SET utf8mb4 COLLATE utf8mb4_general_ci NOT NULL
) ENGINE=InnoDB DEFAULT CHARSET=utf8mb4 COLLATE=utf8mb4_general_ci;

--
-- Dumping data for table `lang_expression_number`
--

INSERT INTO `lang_expression_number` (`id`, `expression_number_id`, `lang_type`, `description`) VALUES
(1, 1, 'en', 'expression no 1'),
(2, 2, 'en', ''),
(3, 3, 'en', ''),
(4, 4, 'en', ''),
(5, 5, 'en', ''),
(6, 6, 'en', ''),
(7, 7, 'en', ''),
(8, 8, 'en', ''),
(9, 9, 'en', ''),
(10, 10, 'en', ''),
(11, 11, 'en', ''),
(12, 12, 'en', '');

-- --------------------------------------------------------

--
-- Table structure for table `lang_hidden_passion_number`
--

CREATE TABLE `lang_hidden_passion_number` (
  `id` int NOT NULL,
  `hidden_passion_number_id` smallint NOT NULL,
  `lang_type` varchar(255) CHARACTER SET utf8mb4 COLLATE utf8mb4_general_ci NOT NULL,
  `description` text CHARACTER SET utf8mb4 COLLATE utf8mb4_general_ci NOT NULL
) ENGINE=InnoDB DEFAULT CHARSET=utf8mb4 COLLATE=utf8mb4_general_ci;

-- --------------------------------------------------------

--
-- Table structure for table `lang_karmic_debt_numbers`
--

CREATE TABLE `lang_karmic_debt_numbers` (
  `id` int NOT NULL,
  `karmic_debt_numbers_id` int NOT NULL,
  `lang_type` varchar(255) NOT NULL,
  `description` text CHARACTER SET utf8mb4 COLLATE utf8mb4_0900_ai_ci NOT NULL,
  `no_match` text NOT NULL
) ENGINE=InnoDB DEFAULT CHARSET=utf8mb3;

--
-- Dumping data for table `lang_karmic_debt_numbers`
--

INSERT INTO `lang_karmic_debt_numbers` (`id`, `karmic_debt_numbers_id`, `lang_type`, `description`, `no_match`) VALUES
(1, 6, 'en', 'a14', 'no match 14'),
(2, 7, 'en', 'b14', ''),
(3, 8, 'en', 'c14', ''),
(4, 9, 'en', 'd14', ''),
(5, 10, 'en', 'e14', ''),
(6, 1, 'en', 'b', 'no match  13'),
(7, 2, 'en', 'ef', ''),
(8, 3, 'en', '', ''),
(9, 4, 'en', '', ''),
(10, 5, 'en', '', '');

-- --------------------------------------------------------

--
-- Table structure for table `lang_karmic_lessons`
--

CREATE TABLE `lang_karmic_lessons` (
  `id` int NOT NULL,
  `karmic_lessons_id` smallint NOT NULL,
  `lang_type` varchar(255) CHARACTER SET utf8mb4 COLLATE utf8mb4_general_ci NOT NULL,
  `description` text CHARACTER SET utf8mb4 COLLATE utf8mb4_general_ci NOT NULL,
  `no_match` text CHARACTER SET utf8mb4 COLLATE utf8mb4_general_ci NOT NULL
) ENGINE=InnoDB DEFAULT CHARSET=utf8mb4 COLLATE=utf8mb4_general_ci;

--
-- Dumping data for table `lang_karmic_lessons`
--

INSERT INTO `lang_karmic_lessons` (`id`, `karmic_lessons_id`, `lang_type`, `description`, `no_match`) VALUES
(1, 1, 'en', '', ''),
(2, 2, 'en', '', ''),
(3, 3, 'en', '', ''),
(4, 4, 'en', '', ''),
(5, 5, 'en', '', ''),
(6, 6, 'en', '', ''),
(7, 7, 'en', '', ''),
(8, 8, 'en', '', ''),
(9, 9, 'en', '', ''),
(10, 10, 'en', '', ''),
(11, 11, 'en', '', ''),
(12, 12, 'en', '', '');

-- --------------------------------------------------------

--
-- Table structure for table `lang_life_path_number`
--

CREATE TABLE `lang_life_path_number` (
  `id` int NOT NULL,
  `life_path_number_id` smallint NOT NULL,
  `lang_type` varchar(255) CHARACTER SET utf8mb4 COLLATE utf8mb4_general_ci NOT NULL,
  `description` text CHARACTER SET utf8mb4 COLLATE utf8mb4_general_ci NOT NULL
) ENGINE=InnoDB DEFAULT CHARSET=utf8mb4 COLLATE=utf8mb4_general_ci;

--
-- Dumping data for table `lang_life_path_number`
--

INSERT INTO `lang_life_path_number` (`id`, `life_path_number_id`, `lang_type`, `description`) VALUES
(1, 2, 'en', ''),
(2, 1, 'en', 'life path no 1'),
(3, 3, 'en', ''),
(4, 4, 'en', ''),
(5, 5, 'en', ''),
(6, 6, 'en', ''),
(7, 7, 'en', ''),
(8, 8, 'en', ''),
(9, 9, 'en', ''),
(10, 10, 'en', ''),
(11, 11, 'en', ''),
(12, 12, 'en', '');

-- --------------------------------------------------------

--
-- Table structure for table `lang_life_prediction`
--

CREATE TABLE `lang_life_prediction` (
  `id` int NOT NULL,
  `app_menu_id` int NOT NULL,
  `life_prediction_id` int NOT NULL,
  `lang_type` varchar(255) NOT NULL,
  `description` text NOT NULL
) ENGINE=InnoDB DEFAULT CHARSET=utf8mb3;

--
-- Dumping data for table `lang_life_prediction`
--

INSERT INTO `lang_life_prediction` (`id`, `app_menu_id`, `life_prediction_id`, `lang_type`, `description`) VALUES
(1, 36, 1, 'en', 'LP1 + XP 1'),
(2, 15, 2, 'en', 'LP 1 XP 2'),
(3, 15, 3, 'en', 'LP 1 XP 3'),
(4, 15, 4, 'en', 'LP 1 XP 4'),
(5, 15, 5, 'en', ''),
(6, 15, 6, 'en', ''),
(7, 15, 7, 'en', ''),
(8, 15, 8, 'en', ''),
(9, 15, 9, 'en', ''),
(10, 15, 10, 'en', ''),
(11, 15, 11, 'en', ''),
(12, 15, 12, 'en', ''),
(13, 15, 13, 'hi', 'LP 1 XP 1 HI'),
(14, 15, 14, 'hi', 'LP 1 XP 2 HI'),
(15, 15, 15, 'hi', 'LP 1 XP 3 HI'),
(16, 15, 16, 'hi', 'LP 1 XP 4 HI'),
(17, 15, 17, 'hi', ''),
(18, 15, 18, 'hi', ''),
(19, 15, 19, 'hi', ''),
(20, 15, 20, 'hi', ''),
(21, 15, 21, 'hi', ''),
(22, 15, 22, 'hi', ''),
(23, 15, 23, 'hi', ''),
(24, 15, 24, 'hi', ''),
(25, 36, 577, 'en', 'LP1 + XP1'),
(26, 36, 578, 'en', 'LP1 + XP2'),
(27, 36, 579, 'en', 'LP1 + XP3'),
(28, 36, 580, 'en', ''),
(29, 36, 581, 'en', ''),
(30, 36, 582, 'en', ''),
(31, 36, 583, 'en', ''),
(32, 36, 584, 'en', ''),
(33, 36, 585, 'en', ''),
(34, 36, 586, 'en', ''),
(35, 36, 587, 'en', ''),
(36, 36, 588, 'en', ''),
(37, 36, 577, 'hi', 'LP1 + XP1 HI'),
(38, 36, 578, 'hi', ''),
(39, 36, 579, 'hi', ''),
(40, 36, 580, 'hi', ''),
(41, 36, 581, 'hi', ''),
(42, 36, 582, 'hi', ''),
(43, 36, 583, 'hi', ''),
(44, 36, 584, 'hi', ''),
(45, 36, 585, 'hi', ''),
(46, 36, 586, 'hi', ''),
(47, 36, 587, 'hi', ''),
(48, 36, 588, 'hi', ''),
(49, 15, 1, 'hi', 'Personility  LP1 EX1 HI'),
(50, 15, 109, 'en', ''),
(51, 15, 110, 'en', 'Personility  LP11 EX2'),
(52, 15, 111, 'en', ''),
(53, 15, 112, 'en', ''),
(54, 15, 113, 'en', ''),
(55, 15, 114, 'en', ''),
(56, 15, 115, 'en', ''),
(57, 15, 116, 'en', ''),
(58, 15, 117, 'en', ''),
(59, 15, 118, 'en', ''),
(60, 15, 119, 'en', ''),
(61, 15, 120, 'en', '');

-- --------------------------------------------------------

--
-- Table structure for table `lang_maturity_number`
--

CREATE TABLE `lang_maturity_number` (
  `id` int NOT NULL,
  `maturity_number_id` smallint NOT NULL,
  `lang_type` varchar(255) CHARACTER SET utf8mb4 COLLATE utf8mb4_general_ci NOT NULL,
  `description` text CHARACTER SET utf8mb4 COLLATE utf8mb4_general_ci NOT NULL
) ENGINE=InnoDB DEFAULT CHARSET=utf8mb4 COLLATE=utf8mb4_general_ci;

--
-- Dumping data for table `lang_maturity_number`
--

INSERT INTO `lang_maturity_number` (`id`, `maturity_number_id`, `lang_type`, `description`) VALUES
(1, 1, 'hi', 'Maturity Number no 1'),
(2, 2, 'hi', ''),
(3, 3, 'hi', ''),
(4, 4, 'hi', ''),
(5, 5, 'hi', ''),
(6, 6, 'hi', ''),
(7, 7, 'hi', ''),
(8, 8, 'hi', ''),
(9, 9, 'hi', ''),
(10, 10, 'hi', ''),
(11, 11, 'hi', ''),
(12, 12, 'hi', '');

-- --------------------------------------------------------

--
-- Table structure for table `lang_personality_number`
--

CREATE TABLE `lang_personality_number` (
  `id` int NOT NULL,
  `personality_number_id` smallint NOT NULL,
  `lang_type` varchar(255) CHARACTER SET utf8mb4 COLLATE utf8mb4_general_ci NOT NULL,
  `description` text CHARACTER SET utf8mb4 COLLATE utf8mb4_general_ci NOT NULL
) ENGINE=InnoDB DEFAULT CHARSET=utf8mb4 COLLATE=utf8mb4_general_ci;

-- --------------------------------------------------------

--
-- Table structure for table `lang_personal_day_numbers`
--

CREATE TABLE `lang_personal_day_numbers` (
  `id` int NOT NULL,
  `personal_day_numbers_id` smallint NOT NULL,
  `lang_type` varchar(255) CHARACTER SET utf8mb4 COLLATE utf8mb4_general_ci NOT NULL,
  `description` text CHARACTER SET utf8mb4 COLLATE utf8mb4_general_ci NOT NULL
) ENGINE=InnoDB DEFAULT CHARSET=utf8mb4 COLLATE=utf8mb4_general_ci;

-- --------------------------------------------------------

--
-- Table structure for table `lang_personal_month`
--

CREATE TABLE `lang_personal_month` (
  `id` int NOT NULL,
  `personal_month_id` smallint NOT NULL,
  `lang_type` varchar(255) CHARACTER SET utf8mb4 COLLATE utf8mb4_general_ci NOT NULL,
  `description` text CHARACTER SET utf8mb4 COLLATE utf8mb4_general_ci NOT NULL
) ENGINE=InnoDB DEFAULT CHARSET=utf8mb4 COLLATE=utf8mb4_general_ci;

-- --------------------------------------------------------

--
-- Table structure for table `lang_personal_year_number`
--

CREATE TABLE `lang_personal_year_number` (
  `id` int NOT NULL,
  `personal_year_number_id` smallint NOT NULL,
  `lang_type` varchar(255) CHARACTER SET utf8mb4 COLLATE utf8mb4_general_ci NOT NULL,
  `description` text CHARACTER SET utf8mb4 COLLATE utf8mb4_general_ci NOT NULL
) ENGINE=InnoDB DEFAULT CHARSET=utf8mb4 COLLATE=utf8mb4_general_ci;

-- --------------------------------------------------------

--
-- Table structure for table `lang_pinnacle_numbers`
--

CREATE TABLE `lang_pinnacle_numbers` (
  `id` int NOT NULL,
  `pinnacle_numbers_id` smallint NOT NULL,
  `lang_type` varchar(255) CHARACTER SET utf8mb4 COLLATE utf8mb4_general_ci NOT NULL,
  `description` text CHARACTER SET utf8mb4 COLLATE utf8mb4_general_ci NOT NULL
) ENGINE=InnoDB DEFAULT CHARSET=utf8mb4 COLLATE=utf8mb4_general_ci;

-- --------------------------------------------------------

--
-- Table structure for table `lang_remedies`
--

CREATE TABLE `lang_remedies` (
  `id` int NOT NULL,
  `app_menu_id` int NOT NULL,
  `remedies_id` int NOT NULL,
  `lang_type` varchar(255) NOT NULL,
  `description` text NOT NULL
) ENGINE=InnoDB DEFAULT CHARSET=utf8mb3;

--
-- Dumping data for table `lang_remedies`
--

INSERT INTO `lang_remedies` (`id`, `app_menu_id`, `remedies_id`, `lang_type`, `description`) VALUES
(1, 36, 1, 'en', 'Life Gemstone LP1 + XP1');

-- --------------------------------------------------------

--
-- Table structure for table `lang_soul_urge_number`
--

CREATE TABLE `lang_soul_urge_number` (
  `id` int NOT NULL,
  `soul_urge_number_id` smallint NOT NULL,
  `lang_type` varchar(255) CHARACTER SET utf8mb4 COLLATE utf8mb4_general_ci NOT NULL,
  `description` text CHARACTER SET utf8mb4 COLLATE utf8mb4_general_ci NOT NULL
) ENGINE=InnoDB DEFAULT CHARSET=utf8mb4 COLLATE=utf8mb4_general_ci;

--
-- Dumping data for table `lang_soul_urge_number`
--

INSERT INTO `lang_soul_urge_number` (`id`, `soul_urge_number_id`, `lang_type`, `description`) VALUES
(1, 1, 'en', 'soul urge no 1'),
(2, 2, 'en', ''),
(3, 3, 'en', ''),
(4, 4, 'en', ''),
(5, 5, 'en', ''),
(6, 6, 'en', ''),
(7, 7, 'en', ''),
(8, 8, 'en', ''),
(9, 9, 'en', ''),
(10, 10, 'en', ''),
(11, 11, 'en', ''),
(12, 12, 'en', ''),
(13, 1, 'hi', 'soul urge no 1 in hi'),
(14, 2, 'hi', ''),
(15, 3, 'hi', ''),
(16, 4, 'hi', ''),
(17, 5, 'hi', ''),
(18, 6, 'hi', ''),
(19, 7, 'hi', ''),
(20, 8, 'hi', ''),
(21, 9, 'hi', ''),
(22, 10, 'hi', ''),
(23, 11, 'hi', ''),
(24, 12, 'hi', '');

-- --------------------------------------------------------

--
-- Table structure for table `lang_tvam_premium`
--

CREATE TABLE `lang_tvam_premium` (
  `id` int NOT NULL,
  `tvam_premium_id` int NOT NULL,
  `lang_type` varchar(255) NOT NULL,
  `description` longtext CHARACTER SET utf8mb4 COLLATE utf8mb4_0900_ai_ci NOT NULL
) ENGINE=InnoDB DEFAULT CHARSET=utf8mb3;

--
-- Dumping data for table `lang_tvam_premium`
--

INSERT INTO `lang_tvam_premium` (`id`, `tvam_premium_id`, `lang_type`, `description`) VALUES
(1, 1, 'en', '✅ Click on Planets and Zodiacs and see what they mean for you. Generate unlimited charts !'),
(2, 2, 'en', '✅ Unlock all features in the App'),
(3, 3, 'en', '✅ Free fifteen Minutes audio/video consultation \r\n'),
(4, 4, 'en', '✅ Read your horoscope like a professional astrologer\r\n'),
(5, 5, 'en', '✅ Unlock 60+ page Life Report\r\n'),
(6, 1, 'fr', 'Déverrouillez toutes les prévisions pour des horoscopes illimités!\r\n'),
(7, 2, 'fr', 'Débloquez toutes les fonctionnalités de l\'application'),
(8, 3, 'fr', 'Consultation audio/vidéo gratuite de quinze minutes'),
(9, 4, 'fr', 'Lisez votre horoscope comme un astrologue professionnel'),
(10, 5, 'fr', 'Débloquez plus de 60 pages de rapport de vie'),
(11, 1, 'hi', 'असीमित कुंडलियों के लिए सभी भविष्यवाणियों को अनलॉक करें!\r\n'),
(12, 2, 'hi', 'ऐप में सभी फीचर्स को अनलॉक करें'),
(13, 3, 'hi', 'निःशुल्क पंद्रह मिनट ऑडियो/वीडियो परामर्श'),
(14, 4, 'hi', 'एक पेशेवर ज्योतिषी की तरह पढ़ें अपना राशिफल'),
(15, 5, 'hi', '60+ पेज लाइफ रिपोर्ट अनलॉक करें'),
(16, 1, 'zh', '解锁所有关于无限星座运势的预测！\r\n'),
(17, 2, 'zh', '解锁应用程序中的所有功能'),
(18, 3, 'zh', '免费十五分钟视听咨询'),
(19, 4, 'zh', '像专业占星家一样阅读你的星座'),
(20, 5, 'zh', '解锁 60 多页生活报告'),
(21, 1, 'es', '¡Desbloquea todas las predicciones para horóscopos ilimitados!\r\n'),
(22, 2, 'es', 'Desbloquea todas las funciones de la aplicación'),
(23, 3, 'es', 'Consulta gratuita de audio/video de quince minutos'),
(24, 4, 'es', 'Lee tu horóscopo como un astrólogo profesional'),
(25, 5, 'es', 'Desbloquee el Informe de vida de más de 60 páginas'),
(26, 1, 'bn', 'সীমাহীন রাশিফলের জন্য সমস্ত পূর্বাভাস আনলক করুন!\r\n'),
(27, 2, 'bn', 'অ্যাপের সমস্ত বৈশিষ্ট্য আনলক করুন'),
(28, 3, 'bn', 'বিনামূল্যে পনের মিনিটের অডিও/ভিডিও পরামর্শ'),
(29, 4, 'bn', 'একজন পেশাদার জ্যোতিষীর মত আপনার রাশিফল ​​পড়ুন'),
(30, 5, 'bn', '60+ পৃষ্ঠার জীবন প্রতিবেদন আনলক করুন'),
(31, 1, 'ru', 'Разблокируйте все прогнозы для неограниченных гороскопов!\r\n'),
(32, 2, 'ru', 'Разблокируйте все функции в приложении'),
(33, 3, 'ru', 'Бесплатная пятнадцатиминутная аудио/видео консультация'),
(34, 4, 'ru', 'Читайте свой гороскоп как профессиональный астролог'),
(35, 5, 'ru', 'Разблокировать 60+ страниц Life Report'),
(36, 1, 'te', 'అపరిమిత జాతకాల కోసం అన్ని అంచనాలను అన్‌లాక్ చేయండి!\r\n'),
(37, 2, 'te', 'యాప్‌లోని అన్ని ఫీచర్‌లను అన్‌లాక్ చేయండి'),
(38, 3, 'te', 'ఉచిత పదిహేను నిమిషాల ఆడియో/వీడియో సంప్రదింపులు'),
(39, 4, 'te', 'వృత్తిపరమైన జ్యోతిష్కుడిలా మీ జాతకాన్ని చదవండి'),
(40, 5, 'te', '60+ పేజీల జీవిత నివేదికను అన్‌లాక్ చేయండి'),
(41, 1, 'ta', 'வரம்பற்ற ஜாதகங்களுக்கான அனைத்து கணிப்புகளையும் திறக்கவும்!\r\n'),
(42, 2, 'ta', 'பயன்பாட்டில் உள்ள அனைத்து அம்சங்களையும் திறக்கவும்'),
(43, 3, 'ta', 'இலவச பதினைந்து நிமிட ஆடியோ/வீடியோ ஆலோசனை'),
(44, 4, 'ta', 'ஒரு தொழில்முறை ஜோதிடரைப் போல உங்கள் ஜாதகத்தைப் படியுங்கள்'),
(45, 5, 'ta', '60+ பக்க வாழ்க்கை அறிக்கையைத் திறக்கவும்'),
(46, 1, 'mr', 'अमर्यादित जन्मकुंडल्यांसाठी सर्व भविष्यवाण्या अनलॉक करा!\r\n'),
(47, 2, 'mr', 'ऐपमधील सर्व वैशिष्ट्ये अनलॉक करा'),
(48, 3, 'mr', 'विनामूल्य पंधरा मिनिटांचा ऑडिओ/व्हिडिओ सल्लामसलत'),
(49, 4, 'mr', 'तज्ञ ज्योतिष्याप्रमाणे तुमची कुंडली वाचा'),
(50, 5, 'mr', '60+ पृष्ठ जीवन अहवाल अनलॉक करा'),
(51, 1, 'kn', 'ಅನಿಯಮಿತ ಜಾತಕಕ್ಕಾಗಿ ಎಲ್ಲಾ ಮುನ್ನೋಟಗಳನ್ನು ಅನ್ಲಾಕ್ ಮಾಡಿ!\r\n'),
(52, 2, 'kn', 'ಅಪ್ಲಿಕೇಶನ್‌ನಲ್ಲಿರುವ ಎಲ್ಲಾ ವೈಶಿಷ್ಟ್ಯಗಳನ್ನು ಅನ್‌ಲಾಕ್ ಮಾಡಿ'),
(53, 3, 'kn', 'ಉಚಿತ ಹದಿನೈದು ನಿಮಿಷಗಳ ಆಡಿಯೋ/ವೀಡಿಯೋ ಸಮಾಲೋಚನೆ'),
(54, 4, 'kn', 'ಪರಿಣಿತ ಜ್ಯೋತಿಷಿಯಂತೆ ನಿಮ್ಮ ಜಾತಕವನ್ನು ಓದಿ'),
(55, 5, 'kn', '60+ ಪುಟಗಳ ಜೀವನ ವರದಿಯನ್ನು ಅನ್‌ಲಾಕ್ ಮಾಡಿ'),
(56, 1, 'ml', 'പരിധിയില്ലാത്ത ജാതകങ്ങൾക്കായി എല്ലാ പ്രവചനങ്ങളും അൺലോക്കുചെയ്യുക!\r\n'),
(57, 2, 'ml', 'ആപ്പിലെ എല്ലാ ഫീച്ചറുകളും അൺലോക്ക് ചെയ്യുക'),
(58, 3, 'ml', 'സൗജന്യ പതിനഞ്ച് മിനിറ്റ് ഓഡിയോ/വീഡിയോ കൺസൾട്ടേഷൻ'),
(59, 4, 'ml', 'വിദഗ്ധ ജ്യോതിഷിയെപ്പോലെ നിങ്ങളുടെ ജാതകം വായിക്കുക'),
(60, 5, 'ml', '60+ പേജ് ലൈഫ് റിപ്പോർട്ട് അൺലോക്ക് ചെയ്യുക'),
(61, 1, 'gu', 'અમર્યાદિત જન્માક્ષરો માટે બધી આગાહીઓને અનલlockક કરો!\r\n'),
(62, 2, 'gu', 'એપ્લિકેશનમાં તમામ સુવિધાઓને અનલૉક કરો'),
(63, 3, 'gu', 'મફત પંદર મિનિટ ઓડિયો/વિડિયો પરામર્શ'),
(64, 4, 'gu', 'નિષ્ણાત જ્યોતિષની જેમ તમારી કુંડળી વાંચો'),
(65, 5, 'gu', '60+ પૃષ્ઠ લાઇફ રિપોર્ટ અનલૉક કરો'),
(66, 1, 'ne', 'असीमित राशिफलहरूका लागि सबै भविष्यवाणीहरू अनलक गर्नुहोस्!\r\n'),
(67, 2, 'ne', 'ऐपमा सबै सुविधाहरू अनलक गर्नुहोस्'),
(68, 3, 'ne', 'नि:शुल्क पन्ध्र मिनेट अडियो/भिडियो परामर्श'),
(69, 4, 'ne', 'विशेषज्ञ ज्योतिषी जस्तै आफ्नो राशिफल पढ्नुहोस्'),
(70, 5, 'ne', '६०+ पृष्ठको जीवन प्रतिवेदन अनलक गर्नुहोस्');

-- --------------------------------------------------------

--
-- Table structure for table `lang_year_prediction`
--

CREATE TABLE `lang_year_prediction` (
  `id` int NOT NULL,
  `app_menu_id` int NOT NULL,
  `year_prediction_id` int NOT NULL,
  `lang_type` varchar(255) NOT NULL,
  `description` text NOT NULL
) ENGINE=InnoDB DEFAULT CHARSET=utf8mb3;

--
-- Dumping data for table `lang_year_prediction`
--

INSERT INTO `lang_year_prediction` (`id`, `app_menu_id`, `year_prediction_id`, `lang_type`, `description`) VALUES
(1, 24, 1, 'en', 'Personal Year Number PY1 + XP1'),
(2, 15, 2, 'en', 'LP 1 XP 2'),
(3, 15, 3, 'en', 'LP 1 XP 3'),
(4, 15, 4, 'en', 'LP 1 XP 4'),
(5, 15, 5, 'en', ''),
(6, 15, 6, 'en', ''),
(7, 15, 7, 'en', ''),
(8, 15, 8, 'en', ''),
(9, 15, 9, 'en', ''),
(10, 15, 10, 'en', ''),
(11, 15, 11, 'en', ''),
(12, 15, 12, 'en', ''),
(13, 15, 13, 'hi', 'LP 1 XP 1 HI'),
(14, 15, 14, 'hi', 'LP 1 XP 2 HI'),
(15, 15, 15, 'hi', 'LP 1 XP 3 HI'),
(16, 15, 16, 'hi', 'LP 1 XP 4 HI'),
(17, 15, 17, 'hi', ''),
(18, 15, 18, 'hi', ''),
(19, 15, 19, 'hi', ''),
(20, 15, 20, 'hi', ''),
(21, 15, 21, 'hi', ''),
(22, 15, 22, 'hi', ''),
(23, 15, 23, 'hi', ''),
(24, 15, 24, 'hi', ''),
(25, 36, 577, 'en', 'LP1 + XP1'),
(26, 36, 578, 'en', 'LP1 + XP2'),
(27, 36, 579, 'en', 'LP1 + XP3'),
(28, 36, 580, 'en', ''),
(29, 36, 581, 'en', ''),
(30, 36, 582, 'en', ''),
(31, 36, 583, 'en', ''),
(32, 36, 584, 'en', ''),
(33, 36, 585, 'en', ''),
(34, 36, 586, 'en', ''),
(35, 36, 587, 'en', ''),
(36, 36, 588, 'en', ''),
(37, 36, 577, 'hi', 'LP1 + XP1 HI'),
(38, 36, 578, 'hi', ''),
(39, 36, 579, 'hi', ''),
(40, 36, 580, 'hi', ''),
(41, 36, 581, 'hi', ''),
(42, 36, 582, 'hi', ''),
(43, 36, 583, 'hi', ''),
(44, 36, 584, 'hi', ''),
(45, 36, 585, 'hi', ''),
(46, 36, 586, 'hi', ''),
(47, 36, 587, 'hi', ''),
(48, 36, 588, 'hi', ''),
(49, 24, 1, 'hi', ''),
(50, 24, 2, 'hi', ''),
(51, 24, 3, 'hi', ''),
(52, 24, 4, 'hi', 'Personal Year Number PY1 + XP4'),
(53, 24, 5, 'hi', ''),
(54, 24, 6, 'hi', ''),
(55, 24, 7, 'hi', ''),
(56, 24, 8, 'hi', ''),
(57, 24, 9, 'hi', ''),
(58, 24, 10, 'hi', 'Personal Year Number PY1 + XP11'),
(59, 24, 11, 'hi', ''),
(60, 24, 12, 'hi', '');

-- --------------------------------------------------------

--
-- Table structure for table `life_path_number`
--

CREATE TABLE `life_path_number` (
  `id` int NOT NULL,
  `number` smallint NOT NULL,
  `description` text CHARACTER SET utf8mb4 COLLATE utf8mb4_0900_ai_ci NOT NULL,
  `you_tube_link` text CHARACTER SET utf8mb4 COLLATE utf8mb4_0900_ai_ci
) ENGINE=InnoDB DEFAULT CHARSET=utf8mb4 COLLATE=utf8mb4_general_ci;

--
-- Dumping data for table `life_path_number`
--

INSERT INTO `life_path_number` (`id`, `number`, `description`, `you_tube_link`) VALUES
(1, 1, 'life path no 1', ''),
(2, 2, '', ''),
(3, 3, '', ''),
(4, 4, '', ''),
(5, 5, '', ''),
(6, 6, '', ''),
(7, 7, '', ''),
(8, 8, '', ''),
(9, 9, '', ''),
(10, 11, '', ''),
(11, 22, '', ''),
(12, 33, '', '');

-- --------------------------------------------------------

--
-- Table structure for table `life_prediction`
--

CREATE TABLE `life_prediction` (
  `id` int NOT NULL,
  `app_menu_id` int NOT NULL,
  `lifepath_no` smallint NOT NULL,
  `expression_no` smallint NOT NULL,
  `description` text NOT NULL,
  `you_tube_link` varchar(255) NOT NULL
) ENGINE=InnoDB DEFAULT CHARSET=utf8mb3;

--
-- Dumping data for table `life_prediction`
--

INSERT INTO `life_prediction` (`id`, `app_menu_id`, `lifepath_no`, `expression_no`, `description`, `you_tube_link`) VALUES
(1, 15, 1, 1, '', ''),
(2, 15, 1, 2, '', ''),
(3, 15, 1, 3, '', ''),
(4, 15, 1, 4, '', ''),
(5, 15, 1, 5, '', ''),
(6, 15, 1, 6, '', ''),
(7, 15, 1, 7, '', ''),
(8, 15, 1, 8, '', ''),
(9, 15, 1, 9, '', ''),
(10, 15, 1, 11, '', ''),
(11, 15, 1, 22, '', ''),
(12, 15, 1, 33, '', ''),
(13, 15, 2, 1, '', ''),
(14, 15, 2, 2, '', ''),
(15, 15, 2, 3, '', ''),
(16, 15, 2, 4, '', ''),
(17, 15, 2, 5, '', ''),
(18, 15, 2, 6, '', ''),
(19, 15, 2, 7, '', ''),
(20, 15, 2, 8, '', ''),
(21, 15, 2, 9, '', ''),
(22, 15, 2, 11, '', ''),
(23, 15, 2, 22, '', ''),
(24, 15, 2, 33, '', ''),
(25, 15, 3, 1, '', ''),
(26, 15, 3, 2, '', ''),
(27, 15, 3, 3, '', ''),
(28, 15, 3, 4, '', ''),
(29, 15, 3, 5, '', ''),
(30, 15, 3, 6, '', ''),
(31, 15, 3, 7, '', ''),
(32, 15, 3, 8, '', ''),
(33, 15, 3, 9, '', ''),
(34, 15, 3, 11, '', ''),
(35, 15, 3, 22, '', ''),
(36, 15, 3, 33, '', ''),
(37, 15, 4, 1, '', ''),
(38, 15, 4, 2, '', ''),
(39, 15, 4, 3, '', ''),
(40, 15, 4, 4, '', ''),
(41, 15, 4, 5, '', ''),
(42, 15, 4, 6, '', ''),
(43, 15, 4, 7, '', ''),
(44, 15, 4, 8, '', ''),
(45, 15, 4, 9, '', ''),
(46, 15, 4, 11, '', ''),
(47, 15, 4, 22, '', ''),
(48, 15, 4, 33, '', ''),
(49, 15, 5, 1, '', ''),
(50, 15, 5, 2, '', ''),
(51, 15, 5, 3, '', ''),
(52, 15, 5, 4, '', ''),
(53, 15, 5, 5, '', ''),
(54, 15, 5, 6, '', ''),
(55, 15, 5, 7, '', ''),
(56, 15, 5, 8, '', ''),
(57, 15, 5, 9, '', ''),
(58, 15, 5, 11, '', ''),
(59, 15, 5, 22, '', ''),
(60, 15, 5, 33, '', ''),
(61, 15, 6, 1, '', ''),
(62, 15, 6, 2, '', ''),
(63, 15, 6, 3, '', ''),
(64, 15, 6, 4, '', ''),
(65, 15, 6, 5, '', ''),
(66, 15, 6, 6, '', ''),
(67, 15, 6, 7, '', ''),
(68, 15, 6, 8, '', ''),
(69, 15, 6, 9, '', ''),
(70, 15, 6, 11, '', ''),
(71, 15, 6, 22, '', ''),
(72, 15, 6, 33, '', ''),
(73, 15, 7, 1, '', ''),
(74, 15, 7, 2, '', ''),
(75, 15, 7, 3, '', ''),
(76, 15, 7, 4, '', ''),
(77, 15, 7, 5, '', ''),
(78, 15, 7, 6, '', ''),
(79, 15, 7, 7, '', ''),
(80, 15, 7, 8, '', ''),
(81, 15, 7, 9, '', ''),
(82, 15, 7, 11, '', ''),
(83, 15, 7, 22, '', ''),
(84, 15, 7, 33, '', ''),
(85, 15, 8, 1, '', ''),
(86, 15, 8, 2, '', ''),
(87, 15, 8, 3, '', ''),
(88, 15, 8, 4, '', ''),
(89, 15, 8, 5, '', ''),
(90, 15, 8, 6, '', ''),
(91, 15, 8, 7, '', ''),
(92, 15, 8, 8, '', ''),
(93, 15, 8, 9, '', ''),
(94, 15, 8, 11, '', ''),
(95, 15, 8, 22, '', ''),
(96, 15, 8, 33, '', ''),
(97, 15, 9, 1, '', ''),
(98, 15, 9, 2, '', ''),
(99, 15, 9, 3, '', ''),
(100, 15, 9, 4, '', ''),
(101, 15, 9, 5, '', ''),
(102, 15, 9, 6, '', ''),
(103, 15, 9, 7, '', ''),
(104, 15, 9, 8, '', ''),
(105, 15, 9, 9, '', ''),
(106, 15, 9, 11, '', ''),
(107, 15, 9, 22, '', ''),
(108, 15, 9, 33, '', ''),
(109, 15, 11, 1, '', ''),
(110, 15, 11, 2, '', ''),
(111, 15, 11, 3, '', ''),
(112, 15, 11, 4, '', ''),
(113, 15, 11, 5, '', ''),
(114, 15, 11, 6, '', ''),
(115, 15, 11, 7, '', ''),
(116, 15, 11, 8, '', ''),
(117, 15, 11, 9, '', ''),
(118, 15, 11, 11, '', ''),
(119, 15, 11, 22, '', ''),
(120, 15, 11, 33, '', ''),
(121, 15, 22, 1, '', ''),
(122, 15, 22, 2, '', ''),
(123, 15, 22, 3, '', ''),
(124, 15, 22, 4, '', ''),
(125, 15, 22, 5, '', ''),
(126, 15, 22, 6, '', ''),
(127, 15, 22, 7, '', ''),
(128, 15, 22, 8, '', ''),
(129, 15, 22, 9, '', ''),
(130, 15, 22, 11, '', ''),
(131, 15, 22, 22, '', ''),
(132, 15, 22, 33, '', ''),
(133, 15, 33, 1, '', ''),
(134, 15, 33, 2, '', ''),
(135, 15, 33, 3, '', ''),
(136, 15, 33, 4, '', ''),
(137, 15, 33, 5, '', ''),
(138, 15, 33, 6, '', ''),
(139, 15, 33, 7, '', ''),
(140, 15, 33, 8, '', ''),
(141, 15, 33, 9, '', ''),
(142, 15, 33, 11, '', ''),
(143, 15, 33, 22, '', ''),
(144, 15, 33, 33, '', ''),
(145, 16, 1, 1, '', ''),
(146, 16, 1, 2, '', ''),
(147, 16, 1, 3, '', ''),
(148, 16, 1, 4, '', ''),
(149, 16, 1, 5, '', ''),
(150, 16, 1, 6, '', ''),
(151, 16, 1, 7, '', ''),
(152, 16, 1, 8, '', ''),
(153, 16, 1, 9, '', ''),
(154, 16, 1, 11, '', ''),
(155, 16, 1, 22, '', ''),
(156, 16, 1, 33, '', ''),
(157, 16, 2, 1, '', ''),
(158, 16, 2, 2, '', ''),
(159, 16, 2, 3, '', ''),
(160, 16, 2, 4, '', ''),
(161, 16, 2, 5, '', ''),
(162, 16, 2, 6, '', ''),
(163, 16, 2, 7, '', ''),
(164, 16, 2, 8, '', ''),
(165, 16, 2, 9, '', ''),
(166, 16, 2, 11, '', ''),
(167, 16, 2, 22, '', ''),
(168, 16, 2, 33, '', ''),
(169, 16, 3, 1, '', ''),
(170, 16, 3, 2, '', ''),
(171, 16, 3, 3, '', ''),
(172, 16, 3, 4, '', ''),
(173, 16, 3, 5, '', ''),
(174, 16, 3, 6, '', ''),
(175, 16, 3, 7, '', ''),
(176, 16, 3, 8, '', ''),
(177, 16, 3, 9, '', ''),
(178, 16, 3, 11, '', ''),
(179, 16, 3, 22, '', ''),
(180, 16, 3, 33, '', ''),
(181, 16, 4, 1, '', ''),
(182, 16, 4, 2, '', ''),
(183, 16, 4, 3, '', ''),
(184, 16, 4, 4, '', ''),
(185, 16, 4, 5, '', ''),
(186, 16, 4, 6, '', ''),
(187, 16, 4, 7, '', ''),
(188, 16, 4, 8, '', ''),
(189, 16, 4, 9, '', ''),
(190, 16, 4, 11, '', ''),
(191, 16, 4, 22, '', ''),
(192, 16, 4, 33, '', ''),
(193, 16, 5, 1, '', ''),
(194, 16, 5, 2, '', ''),
(195, 16, 5, 3, '', ''),
(196, 16, 5, 4, '', ''),
(197, 16, 5, 5, '', ''),
(198, 16, 5, 6, '', ''),
(199, 16, 5, 7, '', ''),
(200, 16, 5, 8, '', ''),
(201, 16, 5, 9, '', ''),
(202, 16, 5, 11, '', ''),
(203, 16, 5, 22, '', ''),
(204, 16, 5, 33, '', ''),
(205, 16, 6, 1, '', ''),
(206, 16, 6, 2, '', ''),
(207, 16, 6, 3, '', ''),
(208, 16, 6, 4, '', ''),
(209, 16, 6, 5, '', ''),
(210, 16, 6, 6, '', ''),
(211, 16, 6, 7, '', ''),
(212, 16, 6, 8, '', ''),
(213, 16, 6, 9, '', ''),
(214, 16, 6, 11, '', ''),
(215, 16, 6, 22, '', ''),
(216, 16, 6, 33, '', ''),
(217, 16, 7, 1, '', ''),
(218, 16, 7, 2, '', ''),
(219, 16, 7, 3, '', ''),
(220, 16, 7, 4, '', ''),
(221, 16, 7, 5, '', ''),
(222, 16, 7, 6, '', ''),
(223, 16, 7, 7, '', ''),
(224, 16, 7, 8, '', ''),
(225, 16, 7, 9, '', ''),
(226, 16, 7, 11, '', ''),
(227, 16, 7, 22, '', ''),
(228, 16, 7, 33, '', ''),
(229, 16, 8, 1, '', ''),
(230, 16, 8, 2, '', ''),
(231, 16, 8, 3, '', ''),
(232, 16, 8, 4, '', ''),
(233, 16, 8, 5, '', ''),
(234, 16, 8, 6, '', ''),
(235, 16, 8, 7, '', ''),
(236, 16, 8, 8, '', ''),
(237, 16, 8, 9, '', ''),
(238, 16, 8, 11, '', ''),
(239, 16, 8, 22, '', ''),
(240, 16, 8, 33, '', ''),
(241, 16, 9, 1, '', ''),
(242, 16, 9, 2, '', ''),
(243, 16, 9, 3, '', ''),
(244, 16, 9, 4, '', ''),
(245, 16, 9, 5, '', ''),
(246, 16, 9, 6, '', ''),
(247, 16, 9, 7, '', ''),
(248, 16, 9, 8, '', ''),
(249, 16, 9, 9, '', ''),
(250, 16, 9, 11, '', ''),
(251, 16, 9, 22, '', ''),
(252, 16, 9, 33, '', ''),
(253, 16, 11, 1, '', ''),
(254, 16, 11, 2, '', ''),
(255, 16, 11, 3, '', ''),
(256, 16, 11, 4, '', ''),
(257, 16, 11, 5, '', ''),
(258, 16, 11, 6, '', ''),
(259, 16, 11, 7, '', ''),
(260, 16, 11, 8, '', ''),
(261, 16, 11, 9, '', ''),
(262, 16, 11, 11, '', ''),
(263, 16, 11, 22, '', ''),
(264, 16, 11, 33, '', ''),
(265, 16, 22, 1, '', ''),
(266, 16, 22, 2, '', ''),
(267, 16, 22, 3, '', ''),
(268, 16, 22, 4, '', ''),
(269, 16, 22, 5, '', ''),
(270, 16, 22, 6, '', ''),
(271, 16, 22, 7, '', ''),
(272, 16, 22, 8, '', ''),
(273, 16, 22, 9, '', ''),
(274, 16, 22, 11, '', ''),
(275, 16, 22, 22, '', ''),
(276, 16, 22, 33, '', ''),
(277, 16, 33, 1, '', ''),
(278, 16, 33, 2, '', ''),
(279, 16, 33, 3, '', ''),
(280, 16, 33, 4, '', ''),
(281, 16, 33, 5, '', ''),
(282, 16, 33, 6, '', ''),
(283, 16, 33, 7, '', ''),
(284, 16, 33, 8, '', ''),
(285, 16, 33, 9, '', ''),
(286, 16, 33, 11, '', ''),
(287, 16, 33, 22, '', ''),
(288, 16, 33, 33, '', ''),
(289, 17, 1, 1, '', ''),
(290, 17, 1, 2, '', ''),
(291, 17, 1, 3, '', ''),
(292, 17, 1, 4, '', ''),
(293, 17, 1, 5, '', ''),
(294, 17, 1, 6, '', ''),
(295, 17, 1, 7, '', ''),
(296, 17, 1, 8, '', ''),
(297, 17, 1, 9, '', ''),
(298, 17, 1, 11, '', ''),
(299, 17, 1, 22, '', ''),
(300, 17, 1, 33, '', ''),
(301, 17, 2, 1, '', ''),
(302, 17, 2, 2, '', ''),
(303, 17, 2, 3, '', ''),
(304, 17, 2, 4, '', ''),
(305, 17, 2, 5, '', ''),
(306, 17, 2, 6, '', ''),
(307, 17, 2, 7, '', ''),
(308, 17, 2, 8, '', ''),
(309, 17, 2, 9, '', ''),
(310, 17, 2, 11, '', ''),
(311, 17, 2, 22, '', ''),
(312, 17, 2, 33, '', ''),
(313, 17, 3, 1, '', ''),
(314, 17, 3, 2, '', ''),
(315, 17, 3, 3, '', ''),
(316, 17, 3, 4, '', ''),
(317, 17, 3, 5, '', ''),
(318, 17, 3, 6, '', ''),
(319, 17, 3, 7, '', ''),
(320, 17, 3, 8, '', ''),
(321, 17, 3, 9, '', ''),
(322, 17, 3, 11, '', ''),
(323, 17, 3, 22, '', ''),
(324, 17, 3, 33, '', ''),
(325, 17, 4, 1, '', ''),
(326, 17, 4, 2, '', ''),
(327, 17, 4, 3, '', ''),
(328, 17, 4, 4, '', ''),
(329, 17, 4, 5, '', ''),
(330, 17, 4, 6, '', ''),
(331, 17, 4, 7, '', ''),
(332, 17, 4, 8, '', ''),
(333, 17, 4, 9, '', ''),
(334, 17, 4, 11, '', ''),
(335, 17, 4, 22, '', ''),
(336, 17, 4, 33, '', ''),
(337, 17, 5, 1, '', ''),
(338, 17, 5, 2, '', ''),
(339, 17, 5, 3, '', ''),
(340, 17, 5, 4, '', ''),
(341, 17, 5, 5, '', ''),
(342, 17, 5, 6, '', ''),
(343, 17, 5, 7, '', ''),
(344, 17, 5, 8, '', ''),
(345, 17, 5, 9, '', ''),
(346, 17, 5, 11, '', ''),
(347, 17, 5, 22, '', ''),
(348, 17, 5, 33, '', ''),
(349, 17, 6, 1, '', ''),
(350, 17, 6, 2, '', ''),
(351, 17, 6, 3, '', ''),
(352, 17, 6, 4, '', ''),
(353, 17, 6, 5, '', ''),
(354, 17, 6, 6, '', ''),
(355, 17, 6, 7, '', ''),
(356, 17, 6, 8, '', ''),
(357, 17, 6, 9, '', ''),
(358, 17, 6, 11, '', ''),
(359, 17, 6, 22, '', ''),
(360, 17, 6, 33, '', ''),
(361, 17, 7, 1, '', ''),
(362, 17, 7, 2, '', ''),
(363, 17, 7, 3, '', ''),
(364, 17, 7, 4, '', ''),
(365, 17, 7, 5, '', ''),
(366, 17, 7, 6, '', ''),
(367, 17, 7, 7, '', ''),
(368, 17, 7, 8, '', ''),
(369, 17, 7, 9, '', ''),
(370, 17, 7, 11, '', ''),
(371, 17, 7, 22, '', ''),
(372, 17, 7, 33, '', ''),
(373, 17, 8, 1, '', ''),
(374, 17, 8, 2, '', ''),
(375, 17, 8, 3, '', ''),
(376, 17, 8, 4, '', ''),
(377, 17, 8, 5, '', ''),
(378, 17, 8, 6, '', ''),
(379, 17, 8, 7, '', ''),
(380, 17, 8, 8, '', ''),
(381, 17, 8, 9, '', ''),
(382, 17, 8, 11, '', ''),
(383, 17, 8, 22, '', ''),
(384, 17, 8, 33, '', ''),
(385, 17, 9, 1, '', ''),
(386, 17, 9, 2, '', ''),
(387, 17, 9, 3, '', ''),
(388, 17, 9, 4, '', ''),
(389, 17, 9, 5, '', ''),
(390, 17, 9, 6, '', ''),
(391, 17, 9, 7, '', ''),
(392, 17, 9, 8, '', ''),
(393, 17, 9, 9, '', ''),
(394, 17, 9, 11, '', ''),
(395, 17, 9, 22, '', ''),
(396, 17, 9, 33, '', ''),
(397, 17, 11, 1, '', ''),
(398, 17, 11, 2, '', ''),
(399, 17, 11, 3, '', ''),
(400, 17, 11, 4, '', ''),
(401, 17, 11, 5, '', ''),
(402, 17, 11, 6, '', ''),
(403, 17, 11, 7, '', ''),
(404, 17, 11, 8, '', ''),
(405, 17, 11, 9, '', ''),
(406, 17, 11, 11, '', ''),
(407, 17, 11, 22, '', ''),
(408, 17, 11, 33, '', ''),
(409, 17, 22, 1, '', ''),
(410, 17, 22, 2, '', ''),
(411, 17, 22, 3, '', ''),
(412, 17, 22, 4, '', ''),
(413, 17, 22, 5, '', ''),
(414, 17, 22, 6, '', ''),
(415, 17, 22, 7, '', ''),
(416, 17, 22, 8, '', ''),
(417, 17, 22, 9, '', ''),
(418, 17, 22, 11, '', ''),
(419, 17, 22, 22, '', ''),
(420, 17, 22, 33, '', ''),
(421, 17, 33, 1, '', ''),
(422, 17, 33, 2, '', ''),
(423, 17, 33, 3, '', ''),
(424, 17, 33, 4, '', ''),
(425, 17, 33, 5, '', ''),
(426, 17, 33, 6, '', ''),
(427, 17, 33, 7, '', ''),
(428, 17, 33, 8, '', ''),
(429, 17, 33, 9, '', ''),
(430, 17, 33, 11, '', ''),
(431, 17, 33, 22, '', ''),
(432, 17, 33, 33, '', ''),
(433, 18, 1, 1, '', ''),
(434, 18, 1, 2, '', ''),
(435, 18, 1, 3, '', ''),
(436, 18, 1, 4, '', ''),
(437, 18, 1, 5, '', ''),
(438, 18, 1, 6, '', ''),
(439, 18, 1, 7, '', ''),
(440, 18, 1, 8, '', ''),
(441, 18, 1, 9, '', ''),
(442, 18, 1, 11, '', ''),
(443, 18, 1, 22, '', ''),
(444, 18, 1, 33, '', ''),
(445, 18, 2, 1, '', ''),
(446, 18, 2, 2, '', ''),
(447, 18, 2, 3, '', ''),
(448, 18, 2, 4, '', ''),
(449, 18, 2, 5, '', ''),
(450, 18, 2, 6, '', ''),
(451, 18, 2, 7, '', ''),
(452, 18, 2, 8, '', ''),
(453, 18, 2, 9, '', ''),
(454, 18, 2, 11, '', ''),
(455, 18, 2, 22, '', ''),
(456, 18, 2, 33, '', ''),
(457, 18, 3, 1, '', ''),
(458, 18, 3, 2, '', ''),
(459, 18, 3, 3, '', ''),
(460, 18, 3, 4, '', ''),
(461, 18, 3, 5, '', ''),
(462, 18, 3, 6, '', ''),
(463, 18, 3, 7, '', ''),
(464, 18, 3, 8, '', ''),
(465, 18, 3, 9, '', ''),
(466, 18, 3, 11, '', ''),
(467, 18, 3, 22, '', ''),
(468, 18, 3, 33, '', ''),
(469, 18, 4, 1, '', ''),
(470, 18, 4, 2, '', ''),
(471, 18, 4, 3, '', ''),
(472, 18, 4, 4, '', ''),
(473, 18, 4, 5, '', ''),
(474, 18, 4, 6, '', ''),
(475, 18, 4, 7, '', ''),
(476, 18, 4, 8, '', ''),
(477, 18, 4, 9, '', ''),
(478, 18, 4, 11, '', ''),
(479, 18, 4, 22, '', ''),
(480, 18, 4, 33, '', ''),
(481, 18, 5, 1, '', ''),
(482, 18, 5, 2, '', ''),
(483, 18, 5, 3, '', ''),
(484, 18, 5, 4, '', ''),
(485, 18, 5, 5, '', ''),
(486, 18, 5, 6, '', ''),
(487, 18, 5, 7, '', ''),
(488, 18, 5, 8, '', ''),
(489, 18, 5, 9, '', ''),
(490, 18, 5, 11, '', ''),
(491, 18, 5, 22, '', ''),
(492, 18, 5, 33, '', ''),
(493, 18, 6, 1, '', ''),
(494, 18, 6, 2, '', ''),
(495, 18, 6, 3, '', ''),
(496, 18, 6, 4, '', ''),
(497, 18, 6, 5, '', ''),
(498, 18, 6, 6, '', ''),
(499, 18, 6, 7, '', ''),
(500, 18, 6, 8, '', ''),
(501, 18, 6, 9, '', ''),
(502, 18, 6, 11, '', ''),
(503, 18, 6, 22, '', ''),
(504, 18, 6, 33, '', ''),
(505, 18, 7, 1, '', ''),
(506, 18, 7, 2, '', ''),
(507, 18, 7, 3, '', ''),
(508, 18, 7, 4, '', ''),
(509, 18, 7, 5, '', ''),
(510, 18, 7, 6, '', ''),
(511, 18, 7, 7, '', ''),
(512, 18, 7, 8, '', ''),
(513, 18, 7, 9, '', ''),
(514, 18, 7, 11, '', ''),
(515, 18, 7, 22, '', ''),
(516, 18, 7, 33, '', ''),
(517, 18, 8, 1, '', ''),
(518, 18, 8, 2, '', ''),
(519, 18, 8, 3, '', ''),
(520, 18, 8, 4, '', ''),
(521, 18, 8, 5, '', ''),
(522, 18, 8, 6, '', ''),
(523, 18, 8, 7, '', ''),
(524, 18, 8, 8, '', ''),
(525, 18, 8, 9, '', ''),
(526, 18, 8, 11, '', ''),
(527, 18, 8, 22, '', ''),
(528, 18, 8, 33, '', ''),
(529, 18, 9, 1, '', ''),
(530, 18, 9, 2, '', ''),
(531, 18, 9, 3, '', ''),
(532, 18, 9, 4, '', ''),
(533, 18, 9, 5, '', ''),
(534, 18, 9, 6, '', ''),
(535, 18, 9, 7, '', ''),
(536, 18, 9, 8, '', ''),
(537, 18, 9, 9, '', ''),
(538, 18, 9, 11, '', ''),
(539, 18, 9, 22, '', ''),
(540, 18, 9, 33, '', ''),
(541, 18, 11, 1, '', ''),
(542, 18, 11, 2, '', ''),
(543, 18, 11, 3, '', ''),
(544, 18, 11, 4, '', ''),
(545, 18, 11, 5, '', ''),
(546, 18, 11, 6, '', ''),
(547, 18, 11, 7, '', ''),
(548, 18, 11, 8, '', ''),
(549, 18, 11, 9, '', ''),
(550, 18, 11, 11, '', ''),
(551, 18, 11, 22, '', ''),
(552, 18, 11, 33, '', ''),
(553, 18, 22, 1, '', ''),
(554, 18, 22, 2, '', ''),
(555, 18, 22, 3, '', ''),
(556, 18, 22, 4, '', ''),
(557, 18, 22, 5, '', ''),
(558, 18, 22, 6, '', ''),
(559, 18, 22, 7, '', ''),
(560, 18, 22, 8, '', ''),
(561, 18, 22, 9, '', ''),
(562, 18, 22, 11, '', ''),
(563, 18, 22, 22, '', ''),
(564, 18, 22, 33, '', ''),
(565, 18, 33, 1, '', ''),
(566, 18, 33, 2, '', ''),
(567, 18, 33, 3, '', ''),
(568, 18, 33, 4, '', ''),
(569, 18, 33, 5, '', ''),
(570, 18, 33, 6, '', ''),
(571, 18, 33, 7, '', ''),
(572, 18, 33, 8, '', ''),
(573, 18, 33, 9, '', ''),
(574, 18, 33, 11, '', ''),
(575, 18, 33, 22, '', ''),
(576, 18, 33, 33, '', ''),
(577, 36, 1, 1, '', ''),
(578, 36, 1, 2, '', ''),
(579, 36, 1, 3, '', ''),
(580, 36, 1, 4, '', ''),
(581, 36, 1, 5, '', ''),
(582, 36, 1, 6, '', ''),
(583, 36, 1, 7, '', ''),
(584, 36, 1, 8, '', ''),
(585, 36, 1, 9, '', ''),
(586, 36, 1, 11, '', ''),
(587, 36, 1, 22, '', ''),
(588, 36, 1, 33, '', ''),
(589, 36, 2, 1, '', ''),
(590, 36, 2, 2, '', ''),
(591, 36, 2, 3, '', ''),
(592, 36, 2, 4, '', ''),
(593, 36, 2, 5, '', ''),
(594, 36, 2, 6, '', ''),
(595, 36, 2, 7, '', ''),
(596, 36, 2, 8, '', ''),
(597, 36, 2, 9, '', ''),
(598, 36, 2, 11, '', ''),
(599, 36, 2, 22, '', ''),
(600, 36, 2, 33, '', ''),
(601, 36, 3, 1, '', ''),
(602, 36, 3, 2, '', ''),
(603, 36, 3, 3, '', ''),
(604, 36, 3, 4, '', ''),
(605, 36, 3, 5, '', ''),
(606, 36, 3, 6, '', ''),
(607, 36, 3, 7, '', ''),
(608, 36, 3, 8, '', ''),
(609, 36, 3, 9, '', ''),
(610, 36, 3, 11, '', ''),
(611, 36, 3, 22, '', ''),
(612, 36, 3, 33, '', ''),
(613, 36, 4, 1, '', ''),
(614, 36, 4, 2, '', ''),
(615, 36, 4, 3, '', ''),
(616, 36, 4, 4, '', ''),
(617, 36, 4, 5, '', ''),
(618, 36, 4, 6, '', ''),
(619, 36, 4, 7, '', ''),
(620, 36, 4, 8, '', ''),
(621, 36, 4, 9, '', ''),
(622, 36, 4, 11, '', ''),
(623, 36, 4, 22, '', ''),
(624, 36, 4, 33, '', ''),
(625, 36, 5, 1, '', ''),
(626, 36, 5, 2, '', ''),
(627, 36, 5, 3, '', ''),
(628, 36, 5, 4, '', ''),
(629, 36, 5, 5, '', ''),
(630, 36, 5, 6, '', ''),
(631, 36, 5, 7, '', ''),
(632, 36, 5, 8, '', ''),
(633, 36, 5, 9, '', ''),
(634, 36, 5, 11, '', ''),
(635, 36, 5, 22, '', ''),
(636, 36, 5, 33, '', ''),
(637, 36, 6, 1, '', ''),
(638, 36, 6, 2, '', ''),
(639, 36, 6, 3, '', ''),
(640, 36, 6, 4, '', ''),
(641, 36, 6, 5, '', ''),
(642, 36, 6, 6, '', ''),
(643, 36, 6, 7, '', ''),
(644, 36, 6, 8, '', ''),
(645, 36, 6, 9, '', ''),
(646, 36, 6, 11, '', ''),
(647, 36, 6, 22, '', ''),
(648, 36, 6, 33, '', ''),
(649, 36, 7, 1, '', ''),
(650, 36, 7, 2, '', ''),
(651, 36, 7, 3, '', ''),
(652, 36, 7, 4, '', ''),
(653, 36, 7, 5, '', ''),
(654, 36, 7, 6, '', ''),
(655, 36, 7, 7, '', ''),
(656, 36, 7, 8, '', ''),
(657, 36, 7, 9, '', ''),
(658, 36, 7, 11, '', ''),
(659, 36, 7, 22, '', ''),
(660, 36, 7, 33, '', ''),
(661, 36, 8, 1, '', ''),
(662, 36, 8, 2, '', ''),
(663, 36, 8, 3, '', ''),
(664, 36, 8, 4, '', ''),
(665, 36, 8, 5, '', ''),
(666, 36, 8, 6, '', ''),
(667, 36, 8, 7, '', ''),
(668, 36, 8, 8, '', ''),
(669, 36, 8, 9, '', ''),
(670, 36, 8, 11, '', ''),
(671, 36, 8, 22, '', ''),
(672, 36, 8, 33, '', ''),
(673, 36, 9, 1, '', ''),
(674, 36, 9, 2, '', ''),
(675, 36, 9, 3, '', ''),
(676, 36, 9, 4, '', ''),
(677, 36, 9, 5, '', ''),
(678, 36, 9, 6, '', ''),
(679, 36, 9, 7, '', ''),
(680, 36, 9, 8, '', ''),
(681, 36, 9, 9, '', ''),
(682, 36, 9, 11, '', ''),
(683, 36, 9, 22, '', ''),
(684, 36, 9, 33, '', ''),
(685, 36, 11, 1, '', ''),
(686, 36, 11, 2, '', ''),
(687, 36, 11, 3, '', ''),
(688, 36, 11, 4, '', ''),
(689, 36, 11, 5, '', ''),
(690, 36, 11, 6, '', ''),
(691, 36, 11, 7, '', ''),
(692, 36, 11, 8, '', ''),
(693, 36, 11, 9, '', ''),
(694, 36, 11, 11, '', ''),
(695, 36, 11, 22, '', ''),
(696, 36, 11, 33, '', ''),
(697, 36, 22, 1, '', ''),
(698, 36, 22, 2, '', ''),
(699, 36, 22, 3, '', ''),
(700, 36, 22, 4, '', ''),
(701, 36, 22, 5, '', ''),
(702, 36, 22, 6, '', ''),
(703, 36, 22, 7, '', ''),
(704, 36, 22, 8, '', ''),
(705, 36, 22, 9, '', ''),
(706, 36, 22, 11, '', ''),
(707, 36, 22, 22, '', ''),
(708, 36, 22, 33, '', ''),
(709, 36, 33, 1, '', ''),
(710, 36, 33, 2, '', ''),
(711, 36, 33, 3, '', ''),
(712, 36, 33, 4, '', ''),
(713, 36, 33, 5, '', ''),
(714, 36, 33, 6, '', ''),
(715, 36, 33, 7, '', ''),
(716, 36, 33, 8, '', ''),
(717, 36, 33, 9, '', ''),
(718, 36, 33, 11, '', ''),
(719, 36, 33, 22, '', ''),
(720, 36, 33, 33, '', '');

-- --------------------------------------------------------

--
-- Table structure for table `mail_body`
--

CREATE TABLE `mail_body` (
  `id` int NOT NULL,
  `_order` int NOT NULL,
  `type` text,
  `subject` text,
  `sms` varchar(255) NOT NULL,
  `help_cruncher` varchar(255) NOT NULL,
  `mail_body` text,
  `mail_keys` text,
  `status` int DEFAULT '1'
) ENGINE=MyISAM DEFAULT CHARSET=latin1;

--
-- Dumping data for table `mail_body`
--

INSERT INTO `mail_body` (`id`, `_order`, `type`, `subject`, `sms`, `help_cruncher`, `mail_body`, `mail_keys`, `status`) VALUES
(1, 3, 'Customer Installs the Application. - msg              Customer accesses payment page - msg+mail Customer accesses consultation page - msg+mail', 'None', '', 'Verbiage has to be set from helpcrunch dashboard', '', '1,2,3,6', 1),
(2, 1, 'Customer Signup', 'Welcome to Tvam !', 'Hi [first_name] ! Welcome to Tvam App - Your personalized Vedic Astrology app!', 'Hi [first_name] ! Welcome to Tvam  - Your personalized Vedic Astrology app!', '<h3>Hi [first_name]!</h3>\r\n\r\n<p><strong>Thanks for choosing us and Welcome aboard!</strong><br />\r\nTvam is a sanskrit word which means &quot;You&quot; and Tvam.app is all about unlocking the mysteries of your life.</p>\r\n\r\n<p>If you need any assistance&nbsp; - Feel free to Contact Us</p>\r\n\r\n<p>Upgrade to Tvam Premium to unlock exclusive features of the app !</p>\r\n', '1,2,3', 1),
(3, 2, 'Customer Changed Profile Details', 'Your Tvam Profile is Modified', 'Hi [first_name] ! Your profile details have been changed successfully. Access Tvam App to unlock the mysteries of your life!', 'Hi [first_name] ! Your profile details have been changed successfully. Access Tvam App to unlock the mysteries of your life! ', '<h3>Hi [first_name] !</h3>\r\n\r\n<p>Your Tvam&reg; profile details have been modified as per your request.</p>\r\n\r\n<p>Profile Details<br />\r\nName : <first name=\"\"> <last name=\"\"> [first_name]&nbsp;[last_name]<br />\r\nEmail ID : [u_email]<br />\r\nMobile Number : [u_mobile]</last></first></p>\r\n\r\n<p>If you need any assistance&nbsp; - Feel free to Contact Us</p>\r\n\r\n<p>Upgrade to premium to unlock exclusive features !</p>\r\n', '2,5,7,3,4,19', 1),
(4, 4, 'Customer Upgrades to Premium', 'Welcome to Tvam Premium !', 'Hi [first_name] ! Thanks for upgrading to our premium plan. Access Tvam App to unlock the mysteries of your life! ', 'Hi [first_name] !  Thanks for upgrading to our premium plan.  Access Tvam App to unlock the mysteries of your life!', '<h3>Hi [first_name]!</h3>\r\n\r\n<p><strong>Thanks for upgrading to our premium plan.</strong><br />\r\nAs a premium member,you will now have access to exclusive features of the app.</p>\r\n\r\n<p>If you need any assistance&nbsp; - Feel free to Contact Us.</p>\r\n', '2,3,7', 1),
(5, 5, 'Consultation Created', 'Welcome to Tvam Premium !', 'Hi <First Name> !  Thanks for upgrading to our premium plan.  Access Tvam App to unlock the mysteries of your life!', 'Hi <First Name> !  Thanks for upgrading to our premium plan.  Access Tvam App to unlock the mysteries of your life!', '<h3>Hi Saurabh !</h3>\r\n\r\n<p><strong>Thanks for consulting with us !</strong><br />\r\nWe have received your Consultation and are working on it.</p>\r\n\r\n<p>Consultation Details<br />\r\nConsultation ID :<br />\r\nConsultation Type :<br />\r\nResponse Time:</p>\r\n\r\n<p>If you need any assistance&nbsp; - Feel free to Contact us.</p>\r\n\r\n<p>Upgrade to premium to unlock exclusive features !</p>\r\n', '2,3,7', 1),
(6, 6, 'Consultation Closed', 'Consultation :  <Consultation ID> Submitted', 'Hi < First Name>, Your Consultation request # 666 is complete. Thanks for choosing us!', 'Hi < First Name>, Your Consultation request # 666 is complete. Thanks for choosing us!', '<h3>Hi Saurabh !</h3>\r\n\r\n<p><strong>Your Order is complete &amp; ready to be Served!</strong><br />\r\nHope you are happy with the consultation. Do let us know if that&#39;s not the case and we&#39;ll be happy to help.</p>\r\n\r\n<p>If you need any assistance&nbsp; - Feel free to Contact Us.</p>\r\n', '2,3,7', 1),
(8, 8, 'Kundli Confirmation Mail', 'Kundli Confirmation Mail', '', '', '<p>Hello,</p>\r\n\r\n<p>Your email verification link is: [url]</p>\r\n', '14', 1),
(7, 7, 'Plivo OTP', 'None', '[XXXX] is your OTP to verify Tvam App.', '[XXXX] is your OTP to verify Tvam App.', '', '2,3,7', 1),
(9, 9, 'Order Created - Status Pending.', 'Order:[order_id] Birth Details Needed', 'Hi [first_name],Thanks for placing Order# [order_id] with Tvam. Please respond to our mail with birth details.', 'Hi [first_name],Thanks for placing Order# [order_id]. Please respond to our mail with the requisite details needed to create your report.', '<p><tvam logo=\"\"></tvam></p>\r\n\r\n<p>Hi [first_name]<first name=\"\"> <first name=\"\">!</first></first></p>\r\n\r\n<p>Thanks for consulting with us !<br />\r\nWe have received your Order&nbsp; and need the following details to create your report:<br />\r\n<strong>Date of Birth , Time of Birth &amp; Place of birth</strong>.</p>\r\n\r\n<p><strong>Order Details</strong><br />\r\nOrder ID : [order_id]<br />\r\nOrder Type : [order_type]<br />\r\nDue Date: [due_date]<br />\r\nPayment Received: [payment]</p>\r\n\r\n<p>If you need any assistance&nbsp; - Feel free to Contact us.</p>\r\n\r\n<p>Upgrade to premium to unlock exclusive features !</p>\r\n\r\n<p>Tvam is a sanskrit word which means &quot;You&quot; and Tvam.app is all about unlocking the mysteries of your life.</p>\r\n\r\n<p>Thanks for choosing us!<br />\r\nTvam&reg; Team<br />\r\nwww.tvam.app<br />\r\n<tvam logo=\"\"><br />\r\n<available androind=\"\" ios=\"\" on=\"\"></available></tvam></p>\r\n\r\n<footer icons=\"\" media=\"\" social=\"\" with=\"\">\r\n<p>&nbsp;</p>\r\n</footer>\r\n', '2,3,7,15,16,17,18', 1),
(10, 10, 'Order - Status In Process', 'Order :  [order_id] In Process', 'Hi [first_name], Order# [order_id] status is now In Process. Your report will be ready by [due_date]', 'Hi [first_name], Order# [order_id] status is now In Process. Your report will be ready by [due_date]', '<p><tvam logo=\"\"></tvam></p>\r\n\r\n<p>Hi [first_name]<first name=\"\"> <first name=\"\">!</first></first></p>\r\n\r\n<p>Thanks for consulting with us !<br />\r\nYour Order status is now : <strong>In Process</strong>.<br />\r\nWe are working on your report and you will get an update shortly.</p>\r\n\r\n<p><strong>Order Details</strong><br />\r\nOrder ID : [order_id]<br />\r\nOrder Type : [order_type]<br />\r\nDue Date: [due_date]<br />\r\nPayment: [payment]</p>\r\n\r\n<p>If you need any assistance&nbsp; - Feel free to Contact us.</p>\r\n\r\n<p>Upgrade to premium to unlock exclusive features !</p>\r\n\r\n<p>Tvam (à¤¤à¥à¤µà¤®à¥) is a sanskrit word which means &quot;You&quot; and Tvam.app is all about unlocking the mysteries of your life.</p>\r\n\r\n<p>Thanks for choosing us!<br />\r\nTvam Team<br />\r\nwww.tvam.app<br />\r\n<tvam logo=\"\"><br />\r\n<available androind=\"\" ios=\"\" on=\"\"></available></tvam></p>\r\n\r\n<footer icons=\"\" media=\"\" social=\"\" with=\"\">\r\n<p>&nbsp;</p>\r\n</footer>\r\n', '2,3,7,15,16,17,18', 1),
(11, 11, 'Order  - Status Cancelled', 'Order :  [order_id] Cancelled', 'Hi [first_name], Order# [order_id] is cancelled.Your refund is initiated.', 'Hi [first_name], Order# [order_id] is cancelled.Your refund is initiated.', '<p><tvam logo=\"\"></tvam></p>\r\n\r\n<p>Hi [first_name]<first name=\"\"> <first name=\"\">!</first></first></p>\r\n\r\n<p>Your Order is <strong>Cancelled</strong> and the refund is initiated from our side. We are sorry we could not be of assistance to you. Hope to be of service in the future.</p>\r\n\r\n<p><strong>Order Details</strong><br />\r\nOrder ID : [order_id]<br />\r\nOrder Type : [order_type]<br />\r\nDue Date: [due_date]<br />\r\nPayment: [payment]</p>\r\n\r\n<p>If you need any assistance&nbsp; - Feel free to Contact us.</p>\r\n\r\n<p>Upgrade to premium to unlock exclusive features !</p>\r\n\r\n<p>Tvam (à¤¤à¥à¤µà¤®à¥) is a sanskrit word which means &quot;You&quot; and Tvam.app is all about unlocking the mysteries of your life.</p>\r\n\r\n<p>Thanks for choosing us!<br />\r\nTvam Team<br />\r\nwww.tvam.app<br />\r\n<tvam logo=\"\"><br />\r\n<available androind=\"\" ios=\"\" on=\"\"></available></tvam></p>\r\n\r\n<footer icons=\"\" media=\"\" social=\"\" with=\"\">\r\n<p>&nbsp;</p>\r\n</footer>\r\n', '2,3,7,15,16,17,18', 1),
(12, 12, 'Order - Status Complete', 'Order : [order_id] Complete', 'Hi [first_name], Order# [order_id] status is complete! Thanks for choosing us!', 'Hi [first_name], Order# [order_id] status is complete! Thanks for choosing us!', '<p><tvam logo=\"\"></tvam></p>\r\n\r\n<p>Hi [first_name]<first name=\"\"> <first name=\"\">!</first></first></p>\r\n\r\n<p>Your Order status is <strong>Complete</strong> !<br />\r\nHope you are happy with the consultation. Do let us know if that&#39;s not the case and we&#39;ll be happy to help.</p>\r\n\r\n<p><strong>Order Details</strong><br />\r\nOrder ID : [order_id]<br />\r\nOrder Type : [order_type]<br />\r\nDue Date: [due_date]<br />\r\nPayment: [payment]</p>\r\n\r\n<p>If you need any assistance&nbsp; - Feel free to Contact us.</p>\r\n\r\n<p>Upgrade to premium to unlock exclusive features !</p>\r\n\r\n<p>Tvam (à¤¤à¥à¤µà¤®à¥) is a sanskrit word which means &quot;You&quot; and Tvam.app is all about unlocking the mysteries of your life.</p>\r\n\r\n<p>Thanks for choosing us!<br />\r\nTvam Team<br />\r\nwww.tvam.app<br />\r\n<tvam logo=\"\"><br />\r\n<available androind=\"\" ios=\"\" on=\"\"></available></tvam></p>\r\n\r\n<footer icons=\"\" media=\"\" social=\"\" with=\"\">\r\n<p>&nbsp;</p>\r\n</footer>\r\n', '2,3,7,15,16,17,18', 1),
(13, 13, 'Account Deletion', 'Account Deletion', 'Hi [first_name] !  Your account deleted successfully.', 'Hi [first_name] !  Your account deleted successfully.', '<h3>Dear [first_name]<first name=\"\"> <first name=\"\">!</first></first>, This is a confirmation that your account will be deleted in the next 24 hours.</h3>\r\n\r\n<p>Appreciate your association with Tvam.<br />\r\nFeel free to contact us if you have any questions or concerns.<br />\r\nRegards,<br />\r\nTeam Tvam</p>\r\n', '2,3,7', 1),
(14, 14, 'Scheduled Deletion', 'Account Deletion', 'Hi [first_name] !  Your account deletion request has been scheduled.', 'Hi [first_name] !  Your account deletion request has been scheduled.', '<h3>Dear [first_name]<first name=\"\"> <first name=\"\">!</first></first>, This is a confirmation that your account will be deleted after the expiry of your current premium subscription.</h3>\r\n\r\n<p>Feel free to contact us if you have any questions or concerns.<br />\r\nAppreciate your association with Tvam.</p>\r\n', '2,3,7\r\n', 1);

-- --------------------------------------------------------

--
-- Table structure for table `maturity_number`
--

CREATE TABLE `maturity_number` (
  `id` int NOT NULL,
  `number` smallint NOT NULL,
  `description` text CHARACTER SET utf8mb4 COLLATE utf8mb4_0900_ai_ci NOT NULL,
  `you_tube_link` text CHARACTER SET utf8mb4 COLLATE utf8mb4_0900_ai_ci
) ENGINE=InnoDB DEFAULT CHARSET=utf8mb4 COLLATE=utf8mb4_general_ci;

--
-- Dumping data for table `maturity_number`
--

INSERT INTO `maturity_number` (`id`, `number`, `description`, `you_tube_link`) VALUES
(1, 1, '', ''),
(2, 2, '', ''),
(3, 3, '', ''),
(4, 4, '', ''),
(5, 5, '', ''),
(6, 6, '', ''),
(7, 7, '', ''),
(8, 8, '', ''),
(9, 9, '', ''),
(10, 11, '', ''),
(11, 22, '', ''),
(12, 33, '', '');

-- --------------------------------------------------------

--
-- Table structure for table `numerology_key_points`
--

CREATE TABLE `numerology_key_points` (
  `id` int NOT NULL,
  `name` varchar(128) CHARACTER SET utf8mb4 COLLATE utf8mb4_general_ci NOT NULL,
  `main_table` varchar(128) CHARACTER SET utf8mb4 COLLATE utf8mb4_general_ci NOT NULL,
  `lang_table` varchar(128) CHARACTER SET utf8mb4 COLLATE utf8mb4_general_ci NOT NULL,
  `lang_table_foreign_key` varchar(128) CHARACTER SET utf8mb4 COLLATE utf8mb4_general_ci NOT NULL
) ENGINE=InnoDB DEFAULT CHARSET=utf8mb4 COLLATE=utf8mb4_general_ci;

--
-- Dumping data for table `numerology_key_points`
--

INSERT INTO `numerology_key_points` (`id`, `name`, `main_table`, `lang_table`, `lang_table_foreign_key`) VALUES
(1, 'Life Path Number', 'life_path_number', 'lang_life_path_number', 'life_path_number_id'),
(2, 'Expression Number', 'expression_number', 'lang_expression_number', 'expression_number_id'),
(3, 'Soul Urge Number', 'soul_urge_number', 'lang_soul_urge_number', 'soul_urge_number_id'),
(4, 'Personality Number', 'personality_number', 'lang_personality_number', 'personality_number_id'),
(5, 'Birthday Number', 'birthday_number', 'lang_birthday_number', 'birthday_number_id'),
(6, 'Maturity Number', 'maturity_number', 'lang_maturity_number', 'maturity_number_id'),
(8, 'Hidden Passion Number', 'hidden_passion_number', 'lang_hidden_passion_number', 'hidden_passion_number_id'),
(9, 'Balance Number', 'balance_number', 'lang_balance_number', 'balance_number_id'),
(10, 'Personal Year Number', 'personal_year_number', 'lang_personal_year_number', 'personal_year_number_id'),
(11, 'Personal Month', 'personal_month', 'lang_personal_month', 'personal_month_id'),
(12, 'Personal Day Numbers', 'personal_day_numbers', 'lang_personal_day_numbers', 'personal_day_numbers_id'),
(13, 'Challenge Numbers', 'challenge_numbers', 'lang_challenge_numbers', 'challenge_numbers_id'),
(14, 'Pinnacle Numbers', 'pinnacle_numbers', 'lang_pinnacle_numbers', 'pinnacle_numbers_id'),
(15, 'Life Path Number', 'life_path_number', 'lang_life_path_number', 'life_path_number_id'),
(16, 'Expression Number', 'expression_number', 'lang_expression_number', 'expression_number_id'),
(17, 'Soul Urge Number', 'soul_urge_number', 'lang_soul_urge_number', 'soul_urge_number_id'),
(18, 'Personality Number', 'personality_number', 'lang_personality_number', 'personality_number_id'),
(19, 'Birthday Number', 'birthday_number', 'lang_birthday_number', 'birthday_number_id'),
(20, 'Maturity Number', 'maturity_number', 'lang_maturity_number', 'maturity_number_id'),
(21, 'Karmic Lessons', 'karmic_lessons', 'lang_karmic_lessons', 'karmic_lessons_id'),
(22, 'Hidden Passion Number', 'hidden_passion_number', 'lang_hidden_passion_number', 'hidden_passion_number_id'),
(23, 'Balance Number', 'balance_number', 'lang_balance_number', 'balance_number_id'),
(24, 'Personal Year Number', 'personal_year_number', 'lang_personal_year_number', 'personal_year_number_id'),
(25, 'Personal Month', 'personal_month', 'lang_personal_month', 'personal_month_id'),
(26, 'Personal Day Numbers', 'personal_day_numbers', 'lang_personal_day_numbers', 'personal_day_numbers_id'),
(27, 'Challenge Numbers', 'challenge_numbers', 'lang_challenge_numbers', 'challenge_numbers_id'),
(28, 'Pinnacle Numbers', 'pinnacle_numbers', 'lang_pinnacle_numbers', 'pinnacle_numbers_id');

-- --------------------------------------------------------

--
-- Table structure for table `numerology_types`
--

CREATE TABLE `numerology_types` (
  `id` int NOT NULL,
  `name` varchar(32) CHARACTER SET utf8mb4 COLLATE utf8mb4_general_ci NOT NULL
) ENGINE=MyISAM DEFAULT CHARSET=utf8mb4 COLLATE=utf8mb4_general_ci;

--
-- Dumping data for table `numerology_types`
--

INSERT INTO `numerology_types` (`id`, `name`) VALUES
(1, 'Pythagorean'),
(2, 'Chaldean');

-- --------------------------------------------------------

--
-- Table structure for table `payment`
--

CREATE TABLE `payment` (
  `id` int NOT NULL,
  `user_id` int NOT NULL,
  `nonce` varchar(200) NOT NULL,
  `consult_id` int NOT NULL DEFAULT '0',
  `payment_type` varchar(100) NOT NULL,
  `total_amount` double NOT NULL,
  `currency` varchar(20) CHARACTER SET utf8mb4 COLLATE utf8mb4_bin NOT NULL,
  `comment` text NOT NULL,
  `due_date` date NOT NULL,
  `transaction_id` varchar(200) NOT NULL,
  `order_status` enum('PENDING','INPROCESS','COMPLETE','CANCEL') NOT NULL DEFAULT 'PENDING',
  `dtdate` datetime NOT NULL
) ENGINE=InnoDB DEFAULT CHARSET=utf8mb3;

--
-- Dumping data for table `payment`
--

INSERT INTO `payment` (`id`, `user_id`, `nonce`, `consult_id`, `payment_type`, `total_amount`, `currency`, `comment`, `due_date`, `transaction_id`, `order_status`, `dtdate`) VALUES
(457, 246, '', 7, '12 Months Analysis', 1, '', '', '2019-02-17', 'pay_BvLSoJ6JOcAx0k', 'PENDING', '2019-02-12 14:52:45'),
(465, 248, '', 3, 'Marriage / Love life Analysis', 4000, 'â‚¹', '', '2019-02-17', 'pay_BvOK8CYviC7HYI', 'PENDING', '2019-02-12 17:40:03'),
(468, 393, '', 2, 'Ask 1 Question', 500, 'â‚¹', '', '2019-02-22', 'pay_ByQI9fx0TWvdcl', 'COMPLETE', '2019-02-20 09:33:07'),
(469, 92, '', 2, 'Ask 1 Question', 500, '', '', '2019-02-22', 'pay_BySeQJvPMMFQk5', 'COMPLETE', '2019-02-20 11:53:47'),
(472, 506, '', 2, 'Ask 1 Question', 500, 'â‚¹', '', '2019-02-26', 'pay_C0Cnoiq4UOaUOF', 'COMPLETE', '2019-02-24 21:39:26'),
(473, 983, '', 4, 'Education/ Career Analysis', 1000, 'â‚¹', '', '2019-04-01', 'pay_CCVKX5pUNCUfB9', 'COMPLETE', '2019-03-27 23:34:38'),
(474, 842, '', 2, 'Ask 1 Question', 500, 'â‚¹', '', '2019-03-31', 'pay_CDFtdEIWB12UzI', 'COMPLETE', '2019-03-29 21:08:12'),
(475, 1311, '', 2, 'Ask 1 Question', 500, 'â‚¹', '', '2019-04-01', 'pay_CDclfAMimwPCU8', 'PENDING', '2019-03-30 19:30:07'),
(476, 1296, '', 2, 'Ask 1 Question', 500, 'â‚¹', '', '2019-04-03', 'pay_CEHiBKCdk9eQ7o', 'COMPLETE', '2019-04-01 11:34:45'),
(477, 591, '', 2, 'Ask 1 Question', 500, 'â‚¹', '', '2019-04-06', 'pay_CFScojlW90obKo', 'COMPLETE', '2019-04-04 10:53:06'),
(478, 791, '', 2, 'Ask 1 Question', 500, 'â‚¹', '', '2019-04-08', 'pay_CGLQpfxfvodPcR', 'COMPLETE', '2019-04-06 16:29:52'),
(479, 791, '', 2, 'Ask 1 Question', 500, 'â‚¹', '', '2019-04-10', 'pay_CH50innmq0FJXj', 'COMPLETE', '2019-04-08 13:04:59'),
(480, 142, '', 4, 'Education/ Career Analysis', 1000, 'â‚¹', '', '2019-04-14', 'pay_CHYKhdFgyjb0Hz', 'COMPLETE', '2019-04-09 17:46:09'),
(481, 2191, '', 2, 'Ask 1 Question', 500, 'â‚¹', '', '2019-04-11', 'pay_CHZprcTCKoulJW', 'COMPLETE', '2019-04-09 19:14:09'),
(482, 2032, '', 2, 'Ask 1 Question', 500, 'â‚¹', '', '2019-04-11', 'pay_CHeVIxBomz3jNM', 'COMPLETE', '2019-04-09 23:48:27'),
(483, 1555, '', 6, 'Finance/Money Analysis', 1000, 'â‚¹', '', '2019-04-17', 'pay_CIaR6fhspplnT7', 'COMPLETE', '2019-04-12 08:29:34'),
(484, 142, '', 1, 'Premium Kundali Analysis', 2000, 'â‚¹', '', '2019-04-19', 'pay_CIgooYOEFUCzIp', 'COMPLETE', '2019-04-12 14:43:06'),
(485, 2511, '', 2, 'Ask 1 Question', 500, 'â‚¹', '', '2019-04-17', 'pay_CJvdUdps02KMOK', 'COMPLETE', '2019-04-15 17:51:37'),
(486, 1555, '', 7, '12 Months Analysis', 1000, 'â‚¹', '', '2019-04-21', 'pay_CKAJDScvm6qha5', 'COMPLETE', '2019-04-16 08:13:42'),
(487, 2072, '', 1, 'Premium Kundali Analysis', 2000, 'â‚¹', '', '2019-04-23', 'pay_CKAmvuwoFpZr6g', 'COMPLETE', '2019-04-16 08:41:43'),
(488, 1311, '', 2, 'Ask 1 Question', 500, 'â‚¹', '', '2019-04-18', 'pay_CKLknDDXx94PDa', 'PENDING', '2019-04-16 19:24:56'),
(489, 1706, '', 3, 'Marriage / Love life Analysis', 1000, 'â‚¹', '', '2019-04-26', 'pay_CMOVbo5rfuKu6S', 'COMPLETE', '2019-04-21 23:24:28'),
(490, 2072, '', 1, 'Premium Kundali Analysis', 2000, 'â‚¹', '', '2019-05-03', 'pay_COJEt9YA5uVuFS', 'COMPLETE', '2019-04-26 19:33:15'),
(491, 833, '', 7, '12 Months Analysis', 1000, 'â‚¹', '', '2019-05-10', 'pay_CRk4qrJw3w56K0', 'COMPLETE', '2019-05-05 11:45:11'),
(492, 2682, '', 2, 'Ask 1 Question', 500, 'â‚¹', '', '2019-05-07', 'pay_CRsi6WDejPTK52', 'COMPLETE', '2019-05-05 20:12:12'),
(493, 1233, '', 2, 'Ask 1 Question', 500, 'â‚¹', '', '2019-05-12', 'pay_CTmLGH3ouJhsyd', 'COMPLETE', '2019-05-10 15:16:29'),
(494, 2512, '', 1, 'Premium Kundali Analysis', 2000, 'â‚¹', '', '2019-05-17', 'pay_CTt8M4OIQHyKzV', 'COMPLETE', '2019-05-10 21:55:04'),
(495, 1706, '', 3, 'Marriage / Love life Analysis', 1000, 'â‚¹', '', '2019-05-20', 'pay_CVdAnM4Cwovkem', 'COMPLETE', '2019-05-15 07:36:08'),
(496, 3102, '', 2, 'Ask 1 Question', 500, 'â‚¹', '', '2019-05-18', 'pay_CW4OQO6qkSMq2Q', 'COMPLETE', '2019-05-16 10:13:41'),
(497, 2668, '', 1, 'Premium Kundali Analysis', 40, '$', '', '2019-05-24', 'pay_CWMLMcsmjmcNcx', 'COMPLETE', '2019-05-17 03:47:06'),
(498, 842, '', 2, 'Ask 1 Question', 500, 'â‚¹', '', '2019-05-22', 'pay_CXo69Um5WNi10B', 'COMPLETE', '2019-05-20 19:35:32'),
(499, 3700, '', 2, 'Ask 1 Question', 500, 'â‚¹', '', '2019-05-23', 'pay_CY1HKa33iBlCzt', 'COMPLETE', '2019-05-21 08:29:49'),
(500, 3934, '', 2, 'Ask 1 Question', 500, 'â‚¹', '', '2019-05-27', 'pay_CZkhNyHeUTsfio', 'COMPLETE', '2019-05-25 17:33:55'),
(501, 4728, '', 4, 'Education/ Career Analysis', 1000, 'â‚¹', '', '2019-06-12', 'pay_CexyCZEyQljVKH', 'COMPLETE', '2019-06-07 21:47:37'),
(502, 4909, '', 2, 'Ask 1 Question', 500, 'â‚¹', '', '2019-06-11', 'pay_CfiREpTF4EyL8N', 'COMPLETE', '2019-06-09 19:15:14'),
(503, 4996, '', 1, 'Premium Kundali Analysis', 2000, 'â‚¹', '', '2019-06-18', 'pay_CgSDOQV0n68qYN', 'COMPLETE', '2019-06-11 16:02:14'),
(504, 4790, '', 2, 'Ask 1 Question', 500, 'â‚¹', '', '2019-06-14', 'pay_CgaepZULWf74bq', 'COMPLETE', '2019-06-12 00:18:54'),
(505, 3981, '', 1, 'Premium Kundali Analysis', 2000, 'â‚¹', '', '2019-06-21', 'pay_ChgkTPMXzK0LY0', 'COMPLETE', '2019-06-14 18:53:56'),
(506, 2682, '', 2, 'Ask 1 Question', 500, 'â‚¹', '', '2019-06-17', 'pay_Ci50ABqdOgng6K', 'COMPLETE', '2019-06-15 18:37:37'),
(507, 5218, '', 2, 'Ask 1 Question', 500, 'â‚¹', '', '2019-06-18', 'pay_CiQMpa9sPpA13u', 'COMPLETE', '2019-06-16 15:31:11'),
(508, 5520, '', 2, 'Ask 1 Question', 500, 'â‚¹', '', '2019-06-24', 'pay_CksSNKCqo8A57o', 'COMPLETE', '2019-06-22 20:18:35'),
(509, 5560, '', 2, 'Ask 1 Question', 500, 'â‚¹', '', '2019-06-25', 'pay_Cl3tywWvKNc09b', 'COMPLETE', '2019-06-23 07:29:58'),
(510, 1706, '', 2, 'Ask 1 Question', 500, 'â‚¹', '', '2019-06-25', 'pay_ClHCYvc8SUIVcZ', 'COMPLETE', '2019-06-23 20:30:38'),
(511, 6053, '', 1, 'Premium Kundali Analysis', 2000, 'â‚¹', '', '2019-07-09', 'pay_CoWiEVLZQs5wqu', 'COMPLETE', '2019-07-02 01:37:48'),
(512, 3622, '', 4, 'Education/ Career Analysis', 25, '$', '', '2019-07-12', 'pay_CqdFBNEvCCXLXJ', 'COMPLETE', '2019-07-07 09:18:58'),
(513, 6262, '', 1, 'Premium Kundali Analysis', 40, '$', '', '2019-07-19', 'pay_CscAmCl2WJ6kwM', 'COMPLETE', '2019-07-12 09:34:29'),
(514, 779, '', 2, 'Ask 1 Question', 500, 'â‚¹', '', '2019-07-24', 'pay_CwfiPrCokjEquq', 'COMPLETE', '2019-07-22 15:38:33'),
(515, 6589, '', 1, 'Premium Kundali Analysis', 40, '$', '', '2019-08-02', 'pay_CyJf34pgnEZ7jp', 'COMPLETE', '2019-07-26 19:21:36'),
(516, 6589, '', 4, 'Education/ Career Analysis', 25, '$', '', '2019-07-31', 'pay_CyJiA9v415mWpD', 'COMPLETE', '2019-07-26 19:24:31'),
(517, 6589, '', 6, 'Finance/Money Analysis', 25, '$', '', '2019-07-31', 'pay_CyJjIyMb23qmSS', 'COMPLETE', '2019-07-26 19:25:37'),
(518, 6589, '', 7, '12 Months Analysis', 25, '$', '', '2019-07-31', 'pay_CyKZmiTzJ1y4wk', 'COMPLETE', '2019-07-26 20:15:18'),
(519, 6589, '', 3, 'Marriage / Love life Analysis', 25, '$', '', '2019-07-31', 'pay_CyKarlFP00bqP2', 'COMPLETE', '2019-07-26 20:16:19'),
(520, 6592, '', 7, '12 Months Analysis', 1000, 'â‚¹', '', '2019-08-01', 'pay_CyPaMGoJHugoWL', 'COMPLETE', '2019-07-27 01:09:49'),
(521, 6602, '', 2, 'Ask 1 Question', 500, 'â‚¹', '', '2019-07-30', 'pay_CysruwwxmOQ3ti', 'COMPLETE', '2019-07-28 05:49:06'),
(522, 6612, '', 2, 'Ask 1 Question', 15, '$', '', '2019-07-31', 'pay_CzJp9FvPSqYNac', 'COMPLETE', '2019-07-29 08:10:08'),
(523, 4728, '', 7, '12 Months Analysis', 1000, 'â‚¹', '', '2019-08-03', 'pay_CzWidVmzEunwY1', 'COMPLETE', '2019-07-29 20:47:13'),
(524, 6614, '', 4, 'Education/ Career Analysis', 25, '$', '', '2019-08-09', 'pay_D1ejdw9ty11BEZ', 'COMPLETE', '2019-08-04 05:56:57'),
(525, 6685, '', 1, 'Premium Kundali Analysis', 40, '$', '', '2019-08-14', 'pay_D32KqmZQyBTRt0', 'COMPLETE', '2019-08-07 17:40:05'),
(526, 5218, '', 2, 'Ask 1 Question', 500, 'â‚¹', '', '2019-08-11', 'pay_D3je5UDk3aJAWL', 'COMPLETE', '2019-08-09 12:01:51'),
(527, 6637, '', 7, '12 Months Analysis', 25, '$', '', '2019-08-14', 'pay_D3oJlSH9VChhfn', 'COMPLETE', '2019-08-09 16:35:53'),
(528, 779, '', 7, '12 Months Analysis', 1000, 'â‚¹', '', '2019-08-24', 'pay_D7VKOC0gfU4sdA', 'COMPLETE', '2019-08-19 00:37:53'),
(529, 6592, '', 1, 'Premium Kundali Analysis', 2000, 'â‚¹', '', '2019-09-02', 'pay_DAduxFFr6RxORO', 'COMPLETE', '2019-08-26 22:58:52'),
(530, 3631, '', 1, 'Premium Kundali Analysis', 2000, 'â‚¹', '', '2019-09-03', 'pay_DAlG0LzFKGvw3O', 'COMPLETE', '2019-08-27 06:09:32'),
(531, 3631, '', 2, 'Ask 1 Question', 500, 'â‚¹', '', '2019-09-04', 'pay_DDN9h58LV2JALU', 'COMPLETE', '2019-09-02 20:31:49'),
(532, 6917, '', 2, 'Ask 1 Question', 15, '$', '', '2019-09-13', 'pay_DGlh70MEPvXPYI', 'COMPLETE', '2019-09-11 10:29:00'),
(533, 2776, '', 1, 'Premium Kundali Analysis', 2000, 'â‚¹', '', '2019-10-05', 'pay_DNhvqB0l0NVquQ', 'PENDING', '2019-09-28 23:22:00'),
(534, 271, '', 7, '12 Months Analysis', 1000, 'â‚¹', '', '2019-10-07', 'pay_DPEhNwwLtCdCrU', 'COMPLETE', '2019-10-02 20:03:35'),
(535, 1310, '', 1, 'Premium Kundali Analysis', 2000, 'â‚¹', '', '2019-10-14', 'pay_DRCMZIrEudMCA9', 'COMPLETE', '2019-10-07 19:04:40'),
(536, 7172, '', 2, 'Ask 1 Question', 500, 'â‚¹', '', '2019-10-13', 'pay_DSfhDNcUdJEE3p', 'COMPLETE', '2019-10-11 12:25:12'),
(537, 779, '', 2, 'Ask 1 Question', 500, 'â‚¹', '', '2019-11-03', 'pay_Db6FZY8HKdiWCO', 'COMPLETE', '2019-11-01 19:35:58'),
(538, 6917, '', 7, '12 Months Analysis', 40, '$', '', '2019-11-14', 'pay_DeJNO10FNgG5XD', 'COMPLETE', '2019-11-09 22:22:56'),
(539, 7439, '', 3, 'Marriage / Love life Analysis', 40, '$', '', '2019-11-27', 'pay_Dj7GRCFzUjtq63', 'COMPLETE', '2019-11-22 01:47:19'),
(540, 7522, '', 3, 'Marriage / Love life Analysis', 1000, '', '', '2019-12-10', 'pay_DocoOrw5DhUpmM', 'COMPLETE', '2019-12-05 23:54:03'),
(541, 7824, '', 7, '12 Months Analysis', 1000, 'â‚¹', '', '2020-01-22', 'pay_E5RProKMXbzccG', 'COMPLETE', '2020-01-17 11:51:47'),
(542, 7878, '', 1, 'Premium Kundali Analysis', 2000, 'â‚¹', '', '2020-01-31', 'pay_E8K89FIruq8d4j', 'COMPLETE', '2020-01-24 18:37:45'),
(543, 7920, '', 6, 'Finance/Money Analysis', 1000, 'â‚¹', '', '2020-02-04', 'pay_EAh3MzN1ogUgcO', 'COMPLETE', '2020-01-30 18:20:45'),
(544, 1205, '', 2, 'Ask 1 Question', 500, 'â‚¹', '', '2020-02-07', 'pay_ECwmrbzgn0qor1', 'COMPLETE', '2020-02-05 11:03:07'),
(545, 8059, '', 3, 'Marriage / Love life Analysis', 40, '$', '', '2020-02-22', 'pay_EHbYkEjkhomoa0', 'COMPLETE', '2020-02-17 05:31:33'),
(552, 1850, '', 3, ' U0935U093fU0935U093eU0939 / U092aU094dU0930U0947U092e U091cU0940U0935U0928 U0935U093fU0936U094dU093', 1000, '₹', '', '2020-02-24', ' pay_EIdR01r4OJScmn', 'PENDING', '2020-02-19 20:04:08'),
(553, 1850, '', 2, '1 प्रश्न पूछें', 500, '₹', '', '2020-02-21', 'pay_EIdW31lKndsMfj', 'PENDING', '2020-02-19 20:04:59'),
(554, 1850, '', 3, 'विवाह / प्रेम जीवन विश्लेषण', 1000, '₹', '', '2020-02-25', 'pay_EItB9e38JiIucG', 'PENDING', '2020-02-20 11:24:18'),
(555, 1850, '', 2, 'Ask 1 Question', 500, '₹', '', '2020-02-22', 'pay_EItxgcpuHl6ARu', 'PENDING', '2020-02-20 12:10:18'),
(556, 1850, '', 7, '12 महीने का विश्लेषण', 1000, '₹', '', '2020-02-25', 'pay_EItycZLXgWI7mM', 'PENDING', '2020-02-20 12:11:10'),
(557, 3097, '', 2, '1 प्रश्न विचारा', 500, '₹', '', '2020-02-22', 'pay_EIxkTYbV4AAOec', 'PENDING', '2020-02-20 15:52:47'),
(558, 1850, '', 2, '1 प्रश्न विचारा', 500, '₹', '', '2020-02-22', 'pay_EIxsopp4UT4LKW', 'PENDING', '2020-02-20 16:00:26'),
(559, 1850, '', 3, 'विवाह / प्रेम जीवन विश्लेषण', 1000, '₹', '', '2020-02-25', 'pay_EIxvPmGaHsi9yg', 'PENDING', '2020-02-20 16:02:52'),
(560, 1850, '', 2, '1 प्रश्न विचारा', 500, '₹', '', '2020-02-22', 'pay_EIyOOuR4MvygPs', 'PENDING', '2020-02-20 16:30:20'),
(565, 1850, '', 2, ' 1 U092aU094dU0930U0936U094dU0928 U0935U093fU091aU093eU0930U093e', 500, '₹', '', '2020-02-22', ' pay_EIyOOuR4MvygPs', 'PENDING', '2020-02-20 16:47:40'),
(566, 1850, '', 2, ' 1 U092aU094dU0930U0936U094dU0928 U0935U093fU091aU093eU0930U093e', 500, '₹', '', '2020-02-22', ' pay_EIyOOuR4MvygPs', 'PENDING', '2020-02-20 16:48:05'),
(567, 1850, '', 2, ' 1 U092aU094dU0930U0936U094dU0928 U0935U093fU091aU093eU0930U093e', 500, '₹', '', '2020-02-22', ' pay_EIyOOuR4MvygPs', 'PENDING', '2020-02-20 16:57:42'),
(568, 1850, '', 2, ' 1 U092aU094dU0930U0936U094dU0928 U0935U093fU091aU093eU0930U093e', 500, '₹', '', '2020-02-22', ' pay_EIyOOuR4MvygPs', 'PENDING', '2020-02-20 16:58:40'),
(569, 1850, '', 2, ' 1 U092aU094dU0930U0936U094dU0928 U0935U093fU091aU093eU0930U093e', 500, '₹', '', '2020-02-22', ' pay_EIyOOuR4MvygPs', 'PENDING', '2020-02-20 17:05:42'),
(570, 1850, '', 2, ' 1 U092aU094dU0930U0936U094dU0928 U0935U093fU091aU093eU0930U093e', 500, '₹', '', '2020-02-22', ' pay_EIyOOuR4MvygPs', 'PENDING', '2020-02-20 17:12:54'),
(571, 1850, '', 2, ' 1 U092aU094dU0930U0936U094dU0928 U0935U093fU091aU093eU0930U093e', 500, '₹', '', '2020-02-22', ' pay_EIyOOuR4MvygPs', 'PENDING', '2020-02-20 17:15:36'),
(572, 3097, '', 2, '1 प्रश्न पूछें', 500, '₹', '', '2020-02-22', 'pay_EIzPpBQGfj76cA', 'PENDING', '2020-02-20 17:30:34'),
(573, 3097, '', 2, '1 प्रश्न पूछें', 500, '₹', '', '2020-02-23', 'pay_EJQ8PpEK3WXE3P', 'PENDING', '2020-02-21 19:38:56'),
(574, 8006, '', 2, 'Ask 1 Question', 500, '₹', '', '1970-01-01', 'pay_EKAvQX132RkIib', 'COMPLETE', '2020-02-23 17:25:17'),
(575, 3097, '', 2, 'Ask 1 Question', 500, '₹', '', '2020-02-28', 'pay_ELHsG084CuBwXs', 'INPROCESS', '2020-02-26 12:52:07'),
(576, 7920, '', 1, 'Premium horoscope Analysis', 2000, '₹', '', '1970-01-01', 'pay_ELNZI5aYho6Cnd', 'COMPLETE', '2020-02-26 18:26:22'),
(577, 8255, '', 1, 'Premium horoscope Analysis', 2000, '₹', '', '2020-03-14', 'pay_EPC0LZDztEGJbE', 'COMPLETE', '2020-03-07 09:43:29'),
(578, 8240, '', 1, 'Premium horoscope Analysis', 2000, '₹', '', '2020-03-14', 'pay_EPH5RLrbJu68Cz', 'COMPLETE', '2020-03-07 14:42:08'),
(579, 8635, '', 4, 'Education/ Career Analysis', 1000, '₹', '', '2020-04-13', 'pay_EbrFKCIEzev61j', 'COMPLETE', '2020-04-08 09:52:39'),
(580, 8700, '', 3, 'Marriage / Love life Analysis', 1000, '₹', '', '2020-04-20', 'pay_Eeh5C7qSxPoVZd', 'COMPLETE', '2020-04-15 13:52:54'),
(581, 1207, '', 3, 'विवाह / प्रेम जीवन विश्लेषण', 1000, '₹', '', '2020-04-24', 'pay_EgG0Z4zGvK5vnG', 'PENDING', '2020-04-19 12:41:43'),
(582, 8781, '', 0, 'Ask 1 Question', 500, '', '', '1970-01-01', 'pay_Ehu44K0YapKDUt', 'COMPLETE', '2020-04-23 16:32:42'),
(583, 8786, '', 2, 'Ask 1 Question', 500, '₹', '', '2020-05-05', 'pay_ElknKq0ioz1Yyj', 'COMPLETE', '2020-05-03 10:03:40'),
(584, 8700, '', 4, 'Education/ Career Analysis', 1000, '₹', '', '2020-05-20', 'pay_EqVBbVGnqj5FgC', 'COMPLETE', '2020-05-15 10:02:46'),
(585, 8990, '', 0, 'પ્રીમિયમ કુંડલી વિશ્લેષણ', 2000, '', '', '1970-01-01', 'pay_Eri5VjQ3kFXHzP', 'COMPLETE', '2020-05-18 11:19:22'),
(586, 8664, '', 3, 'Marriage / Love life Analysis', 1000, '₹', '', '2020-05-27', 'pay_EtOfXWND3wBQZF', 'COMPLETE', '2020-05-22 17:36:57'),
(587, 2666, '', 2, 'Ask 1 Question', 500, '₹', '', '2020-05-25', 'pay_EtcRrqnEaH9FSc', 'COMPLETE', '2020-05-23 07:05:48'),
(588, 1311, '', 0, 'Ask 1 Question', 500, '', '', '1970-01-01', 'pay_EuZLcnmgGhRBXp', 'PENDING', '2020-05-25 16:43:37'),
(589, 4488, '', 2, 'Ask 1 Question', 500, '₹', '', '2020-05-28', 'pay_Ev7xFrUb9C5PEs', 'COMPLETE', '2020-05-27 02:34:57'),
(590, 4488, '', 2, 'Ask 1 Question', 500, '₹', '', '2020-05-29', 'pay_EviMBU4u4dACn8', 'COMPLETE', '2020-05-28 14:11:19'),
(591, 4488, '', 2, 'Ask 1 Question', 500, '₹', '', '2020-06-07', 'pay_Ez8EfZDnc4n2yU', 'COMPLETE', '2020-06-06 05:27:48'),
(592, 2666, '', 2, 'Ask 1 Question', 500, '₹', '', '2020-06-10', 'pay_F0MIgQnr9Q7PZc', 'COMPLETE', '2020-06-09 07:50:45'),
(593, 9097, '', 2, 'Ask 1 Question', 500, '₹', '', '2020-06-12', 'pay_F1DsEZhGTDJkNz', 'COMPLETE', '2020-06-11 12:15:44'),
(594, 9183, '', 3, 'Marriage / Love life Analysis', 1000, '₹', '', '2020-06-19', 'pay_F3kRNlZxZJ8ngd', 'COMPLETE', '2020-06-17 21:24:48'),
(595, 8785, '', 3, 'Marriage / Love life Analysis', 1000, '₹', '', '2020-06-25', 'pay_F5w0oL3UJwswW0', 'COMPLETE', '2020-06-23 10:02:44'),
(596, 4488, '', 2, 'Ask 1 Question', 500, '₹', '', '2020-06-26', 'pay_F6td1iQ8729QLR', 'COMPLETE', '2020-06-25 20:21:50'),
(597, 9360, '', 7, '12 મહિના વિશ્લેષણ', 1000, '₹', '', '2020-07-07', 'pay_FAq3hLPVlypJpG', 'COMPLETE', '2020-07-05 19:28:19'),
(598, 9317, '', 2, 'Ask 1 Question', 500, '₹', '', '2020-07-10', 'pay_FCIi5ZnKJpk4f2', 'COMPLETE', '2020-07-09 12:08:47'),
(599, 9342, '', 2, 'Ask 1 Question', 500, '₹', '', '2020-07-17', 'pay_FFAxLgl1E5JZ7e', 'COMPLETE', '2020-07-16 18:30:12'),
(600, 8474, '', 3, 'Marriage / Love life Analysis', 1000, '₹', '', '2020-07-19', 'pay_FFdid5Dx9rt7NW', 'COMPLETE', '2020-07-17 22:43:44'),
(601, 4488, '', 2, 'Ask 1 Question', 500, '₹', '', '2020-07-23', 'pay_FHHqScgE3GUHfQ', 'COMPLETE', '2020-07-22 02:33:11'),
(602, 9183, '', 1, 'Premium horoscope Analysis', 2000, '₹', '', '2020-07-28', 'pay_FImgKJ05swfYDZ', 'COMPLETE', '2020-07-25 21:21:50'),
(603, 9317, '', 2, 'Ask 1 Question', 500, '₹', '', '2020-08-01', 'pay_FL0LV3cOSfAtTe', 'COMPLETE', '2020-07-31 12:01:46'),
(604, 8474, '', 3, 'Marriage / Love life Analysis', 1000, '₹', '', '2020-08-15', 'pay_FQIfyo92sJVBKQ', 'COMPLETE', '2020-08-13 21:17:18'),
(605, 9650, '', 1, 'Premium horoscope Analysis', 2000, '₹', '', '2020-08-17', 'pay_FQbgsrelZwbZrs', 'COMPLETE', '2020-08-14 15:48:15'),
(606, 9650, '', 1, 'Premium horoscope Analysis', 2000, '₹', '', '2020-08-20', 'pay_FRf9OCihpaHQTo', 'COMPLETE', '2020-08-17 07:50:24'),
(607, 9645, '', 2, 'Ask 1 Question', 500, '₹', '', '2020-08-19', 'pay_FS6ma5AM8FefN7', 'COMPLETE', '2020-08-18 10:53:00'),
(608, 9726, '', 3, 'Marriage / Love life Analysis', 1000, '₹', '', '2020-08-25', 'pay_FUFjM2DXy4kFSj', 'COMPLETE', '2020-08-23 20:55:15'),
(609, 4728, '', 7, '12 महीने का विश्लेषण', 1000, '₹', '', '2020-08-29', 'pay_FVrIX0gUuoA8a6', 'COMPLETE', '2020-08-27 22:19:52'),
(610, 4488, '', 2, 'Ask 1 Question', 500, '₹', '', '2020-09-01', 'pay_FXSazIkpE90jPJ', 'COMPLETE', '2020-08-31 23:39:07'),
(611, 2836, '', 3, 'Marriage / Love life Analysis', 1000, '₹', '', '2020-09-20', 'pay_FeUeitXtxhlqWk', 'COMPLETE', '2020-09-18 18:01:23'),
(612, 4488, '', 2, 'Ask 1 Question', 500, '₹', '', '2020-10-08', 'pay_Fm5cqtBdgckY3b', 'COMPLETE', '2020-10-07 22:44:37'),
(613, 7920, '', 1, 'પ્રીમિયમ કુંડલી વિશ્લેષણ', 3000, '₹', '', '2020-10-14', 'pay_Fnb3bRfBbGJ5u3', 'COMPLETE', '2020-10-11 18:08:05'),
(614, 9964, '', 3, 'Marriage / Love life Analysis', 1000, '₹', '', '2020-10-16', 'pay_Fopcrdpnp7zBWv', 'COMPLETE', '2020-10-14 21:02:15'),
(615, 9650, '', 6, 'Telephonic Consultation | One Hour', 3000, '₹', '', '2020-10-18', 'pay_FpouAbWjT1PQcQ', 'PENDING', '2020-10-17 08:58:50'),
(616, 9650, '', 6, 'Telephonic Consultation | One Hour', 3000, '₹', '', '2020-10-21', 'pay_Fr0b2Gj3Y5zn8O', 'PENDING', '2020-10-20 09:04:24'),
(617, 8018, '', 2, 'Ask 1 Question', 500, '₹', '', '2020-11-14', 'pay_G0Zn4p5FLwjaeV', 'COMPLETE', '2020-11-13 13:21:18'),
(618, 10273, '', 2, 'Ask 1 Question', 500, '₹', '', '2020-12-02', 'pay_G7mofjaGgWe5ab', 'COMPLETE', '2020-12-01 18:38:36'),
(619, 10261, '', 3, 'Marriage / Love life Analysis', 1000, '₹', '', '2020-12-05', 'pay_G8HPe8GSd0yij5', 'COMPLETE', '2020-12-03 00:34:24'),
(620, 6592, '', 7, '12 Months Analysis', 1000, '₹', '', '2021-01-07', 'pay_GLYDAFSlSuSKIB', 'PENDING', '2021-01-05 13:27:50'),
(621, 6592, '', 1, 'Premium horoscope Analysis', 3000, '₹', '', '2021-01-12', 'pay_GN46m8aQ0SreAz', 'PENDING', '2021-01-09 09:19:41'),
(622, 10488, '', 2, 'Ask 1 Question', 500, '₹', '', '2021-01-16', 'pay_GPXdkpobV92FLv', 'PENDING', '2021-01-15 15:29:45'),
(623, 4488, '', 2, 'Ask 1 Question', 500, '₹', '', '2021-01-17', 'pay_GQ2CAaYtyjGlPu', 'PENDING', '2021-01-16 21:23:25'),
(624, 10491, '', 3, 'Marriage / Love life Analysis', 1000, '₹', '', '2021-01-18', 'pay_GQ4IxaRemTxoP3', 'PENDING', '2021-01-16 23:26:53'),
(625, 6592, '', 7, '12 Months Analysis', 1000, '₹', '', '2021-01-22', 'pay_GROIUBsJO0knTx', 'PENDING', '2021-01-20 07:39:21'),
(626, 6592, '', 7, '12 Months Analysis', 1000, '₹', '', '2021-01-22', 'pay_GRQtJCw3wjhsxK', 'PENDING', '2021-01-20 10:11:45'),
(627, 4488, '', 2, 'Ask 1 Question', 500, '₹', '', '2021-01-23', 'pay_GS6i9qvXRbsHLY', 'PENDING', '2021-01-22 03:06:30'),
(628, 10424, '', 7, '12 Months Analysis', 1000, '₹', '', '2021-01-26', 'pay_GT0E31VNe4whp7', 'PENDING', '2021-01-24 09:24:23'),
(629, 6592, '', 7, '12 Months Analysis', 1000, '₹', '', '2021-01-27', 'pay_GTbH6CSZzaVmaU', 'PENDING', '2021-01-25 21:40:06'),
(630, 6592, '', 7, '12 Months Analysis', 1000, '₹', '', '2021-01-27', 'pay_GTbKXzIoQbs2Xj', 'PENDING', '2021-01-25 21:43:27'),
(631, 6592, '', 7, '12 Months Analysis', 1000, '₹', '', '2021-02-01', 'pay_GVMh9M5Tc1ivGR', 'PENDING', '2021-01-30 08:42:27'),
(632, 554, '', 3, 'Marriage / Love life Analysis', 1000, '₹', '', '2021-02-01', 'pay_GVbgzpaX6dXiJK', 'PENDING', '2021-01-30 23:21:50'),
(633, 6592, '', 1, 'Premium horoscope Analysis', 3000, '₹', '', '2021-02-06', 'pay_GX7q4Y5G5iPh2t', 'PENDING', '2021-02-03 19:28:41'),
(634, 6592, '', 7, '12 Months Analysis', 1000, '₹', '', '2021-02-11', 'pay_GZKg64G6lSVGf4', 'PENDING', '2021-02-09 09:18:54'),
(635, 10573, '', 7, '12 Months Analysis', 1000, '₹', '', '2021-02-13', 'pay_GaGAdNc9VYfB5h', 'PENDING', '2021-02-11 17:34:25'),
(636, 4488, '', 2, 'Ask 1 Question', 500, '₹', '', '2021-02-14', 'pay_Gb9h6i6p0gm93i', 'PENDING', '2021-02-13 23:52:36'),
(637, 6592, '', 7, '12 Months Analysis', 1000, '₹', '', '2021-02-23', 'pay_Ge7witNHdYAmNe', 'PENDING', '2021-02-21 12:07:55'),
(638, 10559, '', 7, '12 Months Analysis', 1000, '₹', '', '2021-03-01', 'pay_GgeaGAvyZlSeCN', 'PENDING', '2021-02-27 21:20:10'),
(639, 10559, '', 3, 'Marriage / Love life Analysis', 1000, '₹', '', '2021-03-05', 'pay_GiBEqWlnT5uo8m', 'PENDING', '2021-03-03 17:55:45'),
(640, 6592, '', 7, '12 Months Analysis', 1000, '₹', '', '2021-03-12', 'pay_Gkyt1cCxcEausn', 'PENDING', '2021-03-10 19:47:51'),
(641, 10723, '', 1, 'Premium horoscope Analysis', 3000, '₹', '', '2021-03-16', 'pay_Glqsw3ZS598SAq', 'PENDING', '2021-03-13 00:37:53'),
(642, 10723, '', 4, 'Education/ Career Analysis', 1000, '₹', '', '2021-03-15', 'pay_GlqwQuDVnA74xl', 'PENDING', '2021-03-13 00:41:06'),
(643, 10723, '', 7, '12 Months Analysis', 1000, '₹', '', '2021-03-15', 'pay_Glr9xii2Z6wenT', 'PENDING', '2021-03-13 00:53:53'),
(644, 10667, '', 4, 'Education/ Career Analysis', 1000, '₹', '', '2021-03-27', 'pay_GqoEv1W6BLlc8T', 'PENDING', '2021-03-25 13:17:45'),
(645, 10559, '', 2, 'Ask 1 Question', 500, '₹', '', '2021-04-13', 'pay_GxxHhO6wpl1BXG', 'PENDING', '2021-04-12 14:40:51'),
(646, 8664, '', 7, '12 Months Analysis', 1000, '₹', '', '2021-04-21', 'pay_H0lazn5ycxExwS', 'PENDING', '2021-04-19 17:12:03'),
(647, 3631, '', 2, 'Ask 1 Question', 500, '₹', '', '2021-04-29', 'pay_H4ApPzKykfRQQs', 'PENDING', '2021-04-28 07:49:47'),
(648, 10884, '', 2, 'Ask 1 Question', 500, '₹', '', '2021-05-03', 'pay_H603wHWa2p0qQv', 'PENDING', '2021-05-02 22:36:08'),
(649, 4488, '', 2, 'Ask 1 Question', 500, '₹', '', '2021-05-14', 'pay_HADVzLR54O56Ff', 'PENDING', '2021-05-13 14:25:30'),
(650, 6592, '', 7, '12 Months Analysis', 1000, '₹', '', '2021-05-17', 'pay_HAw3PFSJFGkxOL', 'PENDING', '2021-05-15 09:55:46'),
(651, 10955, '', 2, 'Ask 1 Question', 500, '₹', '', '2021-05-27', 'pay_HF8WdIuzwjLHKw', 'PENDING', '2021-05-26 00:43:42'),
(652, 6592, '', 5, 'Medical/Health Analysis', 1000, '₹', '', '2021-06-01', 'pay_HGsEj57F62ZPzv', 'PENDING', '2021-05-30 10:06:54'),
(653, 6592, '', 7, '12 Months Analysis', 1000, '₹', '', '2021-06-01', 'pay_HGvI39x8D6YdSf', 'PENDING', '2021-05-30 13:05:43'),
(654, 6592, '', 4, 'Education/ Career Analysis', 1000, '₹', '', '2021-06-08', 'pay_HJkpWgHIU7l8IX', 'PENDING', '2021-06-06 16:47:56'),
(655, 10997, '', 7, '12 Months Analysis', 1000, '₹', '', '2021-06-10', 'pay_HKPOdgshcPjBRV', 'PENDING', '2021-06-08 08:28:58'),
(656, 11013, '', 3, 'Marriage / Love life Analysis', 1000, '₹', '', '2021-06-12', 'pay_HLDAKj6Ig8faGJ', 'PENDING', '2021-06-10 09:10:43'),
(657, 6592, '', 7, '12 Months Analysis', 1000, '₹', '', '2021-06-24', 'pay_HPyDCg6e3F5r43', 'PENDING', '2021-06-22 09:47:27'),
(658, 10997, '', 4, 'Education/ Career Analysis', 1000, '₹', '', '2021-07-04', 'pay_HTz70IgOu5Dayk', 'PENDING', '2021-07-02 13:16:17'),
(659, 10997, '', 1, 'Premium horoscope Analysis', 3000, '₹', '', '2021-07-05', 'pay_HTz8PdzRsRVOfZ', 'PENDING', '2021-07-02 13:17:34'),
(660, 6592, '', 7, '12 Months Analysis', 1000, '₹', '', '2021-08-04', 'pay_HgC68CQvRZJJLM', 'PENDING', '2021-08-02 09:46:22'),
(661, 11182, '', 2, 'Ask 1 Question', 500, '₹', '', '2021-08-08', 'pay_HiM3toeNGMudU8', 'PENDING', '2021-08-07 20:49:25'),
(662, 11183, '', 1, 'Premium horoscope Analysis', 3000, '₹', '', '2021-08-11', 'pay_Hij7TSJ7KADq7C', 'PENDING', '2021-08-08 19:22:54'),
(663, 11183, '', 4, 'Education/ Career Analysis', 1000, '₹', '', '2021-08-15', 'pay_HkgNduiPSPWymS', 'PENDING', '2021-08-13 18:00:08'),
(664, 11183, '', 3, 'Marriage / Love life Analysis', 1000, '₹', '', '2021-08-18', 'pay_HlviUHpvq5PGwY', 'PENDING', '2021-08-16 21:39:06'),
(665, 11183, '', 5, 'Medical/Health Analysis', 1000, '₹', '', '2021-08-29', 'pay_HqB7WtU769SbIh', 'PENDING', '2021-08-27 15:19:15'),
(666, 6592, '', 1, 'Premium horoscope Analysis', 3000, '₹', '', '2021-09-22', 'pay_HzFMPlGZ6QaD4s', 'PENDING', '2021-09-19 13:19:03'),
(667, 11353, '', 2, '1 प्रश्न पूछें', 500, '₹', '', '2021-10-06', 'pay_I5NizGBmtNh0Sz', 'PENDING', '2021-10-05 01:24:23'),
(668, 6592, '', 7, '12 Months Analysis', 1000, '₹', '', '2021-10-13', 'pay_I7x5cOFx6KqCd2', 'PENDING', '2021-10-11 13:17:34'),
(669, 7512, '', 6, 'Telephonic Consultation | One Hour', 3000, '₹', '', '2021-11-10', 'pay_IJQ3MQFWgNqrls', 'PENDING', '2021-11-09 12:48:19'),
(670, 6592, '', 7, '12 Months Analysis', 1000, '₹', '', '2021-11-13', 'pay_IK9XHCEFj9juxj', 'PENDING', '2021-11-11 09:17:12'),
(671, 11513, '', 2, 'Ask 1 Question', 500, '₹', '', '2021-11-24', 'pay_IOzqd0yhnmYk4A', 'PENDING', '2021-11-23 15:02:41'),
(672, 10488, '', 2, 'Ask 1 Question', 500, '₹', '', '2021-12-05', 'pay_ITIbvO48DOZOhQ', 'PENDING', '2021-12-04 11:59:41'),
(673, 10488, '', 4, 'Education/ Career Analysis', 1000, '₹', '', '2021-12-10', 'pay_IUusM1P0pXTriu', 'PENDING', '2021-12-08 14:04:50'),
(674, 7172, '', 2, 'Ask 1 Question', 500, '₹', '', '2021-12-14', 'pay_IWom20PIe85QQ7', 'PENDING', '2021-12-13 09:25:38'),
(675, 11460, '', 3, 'Marriage / Love life Analysis', 1000, '₹', '', '2021-12-26', 'pay_IbMasuTJ1uj4Y3', 'PENDING', '2021-12-24 21:06:53'),
(676, 11625, '', 6, 'Telephonic Consultation | One Hour', 100, '$', '', '2021-12-27', 'pay_Ic9eJZ2EhKS1LN', 'PENDING', '2021-12-26 21:04:32'),
(677, 11572, '', 3, 'Marriage / Love life Analysis', 45, '$', '', '2021-12-29', 'pay_IcFeo4CPi7z3XT', 'PENDING', '2021-12-27 02:58:25'),
(678, 6592, '', 5, 'Medical/Health Analysis', 1000, '₹', '', '2021-12-31', 'pay_IdCGPphdlTTWnE', 'PENDING', '2021-12-29 12:17:08'),
(679, 5937, '', 2, 'Ask 1 Question', 500, '₹', '', '2022-01-06', 'pay_Ig4R12bxstiqqY', 'PENDING', '2022-01-05 18:34:54'),
(680, 10997, '', 7, '12 Months Analysis', 1000, '₹', '', '2022-01-10', 'pay_Ih6BVOmARWsX25', 'PENDING', '2022-01-08 08:56:30'),
(681, 6924, '', 2, 'Ask 1 Question', 500, '₹', '', '2022-01-12', 'pay_IiW0A5J3d1bnhZ', 'PENDING', '2022-01-11 22:50:42'),
(682, 11706, '', 2, '1 प्रश्न पूछें', 500, '₹', '', '2022-01-16', 'pay_Ik09uBuUnODqv9', 'PENDING', '2022-01-15 16:59:49'),
(683, 9078, '', 2, 'Ask 1 Question', 500, '₹', '', '2022-01-18', 'pay_IkphsRnXZ7rWex', 'PENDING', '2022-01-17 19:26:09'),
(684, 11733, '', 3, 'Marriage / Love life Analysis', 1000, '₹', '', '2022-01-24', 'pay_Imlti6v99edW7H', 'PENDING', '2022-01-22 16:59:59'),
(685, 10722, '', 1, 'Premium horoscope Analysis', 3000, '₹', '', '2022-01-26', 'pay_In3AJUsIXJ8G6P', 'PENDING', '2022-01-23 09:53:17'),
(686, 11446, '', 5, 'Medical/Health Analysis', 1000, '₹', '', '2022-01-25', 'pay_InAjq0wCcP9Z4d', 'PENDING', '2022-01-23 17:17:48'),
(687, 10559, '', 7, '12 Months Analysis', 1000, '₹', '', '2022-01-25', 'pay_InGRtn9y4NvF2o', 'PENDING', '2022-01-23 22:54:44'),
(688, 11727, '', 7, '12 Months Analysis', 45, '$', '', '2022-01-29', 'pay_IomVlRzkor2oXh', 'PENDING', '2022-01-27 18:54:56'),
(689, 10424, '', 3, 'Marriage / Love life Analysis', 1000, '₹', '', '2022-02-02', 'pay_IqFodZ3KncOHgC', 'PENDING', '2022-01-31 12:12:51'),
(690, 10384, '', 2, 'Ask 1 Question', 15, '$', '', '2022-02-02', 'pay_IqZV9YEAWD1t2k', 'PENDING', '2022-02-01 07:29:00'),
(691, 11765, '', 2, 'Ask 1 Question', 500, '₹', '', '2022-02-02', 'pay_IqgtSusIBk2Urq', 'PENDING', '2022-02-01 14:42:02'),
(692, 11446, '', 4, 'Education/ Career Analysis', 1000, '₹', '', '2022-02-03', 'pay_IqkR16z62CkZYU', 'PENDING', '2022-02-01 18:09:55'),
(693, 6592, '', 7, '12 Months Analysis', 1000, '₹', '', '2022-02-21', 'pay_IxuNcHIW1mD9D9', 'PENDING', '2022-02-19 20:27:46'),
(694, 11513, '', 2, 'Ask 1 Question', 500, '₹', '', '2022-02-22', 'pay_IyXDR6O04apM9t', 'PENDING', '2022-02-21 10:26:48'),
(695, 5834, '', 7, '12 Months Analysis', 1000, '₹', '', '2022-03-06', 'pay_J31weRxCgddyHd', 'PENDING', '2022-03-04 19:05:30'),
(696, 12013, '', 7, '12 Months Analysis', 1000, '₹', '', '2022-04-09', 'pay_JGLh4D0mahxDZA', 'PENDING', '2022-04-07 10:52:20'),
(697, 12034, '', 7, '12 Months Analysis', 1000, '₹', '', '2022-04-13', 'pay_JHx3QLUTeOJ2zw', 'PENDING', '2022-04-11 12:03:46'),
(698, 10424, '', 7, '12 Months Analysis', 1000, '₹', '', '2022-04-19', 'pay_JKJ4x3ODEWXuer', 'PENDING', '2022-04-17 10:54:36'),
(699, 11513, '', 2, 'Ask 1 Question', 500, '₹', '', '2022-04-19', 'pay_JKi41LMgJKuPQa', 'PENDING', '2022-04-18 11:22:44'),
(700, 12054, '', 2, 'Ask 1 Question', 500, '₹', '', '2022-04-20', 'pay_JKvV8Fn9oDtFxK', 'PENDING', '2022-04-19 00:29:20'),
(701, 12013, '', 1, 'Premium horoscope Analysis', 3000, '₹', '', '2022-05-02', 'pay_JP5SeGLPtFX1sY', 'PENDING', '2022-04-29 12:50:24'),
(702, 11480, '', 2, 'Ask 1 Question', 500, '₹', '', '2022-05-24', 'pay_JYcWkhvTOHvRZb', 'PENDING', '2022-05-23 15:02:00'),
(703, 11480, '', 2, 'Ask 1 Question', 500, '₹', '', '2022-05-28', 'pay_JaE6WOcIUAuWKf', 'PENDING', '2022-05-27 16:26:25'),
(704, 10424, '', 7, '12 Months Analysis', 1000, '₹', '', '2022-05-30', 'pay_JaceMLkyCUeib4', 'PENDING', '2022-05-28 16:27:10'),
(705, 11480, '', 2, 'Ask 1 Question', 500, '₹', '', '2022-06-21', 'pay_JjeY2VhYc3cuun', 'PENDING', '2022-06-20 12:09:30'),
(706, 11480, '', 2, 'Ask 1 Question', 500, '₹', '', '2022-06-24', 'pay_JkuGASjd5mMcl1', 'PENDING', '2022-06-23 16:10:45'),
(707, 4488, '', 2, 'Ask 1 Question', 500, '₹', '', '2022-06-26', 'pay_JldwgMwTCzy3Ep', 'PENDING', '2022-06-25 13:03:27'),
(708, 10112, '', 3, 'Marriage / Love life Analysis', 45, '$', '', '2022-06-30', 'pay_Jme7zFV4PmgbFc', 'PENDING', '2022-06-28 01:42:27'),
(709, 12273, '', 2, 'Ask 1 Question', 500, '₹', '', '2022-07-03', 'pay_JoX31Rr3tsKLUM', 'PENDING', '2022-07-02 20:04:53'),
(710, 12287, '', 2, 'Ask 1 Question', 500, '₹', '', '2022-07-06', 'pay_JpR4B1LPKOa4jV', 'PENDING', '2022-07-05 02:52:24'),
(711, 12343, '', 3, 'Marriage / Love life Analysis', 1000, '₹', '', '2022-07-31', 'pay_Jz2LEnVxspHkoJ', 'INPROCESS', '2022-07-29 09:11:16'),
(712, 12343, '', 1, 'Premium horoscope Analysis', 3000, '₹', '', '2022-08-01', 'pay_Jz2TAKt6pvZCe6', 'INPROCESS', '2022-07-29 09:18:51'),
(713, 12364, '', 2, 'Ask 1 Question', 15, '$', '', '2022-08-01', 'pay_JzsDaLlNhOnZtq', 'PENDING', '2022-07-31 11:55:55'),
(714, 8239, '', 1, 'Premium horoscope Analysis', 3000, '₹', '', '2022-08-06', 'pay_K1FUvY3lD7S0bp', 'COMPLETE', '2022-08-03 23:21:56'),
(715, 4488, '', 2, 'Ask 1 Question', 500, '₹', '', '2022-08-05', 'pay_K1WnSCRyx0lfvp', 'PENDING', '2022-08-04 16:18:48'),
(716, 12343, '', 1, 'Premium horoscope Analysis', 3000, '₹', '', '2022-08-08', 'pay_K1eyppRvTgyzFX', 'PENDING', '2022-08-05 00:16:57'),
(717, 12343, '', 1, 'Premium horoscope Analysis', 3000, '₹', '', '2022-08-08', 'pay_K1f1KEjMLlLeYc', 'PENDING', '2022-08-05 00:20:31'),
(718, 10384, '', 2, '1 प्रश्न पूछें', 15, '$', '', '2022-08-06', 'pay_K1l02YPmtzUtnp', 'PENDING', '2022-08-05 06:09:54'),
(719, 10384, '', 2, '1 प्रश्न पूछें', 15, '$', '', '2022-08-06', 'pay_K1l2jnDg2dGBfA', 'PENDING', '2022-08-05 06:12:27'),
(720, 10384, '', 2, '1 प्रश्न पूछें', 15, '$', '', '2022-08-06', 'pay_K1l4o1DfQM26nd', 'PENDING', '2022-08-05 06:14:24'),
(721, 10384, '', 2, '1 प्रश्न पूछें', 15, '$', '', '2022-08-06', 'pay_K1lHyH6g3s4y6y', 'PENDING', '2022-08-05 06:26:53'),
(722, 10384, '', 2, '1 प्रश्न पूछें', 15, '$', '', '2022-08-06', 'pay_K1lJZp2ZqjUKDU', 'PENDING', '2022-08-05 06:28:44'),
(723, 10384, '', 2, 'Ask 1 Question', 15, '$', '', '2022-08-06', 'pay_K1lQ440Uxj1bXH', 'PENDING', '2022-08-05 06:34:40'),
(724, 12450, '', 5, 'Medical/Health Analysis', 1000, '₹', '', '2022-08-08', 'pay_K285kl8wedQL7c', 'PENDING', '2022-08-06 04:46:13'),
(725, 10112, '', 4, 'Education/ Career Analysis', 45, '$', '', '2022-08-12', 'pay_K3nfz8Cmim4KlV', 'PENDING', '2022-08-10 10:07:52'),
(726, 12450, '', 2, 'Ask 1 Question', 500, '₹', '', '2022-08-13', 'pay_K4kHuGej5cS8vV', 'PENDING', '2022-08-12 19:26:00'),
(727, 8148, '', 7, '12 Months Analysis', 45, '$', '', '2022-08-16', 'pay_K5LCLFfSRMP06c', 'PENDING', '2022-08-14 07:32:09'),
(728, 12605, '', 0, 'Ask 1 Question', 500, '', '', '1970-01-01', 'pay_K6o9GtYeYMVtXa', 'PENDING', '2022-08-18 00:30:41'),
(729, 12450, '', 4, 'Education/ Career Analysis', 1000, '₹', '', '2022-08-20', 'pay_K6sSCIaCkrXWKg', 'PENDING', '2022-08-18 04:49:39'),
(730, 12617, '', 7, '12 महिन्यांचे विश्लेषण', 1000, '₹', '', '2022-08-20', 'pay_K72neYErWwIywB', 'PENDING', '2022-08-18 14:50:03'),
(731, 12450, '', 4, 'Education/ Career Analysis', 1000, '₹', '', '2022-08-21', 'pay_K7VzGUR3bXGoh6', 'PENDING', '2022-08-19 19:24:53'),
(732, 11513, '', 6, 'Telephonic Consultation | One Hour', 3000, '₹', '', '2022-09-10', 'pay_KFkDJig3s7MUsN', 'PENDING', '2022-09-09 14:30:17'),
(733, 7775, '', 3, 'Marriage / Love life Analysis', 45, '$', '', '2022-09-12', 'pay_KG5IbJwBrcQKYx', 'PENDING', '2022-09-10 11:07:53'),
(734, 12988, '', 6, 'Telephonic Consultation | One Hour', 3000, '₹', '', '2022-09-12', 'pay_KGdnMTkhMU6V5q', 'PENDING', '2022-09-11 20:52:56'),
(735, 13095, '', 4, '教育/职业分析', 45, '$', '', '2022-09-21', 'pay_KJZiaIHd1Xdedp', 'PENDING', '2022-09-19 07:00:17'),
(736, 11200, '', 1, 'Premium horoscope Analysis', 3000, '₹', '', '2022-10-01', 'pay_KNMvXoXBSz0e5q', 'PENDING', '2022-09-28 20:56:02'),
(737, 13269, '', 1, 'Premium horoscope Analysis', 3000, '₹', '', '2022-10-07', 'pay_KPPJvUtStNdRnu', 'PENDING', '2022-10-04 00:34:30'),
(738, 13302, '', 4, 'Education/ Career Analysis', 1000, '₹', '', '2022-10-08', 'pay_KQZLtyuNZ8AdSR', 'PENDING', '2022-10-06 23:02:14'),
(739, 13356, '', 1, 'Premium horoscope Analysis', 3000, '₹', '', '2022-10-14', 'pay_KSWRh9QVUQEmTF', 'PENDING', '2022-10-11 21:34:46'),
(740, 7775, '', 7, '12 Months Analysis', 35, '$', '', '2022-10-16', 'pay_KTRcT8pYcFT8Ag', 'PENDING', '2022-10-14 05:24:45'),
(741, 7775, '', 1, 'Premium horoscope Analysis', 50, '$', '', '2022-10-17', 'pay_KTRdA7M2M5QoIB', 'PENDING', '2022-10-14 05:25:16'),
(742, 10424, '', 5, 'Medical/Health Analysis', 1000, '₹', '', '2022-10-16', 'pay_KTh5oo1yQ5NUEn', 'PENDING', '2022-10-14 20:33:12'),
(743, 13376, '', 3, 'Marriage / Love life Analysis', 1000, '₹', '', '2022-10-17', 'pay_KU6qBnWkZAoPVF', 'PENDING', '2022-10-15 21:44:15'),
(744, 13538, '', 2, 'Ask 1 Question', 15, '$', '', '2022-11-06', 'pay_Kc56Kfk5G3zZzR', 'PENDING', '2022-11-05 01:14:06'),
(745, 8239, '', 4, 'Education/ Career Analysis', 1000, '₹', '', '2022-11-09', 'pay_KdDadDQWeBAAut', 'PENDING', '2022-11-07 22:11:26'),
(746, 10424, '', 7, '12 Months Analysis', 1000, '₹', '', '2022-11-10', 'pay_KdSjAEKxgO9Av8', 'PENDING', '2022-11-08 12:59:49'),
(747, 3079, '', 4, 'Education/ Career Analysis', 1000, '₹', '', '2022-11-18', 'pay_KgQlW16HFPeoQy', 'PENDING', '2022-11-16 01:02:02'),
(748, 13804, '', 3, 'Marriage / Love life Analysis', 35, '$', '', '2022-11-23', 'pay_KilCntwSAjGgjS', 'PENDING', '2022-11-21 22:19:33'),
(749, 13596, '', 2, 'Ask 1 Question', 15, '$', '', '2022-12-01', 'pay_KmJc1FFPCZLp3d', 'PENDING', '2022-11-30 21:55:31'),
(750, 14237, '', 3, 'Marriage / Love life Analysis', 35, '$', '', '2022-12-18', 'pay_KsfeM2H6sOtnjI', 'PENDING', '2022-12-16 23:23:04'),
(751, 10384, '', 2, 'Ask 1 Question', 15, '$', '', '2022-12-20', 'pay_KtcUQIkGzlA4O4', 'PENDING', '2022-12-19 08:56:35'),
(752, 8018, '', 1, 'Premium horoscope Analysis', 3000, '₹', '', '2022-12-24', 'pay_KuWo3J1kZpLZjD', 'PENDING', '2022-12-21 16:02:50'),
(753, 13538, '', 5, 'Medical/Health Analysis', 35, '$', '', '2022-12-26', 'pay_KvnbHEkUGQQhVJ', 'PENDING', '2022-12-24 21:06:43'),
(754, 13538, '', 2, 'Ask 1 Question', 15, '$', '', '2022-12-25', 'pay_KvndSKIgBVJXQ6', 'PENDING', '2022-12-24 21:08:47'),
(755, 13616, '', 4, 'Education/ Career Analysis', 35, '$', '', '2023-01-01', 'pay_Kxxubkwgf7k2QU', 'PENDING', '2022-12-30 08:29:57'),
(756, 13616, '', 2, 'Ask 1 Question', 15, '$', '', '2022-12-31', 'pay_KxykyBtlwCRnHD', 'PENDING', '2022-12-30 09:19:33'),
(757, 14690, '', 3, 'Marriage / Love life Analysis', 1000, '₹', '', '2023-01-13', 'pay_L2jm0VXGc12rPK', 'PENDING', '2023-01-11 09:58:00'),
(758, 13500, '', 1, 'Premium horoscope Analysis', 50, '$', '', '2023-01-22', 'pay_L5tlRe16m3JmZv', 'PENDING', '2023-01-19 09:38:26'),
(759, 11298, '', 1, 'प्रीमियम कुंडली विश्लेषण', 3000, '₹', '', '2023-01-22', 'pay_L60RtkXw9uwIJN', 'PENDING', '2023-01-19 16:10:52'),
(760, 11298, '', 7, '12 महीने का विश्लेषण', 1000, '₹', '', '2023-01-21', 'pay_L60UQeJUJ6QjMH', 'PENDING', '2023-01-19 16:13:30'),
(761, 14822, '', 1, 'Premium horoscope Analysis', 3000, '₹', '', '2023-01-24', 'pay_L6oHlTeDTJ2MN7', 'PENDING', '2023-01-21 16:56:16'),
(762, 8148, '', 1, 'Premium horoscope Analysis', 50, '$', '', '2023-01-27', 'pay_L7p810wEG3HyCj', 'PENDING', '2023-01-24 06:24:25'),
(763, 13616, '', 1, 'Premium horoscope Analysis', 50, '$', '', '2023-01-29', 'pay_L8qLghI5fYAjqS', 'PENDING', '2023-01-26 20:15:04'),
(764, 11898, '', 2, 'Ask 1 Question', 500, '₹', '', '2023-01-28', 'pay_L9GKhbLUEDgFnh', 'PENDING', '2023-01-27 21:40:32'),
(765, 14901, '', 3, 'विवाह / प्रेम जीवन विश्लेषण', 1000, '₹', '', '2023-02-09', 'pay_LDe7DTshEci3ps', 'PENDING', '2023-02-07 23:32:20'),
(766, 8664, '', 7, '12 Months Analysis', 1000, '₹', '', '2023-02-18', 'pay_LHCZBNf2Kj7ie5', 'PENDING', '2023-02-16 23:11:23'),
(767, 7775, '', 3, 'Marriage / Love life Analysis', 35, '$', '', '2023-03-03', 'pay_LM6DoVjbmEGLCC', 'PENDING', '2023-03-01 08:13:44'),
(768, 14440, '', 3, 'Marriage / Love life Analysis', 35, '$', '', '2023-03-05', 'pay_LMoq1w8BwsaPEo', 'PENDING', '2023-03-03 03:52:25'),
(769, 15345, '', 2, 'Ask 1 Question', 500, '₹', '', '2023-03-05', 'pay_LNSrNuuMoy7Iex', 'PENDING', '2023-03-04 19:02:10'),
(770, 15362, '', 1, 'Premium horoscope Analysis', 3000, '₹', '', '2023-03-08', 'pay_LNqOFYnvdG8pze', 'PENDING', '2023-03-05 18:04:02'),
(771, 14440, '', 1, 'Premium horoscope Analysis', 50, '$', '', '2023-03-08', 'pay_LNvO3xXPJMPY6C', 'PENDING', '2023-03-05 22:56:14'),
(772, 15251, '', 3, 'বিবাহ / প্রেমের জীবন বিশ্লেষণ', 1000, '₹', '', '2023-03-12', 'pay_LPfg55kAJzmIfm', 'PENDING', '2023-03-10 08:52:21'),
(773, 13261, '', 4, 'Education/ Career Analysis', 1000, '₹', '', '2023-03-19', 'pay_LSaUo0lFT9PqBi', 'PENDING', '2023-03-17 17:46:35'),
(774, 13261, '', 1, 'Premium horoscope Analysis', 3000, '₹', '', '2023-03-25', 'pay_LUTZWUhX7kvJEr', 'PENDING', '2023-03-22 12:17:27'),
(775, 10424, '', 7, '12 Months Analysis', 1000, '₹', '', '2023-03-26', 'pay_LVEqJlmK5z9INA', 'PENDING', '2023-03-24 10:31:05'),
(776, 15313, '', 3, 'Marriage / Love life Analysis', 35, '$', '', '2023-03-28', 'pay_LVv3cxvrlhNnc9', 'PENDING', '2023-03-26 03:49:02'),
(777, 11327, '', 3, 'Marriage / Love life Analysis', 35, '$', '', '2023-03-31', 'pay_LX84sTKNuUaopC', 'PENDING', '2023-03-29 05:11:44'),
(778, 15824, '', 6, 'Telephonic Consultation | One Hour', 50, '$', '', '2023-04-16', 'pay_Le15roh5vIFhO0', 'PENDING', '2023-04-15 14:55:24'),
(779, 15818, '', 2, '1 ಪ್ರಶ್ನೆ ಕೇಳಿ', 500, '₹', '', '2023-04-16', 'pay_Le7seOP46mJ7j9', 'PENDING', '2023-04-15 21:33:28'),
(780, 13804, '', 3, 'Marriage / Love life Analysis', 35, '$', '', '2023-04-30', 'pay_Lj5JgccGdxcyXP', 'PENDING', '2023-04-28 10:18:29'),
(781, 14084, '', 2, 'Ask 1 Question', 500, '₹', '', '2023-04-29', 'pay_Lj9xEWMCc2z8N0', 'PENDING', '2023-04-28 14:50:15'),
(782, 15997, '', 1, 'Premium horoscope Analysis', 50, '$', '', '2023-05-01', 'pay_LjEqBVIPWJHSHB', 'PENDING', '2023-04-28 19:36:57'),
(783, 16085, '', 4, 'Education/ Career Analysis', 1000, '₹', '', '2023-05-08', 'pay_LmNZ417NxSO4iB', 'PENDING', '2023-05-06 18:07:23'),
(784, 16085, '', 3, 'Marriage / Love life Analysis', 1000, '₹', '', '2023-05-10', 'pay_LnCO7mnKyK6q9r', 'PENDING', '2023-05-08 19:49:57'),
(785, 16113, '', 4, 'Education/ Career Analysis', 1000, '₹', '', '2023-05-10', 'pay_LnCTor0FoQpCVC', 'PENDING', '2023-05-08 19:54:47'),
(786, 12287, '', 4, 'Education/ Career Analysis', 1000, '₹', '', '2023-05-10', 'pay_LnCnrT9foQjktF', 'PENDING', '2023-05-08 20:13:49'),
(787, 12287, '', 3, 'Marriage / Love life Analysis', 1000, '₹', '', '2023-05-11', 'pay_LncDkNTCwpXGLm', 'PENDING', '2023-05-09 21:05:24'),
(788, 16102, '', 3, 'Marriage / Love life Analysis', 35, '$', '', '2023-05-15', 'pay_LpBd58irZ3hcB8', 'PENDING', '2023-05-13 20:22:51'),
(789, 12304, '', 2, 'Ask 1 Question', 500, '₹', '', '2023-05-18', 'pay_LqcM5waNWZMTuY', 'PENDING', '2023-05-17 11:10:29'),
(790, 16543, '', 6, 'Telephonic Consultation | One Hour', 3000, '₹', '', '2023-06-11', 'pay_M0AQ3UgX6wIufe', 'PENDING', '2023-06-10 14:23:27'),
(791, 12137, '', 2, 'Ask 1 Question', 15, '$', '', '2023-06-15', 'pay_M1kTaipYYdH1WB', 'PENDING', '2023-06-14 14:15:30'),
(792, 16043, '', 2, 'Ask 1 Question', 15, '$', '', '2023-06-21', 'pay_M3xx8rRSGcdTWe', 'PENDING', '2023-06-20 04:44:59'),
(793, 10424, '', 7, '12 Months Analysis', 1000, '₹', '', '2023-06-25', 'pay_M5DtCeo2MTVdJb', 'PENDING', '2023-06-23 08:59:57'),
(794, 13261, '', 3, 'Marriage / Love life Analysis', 1000, '₹', '', '2023-06-30', 'pay_M7M66W2RWLwUiV', 'PENDING', '2023-06-28 18:19:19'),
(795, 16717, '', 5, 'Medical/Health Analysis', 1000, '₹', '', '2023-07-01', 'pay_M7j2r9ur1YLhpf', 'PENDING', '2023-06-29 16:46:00'),
(796, 9636, '', 4, 'Education/ Career Analysis', 35, '$', '', '2023-07-20', 'pay_MF8o761OwHyJUH', 'PENDING', '2023-07-18 10:30:33'),
(797, 8761, '', 3, 'Marriage / Love life Analysis', 1000, '₹', '', '2023-07-25', 'pay_MHEHC7AxFj36KT', 'PENDING', '2023-07-23 17:10:05'),
(798, 12092, '', 3, 'Marriage / Love life Analysis', 1000, '₹', '', '2023-07-30', 'pay_MJGnEaoziQbIHv', 'PENDING', '2023-07-28 20:56:16'),
(799, 12137, '', 2, 'Ask 1 Question', 15, '$', '', '2023-08-12', 'pay_MOqw2Wl7ORsxwr', 'PENDING', '2023-08-11 23:31:36'),
(800, 7775, '', 7, '12 Months Analysis', 35, '$', '', '2023-08-24', 'pay_MSwA4nMPU0n8Ld', 'PENDING', '2023-08-22 07:14:33'),
(801, 17312, '', 6, 'Telephonic Consultation | One Hour', 50, '$', '', '2023-09-11', 'pay_MaOPP7qDa8IBg6', 'PENDING', '2023-09-10 03:25:40'),
(802, 4488, '', 2, 'Ask 1 Question', 500, '₹', '', '2023-09-14', 'pay_Mbn5EejLC8XDd5', 'PENDING', '2023-09-13 16:14:37'),
(803, 17263, '', 3, 'Marriage / Love life Analysis', 1000, '₹', '', '2023-09-17', 'pay_McTr35xYhrA7r6', 'PENDING', '2023-09-15 10:03:38'),
(804, 15974, '', 3, 'Marriage / Love life Analysis', 1000, '₹', '', '2023-09-21', 'pay_Me8NaWvjAi1pmz', 'PENDING', '2023-09-19 14:21:04'),
(805, 16686, '', 4, 'Education/ Career Analysis', 35, '$', '', '2023-09-26', 'pay_MfxNxtb9D44AMq', 'PENDING', '2023-09-24 04:53:14'),
(806, 10488, '', 2, 'Ask 1 Question', 500, '₹', '', '2023-10-04', 'pay_MjgXPBsVqeVTYM', 'PENDING', '2023-10-03 15:01:13'),
(807, 17570, '', 4, 'Education/ Career Analysis', 1000, '₹', '', '2023-10-07', 'pay_Mka5M4FHH20MnC', 'PENDING', '2023-10-05 21:21:35'),
(808, 16085, '', 2, 'Ask 1 Question', 500, '₹', '', '2023-10-14', 'pay_MncTwll1jsNEvW', 'PENDING', '2023-10-13 13:39:03'),
(809, 17826, '', 2, 'Haga 1 pregunta', 15, '$', '', '2023-11-04', 'pay_Mvu7PfCoziTOZE', 'PENDING', '2023-11-03 12:05:34'),
(810, 17570, '', 3, 'Marriage / Love life Analysis', 1000, '₹', '', '2023-11-06', 'pay_MwNeN9xtFk9oVa', 'PENDING', '2023-11-04 16:59:44'),
(811, 10112, '', 2, 'Ask 1 Question', 15, '$', '', '2023-11-14', 'pay_MzzqtmvzyQCwMy', 'PENDING', '2023-11-13 20:18:30'),
(812, 17830, '', 3, 'Marriage / Love life Analysis', 35, '$', '', '2023-11-19', 'pay_N1HKZIxn9spJUz', 'PENDING', '2023-11-17 02:02:54'),
(813, 8199, '', 7, '12 Months Analysis', 1000, '₹', '', '2023-11-20', 'pay_N1e3XBFXmYLpFW', 'PENDING', '2023-11-18 00:17:05'),
(814, 16507, '', 2, 'Ask 1 Question', 500, '₹', '', '2023-11-22', 'pay_N2qJMlQKieRAyd', 'PENDING', '2023-11-21 00:55:54'),
(815, 16507, '', 2, 'Ask 1 Question', 500, '₹', '', '2023-11-23', 'pay_N3PUToTnoMQKhd', 'PENDING', '2023-11-22 11:20:56'),
(816, 16507, '', 7, '12 Months Analysis', 1000, '₹', '', '2023-11-24', 'pay_N3Pfv3VtxXqdId', 'PENDING', '2023-11-22 11:31:49'),
(817, 16507, '', 2, 'Ask 1 Question', 500, '₹', '', '2023-11-23', 'pay_N3Pl88tigS97Pd', 'PENDING', '2023-11-22 11:36:27'),
(818, 8199, '', 5, 'Medical/Health Analysis', 1000, '₹', '', '2023-11-26', 'pay_N42BewUcwG1qq2', 'PENDING', '2023-11-24 01:11:39'),
(819, 17964, '', 4, 'Education/ Career Analysis', 1000, '₹', '', '2023-11-27', 'pay_N4k786tk1xcRhd', 'PENDING', '2023-11-25 20:09:40'),
(820, 12092, '', 2, 'Ask 1 Question', 500, '₹', '', '2023-12-07', 'pay_N98rdQZGqzsryY', 'PENDING', '2023-12-06 22:58:57'),
(821, 8199, '', 3, 'Marriage / Love life Analysis', 1000, '₹', '', '2023-12-13', 'pay_NAx03Mke1emeaw', 'PENDING', '2023-12-11 12:40:10'),
(822, 8199, '', 4, 'Education/ Career Analysis', 1000, '₹', '', '2023-12-15', 'pay_NBY48yEUi4mek7', 'PENDING', '2023-12-13 00:55:20'),
(823, 8199, '', 5, 'Medical/Health Analysis', 1000, '₹', '', '2023-12-15', 'pay_NBYBR5YCKGOwNy', 'PENDING', '2023-12-13 01:02:13'),
(824, 11666, '', 3, 'Marriage / Love life Analysis', 1000, '₹', '', '2023-12-19', 'pay_NDMYJlCc9iUL7Z', 'PENDING', '2023-12-17 14:59:08'),
(825, 15251, '', 2, '1 প্রশ্ন জিজ্ঞাসা করুন', 500, '₹', '', '2023-12-24', 'pay_NFm6GH3o9QdIun', 'PENDING', '2023-12-23 17:15:30'),
(826, 13241, '', 3, 'Marriage / Love life Analysis', 35, '$', '', '2023-12-29', 'pay_NH6cSyJ1lR6xlk', 'PENDING', '2023-12-27 01:58:44'),
(827, 18009, '', 2, 'Ask 1 Question', 15, '$', '', '2024-01-05', 'pay_NKIFCfMiJxRw7v', 'PENDING', '2024-01-04 03:17:49'),
(828, 16117, '', 3, 'Marriage / Love life Analysis', 35, '$', '', '2024-04-28', 'pay_O3BHHBC4siEEEo', 'PENDING', '2024-04-26 13:43:54'),
(829, 16117, '', 3, 'Marriage / Love life Analysis', 35, '$', '', '2024-04-28', 'pay_O3BI7aT2CKSMEx', 'PENDING', '2024-04-26 13:44:44'),
(830, 18390, '', 7, '12 Months Analysis', 1000, '₹', '', '2024-05-22', 'pay_OChGeDzyN7w3AS', 'PENDING', '2024-05-20 14:52:47');

-- --------------------------------------------------------

--
-- Table structure for table `pdf_job_queue`
--

CREATE TABLE `pdf_job_queue` (
  `id` int NOT NULL,
  `userid` int NOT NULL,
  `kundali_id` int NOT NULL,
  `lang` varchar(2) CHARACTER SET utf8mb4 COLLATE utf8mb4_general_ci NOT NULL,
  `status` set('PENDING','ERRORED','COMPLETED') CHARACTER SET utf8mb4 COLLATE utf8mb4_general_ci NOT NULL DEFAULT 'PENDING',
  `msg` text CHARACTER SET utf8mb4 COLLATE utf8mb4_general_ci NOT NULL,
  `dtdate` datetime NOT NULL,
  `completed_date` datetime NOT NULL
) ENGINE=InnoDB DEFAULT CHARSET=utf8mb4 COLLATE=utf8mb4_general_ci;

--
-- Dumping data for table `pdf_job_queue`
--

INSERT INTO `pdf_job_queue` (`id`, `userid`, `kundali_id`, `lang`, `status`, `msg`, `dtdate`, `completed_date`) VALUES
(1, 182, 11318, 'hi', 'COMPLETED', 'https://tvam-project-files.s3.us-west-2.amazonaws.com/pdf-reports/Me-Ag--11318.pdf', '2024-10-02 22:38:07', '2024-10-18 23:36:37'),
(2, 18336, 57274, 'kn', 'COMPLETED', '/home/ashish/ashish/tvam/logs/reports-kn-57274.pdf', '2024-10-02 22:38:18', '2024-10-08 23:40:15'),
(3, 3097, 4180, 'ta', 'COMPLETED', 'https://tvam-project-files.s3.us-west-2.amazonaws.com/pdf-reports/Premium-Report-ta-241010-07:4712-March-1980-12:20-.pdf', '2024-10-03 00:20:44', '2024-10-10 19:47:18'),
(4, 182, 4180, 'en', 'ERRORED', 'Some thing went wrong', '2024-10-14 16:07:38', '0000-00-00 00:00:00'),
(5, 182, 11318, 'ml', 'ERRORED', 'Some thing went wrong', '2024-10-14 23:47:09', '0000-00-00 00:00:00'),
(6, 182, 11318, 'gu', 'ERRORED', 'Some thing went wrong', '2024-10-14 23:47:20', '0000-00-00 00:00:00'),
(7, 182, 11318, 'hi', 'ERRORED', 'Some thing went wrong', '2024-10-14 23:47:26', '0000-00-00 00:00:00'),
(8, 182, 11318, 'ru', 'COMPLETED', 'https://tvam-project-files.s3.us-west-2.amazonaws.com/pdf-reports/Premium-Report-ru-241018-12:00-07-August-1974-03:40-.pdf', '2024-10-02 22:38:07', '2024-10-18 00:00:58'),
(9, 182, 11318, 'te', 'COMPLETED', 'https://tvam-project-files.s3.us-west-2.amazonaws.com/pdf-reports/Premium-Report-te-241018-12:01-07-August-1974-03:40-.pdf', '2024-10-02 22:38:07', '2024-10-18 00:01:17'),
(10, 182, 11318, 'ta', 'COMPLETED', 'https://tvam-project-files.s3.us-west-2.amazonaws.com/pdf-reports/Premium-Report-ta-241018-12:01-07-August-1974-03:40-.pdf', '2024-10-02 22:38:07', '2024-10-18 00:01:35'),
(11, 182, 11318, 'ml', 'COMPLETED', 'https://tvam-project-files.s3.us-west-2.amazonaws.com/pdf-reports/Premium-Report-ml-241018-12:01-07-August-1974-03:40-.pdf', '2024-10-02 22:38:07', '2024-10-18 00:01:54'),
(12, 182, 11318, 'hi', 'COMPLETED', 'https://tvam-project-files.s3.us-west-2.amazonaws.com/pdf-reports/Premium-Report-hi-241018-12:02-07-August-1974-03:40-.pdf', '2024-10-02 22:38:07', '2024-10-18 00:02:26'),
(13, 182, 11318, 'ne', 'COMPLETED', 'https://tvam-project-files.s3.us-west-2.amazonaws.com/pdf-reports/Premium-Report-ne-241018-12:02-07-August-1974-03:40-.pdf', '2024-10-02 22:38:07', '2024-10-18 00:02:46'),
(14, 182, 11318, 'gu', 'COMPLETED', 'https://tvam-project-files.s3.us-west-2.amazonaws.com/pdf-reports/Premium-Report-gu-241018-12:03-07-August-1974-03:40-.pdf', '2024-10-02 22:38:07', '2024-10-18 00:03:19'),
(15, 182, 11318, 'zh', 'COMPLETED', 'https://tvam-project-files.s3.us-west-2.amazonaws.com/pdf-reports/Premium-Report-zh-241018-12:03-07-August-1974-03:40-.pdf', '2024-10-02 22:38:07', '2024-10-18 00:03:32'),
(16, 182, 11318, 'bn', 'COMPLETED', 'https://tvam-project-files.s3.us-west-2.amazonaws.com/pdf-reports/Premium-Report-bn-241018-12:03-07-August-1974-03:40-.pdf', '2024-10-02 22:38:07', '2024-10-18 00:03:49'),
(17, 182, 11318, 'kn', 'COMPLETED', 'https://tvam-project-files.s3.us-west-2.amazonaws.com/pdf-reports/Premium-Report-kn-241018-12:04-07-August-1974-03:40-.pdf', '2024-10-02 22:38:07', '2024-10-18 00:04:21');

-- --------------------------------------------------------

--
-- Table structure for table `personality_number`
--

CREATE TABLE `personality_number` (
  `id` int NOT NULL,
  `number` smallint NOT NULL,
  `description` text CHARACTER SET utf8mb4 COLLATE utf8mb4_0900_ai_ci NOT NULL,
  `you_tube_link` text CHARACTER SET utf8mb4 COLLATE utf8mb4_0900_ai_ci
) ENGINE=InnoDB DEFAULT CHARSET=utf8mb4 COLLATE=utf8mb4_general_ci;

--
-- Dumping data for table `personality_number`
--

INSERT INTO `personality_number` (`id`, `number`, `description`, `you_tube_link`) VALUES
(1, 1, '', ''),
(2, 2, '', ''),
(3, 3, '', ''),
(4, 4, '', ''),
(5, 5, '', ''),
(6, 6, '', ''),
(7, 7, '', ''),
(8, 8, '', ''),
(9, 9, '', ''),
(10, 11, '', ''),
(11, 22, '', ''),
(12, 33, '', '');

-- --------------------------------------------------------

--
-- Table structure for table `personal_day_numbers`
--

CREATE TABLE `personal_day_numbers` (
  `id` int NOT NULL,
  `number` smallint NOT NULL,
  `description` text CHARACTER SET utf8mb4 COLLATE utf8mb4_0900_ai_ci NOT NULL,
  `you_tube_link` text CHARACTER SET utf8mb4 COLLATE utf8mb4_0900_ai_ci
) ENGINE=InnoDB DEFAULT CHARSET=utf8mb4 COLLATE=utf8mb4_general_ci;

--
-- Dumping data for table `personal_day_numbers`
--

INSERT INTO `personal_day_numbers` (`id`, `number`, `description`, `you_tube_link`) VALUES
(1, 1, '', ''),
(2, 2, '', ''),
(3, 3, '', ''),
(4, 4, '', ''),
(5, 5, '', ''),
(6, 6, '', ''),
(7, 7, '', ''),
(8, 8, '', ''),
(9, 9, '', '');

-- --------------------------------------------------------

--
-- Table structure for table `personal_month`
--

CREATE TABLE `personal_month` (
  `id` int NOT NULL,
  `number` smallint NOT NULL,
  `description` text CHARACTER SET utf8mb4 COLLATE utf8mb4_0900_ai_ci NOT NULL,
  `you_tube_link` text CHARACTER SET utf8mb4 COLLATE utf8mb4_0900_ai_ci
) ENGINE=InnoDB DEFAULT CHARSET=utf8mb4 COLLATE=utf8mb4_general_ci;

--
-- Dumping data for table `personal_month`
--

INSERT INTO `personal_month` (`id`, `number`, `description`, `you_tube_link`) VALUES
(1, 1, '', ''),
(2, 2, '', ''),
(3, 3, '', ''),
(4, 4, '', ''),
(5, 5, '', ''),
(6, 6, '', ''),
(7, 7, '', ''),
(8, 8, '', ''),
(9, 9, '', ''),
(10, 11, '', ''),
(11, 22, '', '');

-- --------------------------------------------------------

--
-- Table structure for table `personal_year_number`
--

CREATE TABLE `personal_year_number` (
  `id` int NOT NULL,
  `number` smallint NOT NULL,
  `description` text CHARACTER SET utf8mb4 COLLATE utf8mb4_0900_ai_ci NOT NULL,
  `you_tube_link` text CHARACTER SET utf8mb4 COLLATE utf8mb4_0900_ai_ci
) ENGINE=InnoDB DEFAULT CHARSET=utf8mb4 COLLATE=utf8mb4_general_ci;

--
-- Dumping data for table `personal_year_number`
--

INSERT INTO `personal_year_number` (`id`, `number`, `description`, `you_tube_link`) VALUES
(1, 1, '', ''),
(2, 2, '', ''),
(3, 3, '', ''),
(4, 4, '', ''),
(5, 5, '', ''),
(6, 6, '', ''),
(7, 7, '', ''),
(8, 8, '', ''),
(9, 9, '', ''),
(10, 11, '', ''),
(11, 22, '', '');

-- --------------------------------------------------------

--
-- Table structure for table `pinnacle_numbers`
--

CREATE TABLE `pinnacle_numbers` (
  `id` int NOT NULL,
  `number` smallint NOT NULL,
  `description` text CHARACTER SET utf8mb4 COLLATE utf8mb4_0900_ai_ci NOT NULL,
  `you_tube_link` text CHARACTER SET utf8mb4 COLLATE utf8mb4_0900_ai_ci
) ENGINE=InnoDB DEFAULT CHARSET=utf8mb4 COLLATE=utf8mb4_general_ci;

--
-- Dumping data for table `pinnacle_numbers`
--

INSERT INTO `pinnacle_numbers` (`id`, `number`, `description`, `you_tube_link`) VALUES
(1, 1, '', ''),
(2, 2, '', ''),
(3, 3, '', ''),
(4, 4, '', ''),
(5, 5, '', ''),
(6, 6, '', ''),
(7, 7, '', ''),
(8, 8, '', ''),
(9, 9, '', ''),
(10, 11, '', ''),
(11, 22, '', ''),
(12, 33, '', '');

-- --------------------------------------------------------

--
-- Table structure for table `remedies`
--

CREATE TABLE `remedies` (
  `id` int NOT NULL,
  `app_menu_id` int NOT NULL COMMENT 'Primary key of app_menu table',
  `lifepath_no` smallint NOT NULL,
  `expression_no` smallint NOT NULL,
  `description` text NOT NULL,
  `you_tube_link` varchar(255) NOT NULL
) ENGINE=InnoDB DEFAULT CHARSET=utf8mb3;

--
-- Dumping data for table `remedies`
--

INSERT INTO `remedies` (`id`, `app_menu_id`, `lifepath_no`, `expression_no`, `description`, `you_tube_link`) VALUES
(1, 36, 1, 1, '', ''),
(2, 36, 1, 2, '', ''),
(3, 36, 1, 3, '', ''),
(4, 36, 1, 4, '', ''),
(5, 36, 1, 5, '', ''),
(6, 36, 1, 6, '', ''),
(7, 36, 1, 7, '', ''),
(8, 36, 1, 8, '', ''),
(9, 36, 1, 9, '', ''),
(10, 36, 1, 11, '', ''),
(11, 36, 1, 22, '', ''),
(12, 36, 1, 33, '', ''),
(13, 36, 2, 1, '', ''),
(14, 36, 2, 2, '', ''),
(15, 36, 2, 3, '', ''),
(16, 36, 2, 4, '', ''),
(17, 36, 2, 5, '', ''),
(18, 36, 2, 6, '', ''),
(19, 36, 2, 7, '', ''),
(20, 36, 2, 8, '', ''),
(21, 36, 2, 9, '', ''),
(22, 36, 2, 11, '', ''),
(23, 36, 2, 22, '', ''),
(24, 36, 2, 33, '', ''),
(25, 36, 3, 1, '', ''),
(26, 36, 3, 2, '', ''),
(27, 36, 3, 3, '', ''),
(28, 36, 3, 4, '', ''),
(29, 36, 3, 5, '', ''),
(30, 36, 3, 6, '', ''),
(31, 36, 3, 7, '', ''),
(32, 36, 3, 8, '', ''),
(33, 36, 3, 9, '', ''),
(34, 36, 3, 11, '', ''),
(35, 36, 3, 22, '', ''),
(36, 36, 3, 33, '', ''),
(37, 36, 4, 1, '', ''),
(38, 36, 4, 2, '', ''),
(39, 36, 4, 3, '', ''),
(40, 36, 4, 4, '', ''),
(41, 36, 4, 5, '', ''),
(42, 36, 4, 6, '', ''),
(43, 36, 4, 7, '', ''),
(44, 36, 4, 8, '', ''),
(45, 36, 4, 9, '', ''),
(46, 36, 4, 11, '', ''),
(47, 36, 4, 22, '', ''),
(48, 36, 4, 33, '', ''),
(49, 36, 5, 1, '', ''),
(50, 36, 5, 2, '', ''),
(51, 36, 5, 3, '', ''),
(52, 36, 5, 4, '', ''),
(53, 36, 5, 5, '', ''),
(54, 36, 5, 6, '', ''),
(55, 36, 5, 7, '', ''),
(56, 36, 5, 8, '', ''),
(57, 36, 5, 9, '', ''),
(58, 36, 5, 11, '', ''),
(59, 36, 5, 22, '', ''),
(60, 36, 5, 33, '', ''),
(61, 36, 6, 1, '', ''),
(62, 36, 6, 2, '', ''),
(63, 36, 6, 3, '', ''),
(64, 36, 6, 4, '', ''),
(65, 36, 6, 5, '', ''),
(66, 36, 6, 6, '', ''),
(67, 36, 6, 7, '', ''),
(68, 36, 6, 8, '', ''),
(69, 36, 6, 9, '', ''),
(70, 36, 6, 11, '', ''),
(71, 36, 6, 22, '', ''),
(72, 36, 6, 33, '', ''),
(73, 36, 7, 1, '', ''),
(74, 36, 7, 2, '', ''),
(75, 36, 7, 3, '', ''),
(76, 36, 7, 4, '', ''),
(77, 36, 7, 5, '', ''),
(78, 36, 7, 6, '', ''),
(79, 36, 7, 7, '', ''),
(80, 36, 7, 8, '', ''),
(81, 36, 7, 9, '', ''),
(82, 36, 7, 11, '', ''),
(83, 36, 7, 22, '', ''),
(84, 36, 7, 33, '', ''),
(85, 36, 8, 1, '', ''),
(86, 36, 8, 2, '', ''),
(87, 36, 8, 3, '', ''),
(88, 36, 8, 4, '', ''),
(89, 36, 8, 5, '', ''),
(90, 36, 8, 6, '', ''),
(91, 36, 8, 7, '', ''),
(92, 36, 8, 8, '', ''),
(93, 36, 8, 9, '', ''),
(94, 36, 8, 11, '', ''),
(95, 36, 8, 22, '', ''),
(96, 36, 8, 33, '', ''),
(97, 36, 9, 1, '', ''),
(98, 36, 9, 2, '', ''),
(99, 36, 9, 3, '', ''),
(100, 36, 9, 4, '', ''),
(101, 36, 9, 5, '', ''),
(102, 36, 9, 6, '', ''),
(103, 36, 9, 7, '', ''),
(104, 36, 9, 8, '', ''),
(105, 36, 9, 9, '', ''),
(106, 36, 9, 11, '', ''),
(107, 36, 9, 22, '', ''),
(108, 36, 9, 33, '', ''),
(109, 36, 11, 1, '', ''),
(110, 36, 11, 2, '', ''),
(111, 36, 11, 3, '', ''),
(112, 36, 11, 4, '', ''),
(113, 36, 11, 5, '', ''),
(114, 36, 11, 6, '', ''),
(115, 36, 11, 7, '', ''),
(116, 36, 11, 8, '', ''),
(117, 36, 11, 9, '', ''),
(118, 36, 11, 11, '', ''),
(119, 36, 11, 22, '', ''),
(120, 36, 11, 33, '', ''),
(121, 36, 22, 1, '', ''),
(122, 36, 22, 2, '', ''),
(123, 36, 22, 3, '', ''),
(124, 36, 22, 4, '', ''),
(125, 36, 22, 5, '', ''),
(126, 36, 22, 6, '', ''),
(127, 36, 22, 7, '', ''),
(128, 36, 22, 8, '', ''),
(129, 36, 22, 9, '', ''),
(130, 36, 22, 11, '', ''),
(131, 36, 22, 22, '', ''),
(132, 36, 22, 33, '', ''),
(133, 36, 33, 1, '', ''),
(134, 36, 33, 2, '', ''),
(135, 36, 33, 3, '', ''),
(136, 36, 33, 4, '', ''),
(137, 36, 33, 5, '', ''),
(138, 36, 33, 6, '', ''),
(139, 36, 33, 7, '', ''),
(140, 36, 33, 8, '', ''),
(141, 36, 33, 9, '', ''),
(142, 36, 33, 11, '', ''),
(143, 36, 33, 22, '', ''),
(144, 36, 33, 33, '', '');

-- --------------------------------------------------------

--
-- Table structure for table `soul_urge_number`
--

CREATE TABLE `soul_urge_number` (
  `id` int NOT NULL,
  `number` smallint NOT NULL,
  `description` text CHARACTER SET utf8mb4 COLLATE utf8mb4_0900_ai_ci NOT NULL,
  `you_tube_link` text CHARACTER SET utf8mb4 COLLATE utf8mb4_0900_ai_ci
) ENGINE=InnoDB DEFAULT CHARSET=utf8mb4 COLLATE=utf8mb4_general_ci;

--
-- Dumping data for table `soul_urge_number`
--

INSERT INTO `soul_urge_number` (`id`, `number`, `description`, `you_tube_link`) VALUES
(1, 1, 'soul urge no 1', ''),
(2, 2, '', ''),
(3, 3, '', ''),
(4, 4, '', ''),
(5, 5, '', ''),
(6, 6, '', ''),
(7, 7, '', ''),
(8, 8, '', ''),
(9, 9, '', ''),
(10, 11, '', ''),
(11, 22, '', ''),
(12, 33, '', '');

-- --------------------------------------------------------

--
-- Table structure for table `tvam_premium`
--

CREATE TABLE `tvam_premium` (
  `id` int NOT NULL,
  `name` varchar(255) NOT NULL,
  `description` text NOT NULL
) ENGINE=InnoDB DEFAULT CHARSET=utf8mb3;

--
-- Dumping data for table `tvam_premium`
--

INSERT INTO `tvam_premium` (`id`, `name`, `description`) VALUES
(1, 'images/plan_point_a_icon.png', 'Click on Planets and Zodiacs and see what they mean for you. Generate unlimited charts !'),
(2, 'images/plan_point_b_icon.png', 'Unlock more than 100 combinations in your chart and their meaning in your life !'),
(3, 'images/plan_point_c_icon.png', 'Ad free experience. Get rid of annoying ads.'),
(4, 'images/plan_point_d_icon.png', 'View Full Jyotish Report. The 50 page mammoth document of your life! Generate unlimited Reports.'),
(5, 'images/plan_point_e_icon.png', '24 Hours priority delivery for all consultations');

-- --------------------------------------------------------

--
-- Table structure for table `user_kundali`
--

CREATE TABLE `user_kundali` (
  `id` int NOT NULL,
  `userid` int NOT NULL,
  `first_name` varchar(256) NOT NULL,
  `middle_name` varchar(256) NOT NULL,
  `last_name` varchar(256) NOT NULL,
  `life_path` tinyint NOT NULL,
  `expression` tinyint NOT NULL,
  `soul_urge` tinyint NOT NULL,
  `personility` tinyint NOT NULL,
  `birthday` tinyint NOT NULL,
  `maturity` tinyint NOT NULL,
  `karmic_debt` json NOT NULL COMMENT 'Json',
  `karmic_lession` json NOT NULL COMMENT 'Json',
  `hidden` tinyint NOT NULL,
  `balance` tinyint NOT NULL,
  `challenge` json NOT NULL,
  `pinnacle` json NOT NULL COMMENT 'Json',
  `pinnacle_age` json NOT NULL COMMENT 'Json',
  `created_date` date NOT NULL,
  `modified_date` datetime NOT NULL,
  `birth_date` date NOT NULL,
  `is_default` tinyint(1) NOT NULL DEFAULT '0'
) ENGINE=MyISAM DEFAULT CHARSET=utf8mb3;

--
-- Dumping data for table `user_kundali`
--

INSERT INTO `user_kundali` (`id`, `userid`, `first_name`, `middle_name`, `last_name`, `life_path`, `expression`, `soul_urge`, `personility`, `birthday`, `maturity`, `karmic_debt`, `karmic_lession`, `hidden`, `balance`, `challenge`, `pinnacle`, `pinnacle_age`, `created_date`, `modified_date`, `birth_date`, `is_default`) VALUES
(1, 182, 'Sarah ', 'Anne', ' Williams', 7, 8, 9, 8, 9, 6, '{\"birth\": \"\", \"life_path\": \"\", \"soul_urge\": \"\", \"exprission\": \"\", \"personality\": \"\"}', '[\"2\", \"6\", \"7\"]', 1, 7, '{\"first_challenge\": \"2\", \"third_challenge\": \"2\", \"fourth_challenge\": \"2\", \"second_challenge\": \"0\"}', '{\"first_pinncale\": \"7\", \"third_pinnacle\": \"7\", \"fourth_pinnacle\": \"7\", \"second_pinnacle\": \"9\"}', '{\"first_pinncale_age\": \"29\", \"third_pinnacle_age\": \"38-47\", \"fourth_pinnacle_age\": \"47 Onwards\", \"second_pinnacle_age\": \"29-38\"}', '2025-08-01', '0000-00-00 00:00:00', '1970-01-01', 0),
(2, 182, 'Ashish', '', ' Goswami', 7, 7, 8, 8, 9, 5, '{\"birth\": \"\", \"life_path\": \"\", \"soul_urge\": \"\", \"exprission\": \"\", \"personality\": \"\"}', '[\"2\", \"3\"]', 1, 8, '{\"first_challenge\": \"2\", \"third_challenge\": \"2\", \"fourth_challenge\": \"2\", \"second_challenge\": \"0\"}', '{\"first_pinncale\": \"7\", \"third_pinnacle\": \"7\", \"fourth_pinnacle\": \"7\", \"second_pinnacle\": \"9\"}', '{\"first_pinncale_age\": \"29\", \"third_pinnacle_age\": \"38-47\", \"fourth_pinnacle_age\": \"47 Onwards\", \"second_pinnacle_age\": \"29-38\"}', '2025-08-01', '2025-08-01 12:13:20', '1980-07-27', 0);

-- --------------------------------------------------------

--
-- Table structure for table `wallet_transaction`
--

CREATE TABLE `wallet_transaction` (
  `id` int NOT NULL,
  `order_id` varchar(200) NOT NULL DEFAULT '-1',
  `order_master_id` int NOT NULL COMMENT 'ORDER MASTER ID',
  `order_number` varchar(255) NOT NULL,
  `astrologerid` bigint NOT NULL DEFAULT '-1',
  `coupons_id` int NOT NULL,
  `user_id` int NOT NULL,
  `payment_type` varchar(255) NOT NULL DEFAULT '-1',
  `payment_sign` tinyint(1) NOT NULL DEFAULT '-1' COMMENT '1] add payment , 2] subtr payment, 3] CHARGE',
  `total_amount` float NOT NULL,
  `admin_commission` float NOT NULL,
  `cashback_amount` int NOT NULL,
  `currency` int DEFAULT '-1' COMMENT '1]  ₹ 2] $',
  `comment` text NOT NULL,
  `transaction_id` varchar(200) NOT NULL,
  `order_status` enum('PENDING','INPROCESS','COMPLETE','CANCEL','CHARGE') NOT NULL DEFAULT 'PENDING',
  `dtdate` datetime NOT NULL
) ENGINE=InnoDB DEFAULT CHARSET=utf8mb3;

-- --------------------------------------------------------

--
-- Table structure for table `year_prediction`
--

CREATE TABLE `year_prediction` (
  `id` int NOT NULL,
  `app_menu_id` int NOT NULL,
  `lifepath_no` smallint NOT NULL,
  `expression_no` smallint NOT NULL,
  `description` text NOT NULL,
  `you_tube_link` varchar(255) NOT NULL
) ENGINE=InnoDB DEFAULT CHARSET=utf8mb3;

--
-- Dumping data for table `year_prediction`
--

INSERT INTO `year_prediction` (`id`, `app_menu_id`, `lifepath_no`, `expression_no`, `description`, `you_tube_link`) VALUES
(1, 24, 1, 1, '', ''),
(2, 24, 1, 2, '', ''),
(3, 24, 1, 3, '', ''),
(4, 24, 1, 4, '', ''),
(5, 24, 1, 5, '', ''),
(6, 24, 1, 6, '', ''),
(7, 24, 1, 7, '', ''),
(8, 24, 1, 8, '', ''),
(9, 24, 1, 9, '', ''),
(10, 24, 1, 11, '', ''),
(11, 24, 1, 22, '', ''),
(12, 24, 1, 33, '', ''),
(13, 24, 2, 1, '', ''),
(14, 24, 2, 2, '', ''),
(15, 24, 2, 3, '', ''),
(16, 24, 2, 4, '', ''),
(17, 24, 2, 5, '', ''),
(18, 24, 2, 6, '', ''),
(19, 24, 2, 7, '', ''),
(20, 24, 2, 8, '', ''),
(21, 24, 2, 9, '', ''),
(22, 24, 2, 11, '', ''),
(23, 24, 2, 22, '', ''),
(24, 24, 2, 33, '', ''),
(25, 24, 3, 1, '', ''),
(26, 24, 3, 2, '', ''),
(27, 24, 3, 3, '', ''),
(28, 24, 3, 4, '', ''),
(29, 24, 3, 5, '', ''),
(30, 24, 3, 6, '', ''),
(31, 24, 3, 7, '', ''),
(32, 24, 3, 8, '', ''),
(33, 24, 3, 9, '', ''),
(34, 24, 3, 11, '', ''),
(35, 24, 3, 22, '', ''),
(36, 24, 3, 33, '', ''),
(37, 24, 4, 1, '', ''),
(38, 24, 4, 2, '', ''),
(39, 24, 4, 3, '', ''),
(40, 24, 4, 4, '', ''),
(41, 24, 4, 5, '', ''),
(42, 24, 4, 6, '', ''),
(43, 24, 4, 7, '', ''),
(44, 24, 4, 8, '', ''),
(45, 24, 4, 9, '', ''),
(46, 24, 4, 11, '', ''),
(47, 24, 4, 22, '', ''),
(48, 24, 4, 33, '', ''),
(49, 24, 5, 1, '', ''),
(50, 24, 5, 2, '', ''),
(51, 24, 5, 3, '', ''),
(52, 24, 5, 4, '', ''),
(53, 24, 5, 5, '', ''),
(54, 24, 5, 6, '', ''),
(55, 24, 5, 7, '', ''),
(56, 24, 5, 8, '', ''),
(57, 24, 5, 9, '', ''),
(58, 24, 5, 11, '', ''),
(59, 24, 5, 22, '', ''),
(60, 24, 5, 33, '', ''),
(61, 24, 6, 1, '', ''),
(62, 24, 6, 2, '', ''),
(63, 24, 6, 3, '', ''),
(64, 24, 6, 4, '', ''),
(65, 24, 6, 5, '', ''),
(66, 24, 6, 6, '', ''),
(67, 24, 6, 7, '', ''),
(68, 24, 6, 8, '', ''),
(69, 24, 6, 9, '', ''),
(70, 24, 6, 11, '', ''),
(71, 24, 6, 22, '', ''),
(72, 24, 6, 33, '', ''),
(73, 24, 7, 1, '', ''),
(74, 24, 7, 2, '', ''),
(75, 24, 7, 3, '', ''),
(76, 24, 7, 4, '', ''),
(77, 24, 7, 5, '', ''),
(78, 24, 7, 6, '', ''),
(79, 24, 7, 7, '', ''),
(80, 24, 7, 8, '', ''),
(81, 24, 7, 9, '', ''),
(82, 24, 7, 11, '', ''),
(83, 24, 7, 22, '', ''),
(84, 24, 7, 33, '', ''),
(85, 24, 8, 1, '', ''),
(86, 24, 8, 2, '', ''),
(87, 24, 8, 3, '', ''),
(88, 24, 8, 4, '', ''),
(89, 24, 8, 5, '', ''),
(90, 24, 8, 6, '', ''),
(91, 24, 8, 7, '', ''),
(92, 24, 8, 8, '', ''),
(93, 24, 8, 9, '', ''),
(94, 24, 8, 11, '', ''),
(95, 24, 8, 22, '', ''),
(96, 24, 8, 33, '', ''),
(97, 24, 9, 1, '', ''),
(98, 24, 9, 2, '', ''),
(99, 24, 9, 3, '', ''),
(100, 24, 9, 4, '', ''),
(101, 24, 9, 5, '', ''),
(102, 24, 9, 6, '', ''),
(103, 24, 9, 7, '', ''),
(104, 24, 9, 8, '', ''),
(105, 24, 9, 9, '', ''),
(106, 24, 9, 11, '', ''),
(107, 24, 9, 22, '', ''),
(108, 24, 9, 33, '', ''),
(109, 24, 11, 1, '', ''),
(110, 24, 11, 2, '', ''),
(111, 24, 11, 3, '', ''),
(112, 24, 11, 4, '', ''),
(113, 24, 11, 5, '', ''),
(114, 24, 11, 6, '', ''),
(115, 24, 11, 7, '', ''),
(116, 24, 11, 8, '', ''),
(117, 24, 11, 9, '', ''),
(118, 24, 11, 11, '', ''),
(119, 24, 11, 22, '', ''),
(120, 24, 11, 33, '', ''),
(121, 24, 22, 1, '', ''),
(122, 24, 22, 2, '', ''),
(123, 24, 22, 3, '', ''),
(124, 24, 22, 4, '', ''),
(125, 24, 22, 5, '', ''),
(126, 24, 22, 6, '', ''),
(127, 24, 22, 7, '', ''),
(128, 24, 22, 8, '', ''),
(129, 24, 22, 9, '', ''),
(130, 24, 22, 11, '', ''),
(131, 24, 22, 22, '', ''),
(132, 24, 22, 33, '', ''),
(133, 24, 33, 1, '', ''),
(134, 24, 33, 2, '', ''),
(135, 24, 33, 3, '', ''),
(136, 24, 33, 4, '', ''),
(137, 24, 33, 5, '', ''),
(138, 24, 33, 6, '', ''),
(139, 24, 33, 7, '', ''),
(140, 24, 33, 8, '', ''),
(141, 24, 33, 9, '', ''),
(142, 24, 33, 11, '', ''),
(143, 24, 33, 22, '', ''),
(144, 24, 33, 33, '', '');

--
-- Indexes for table `alpha_to_num`
--
ALTER TABLE `alpha_to_num`
  ADD PRIMARY KEY (`id`);

--
-- Indexes for table `appointment_bookings`
--
ALTER TABLE `appointment_bookings`
  ADD PRIMARY KEY (`id`);

--
-- Indexes for table `app_menu`
--
ALTER TABLE `app_menu`
  ADD PRIMARY KEY (`id`);

--
-- Indexes for table `balance_number`
--
ALTER TABLE `balance_number`
  ADD PRIMARY KEY (`id`);

--
-- Indexes for table `birthday_number`
--
ALTER TABLE `birthday_number`
  ADD PRIMARY KEY (`id`);

--
-- Indexes for table `challenge_numbers`
--
ALTER TABLE `challenge_numbers`
  ADD PRIMARY KEY (`id`);

--
-- Indexes for table `consult_tvam`
--
ALTER TABLE `consult_tvam`
  ADD PRIMARY KEY (`id`);

--
-- Indexes for table `countries`
--
ALTER TABLE `countries`
  ADD PRIMARY KEY (`id`);

--
-- Indexes for table `default_feature`
--
ALTER TABLE `default_feature`
  ADD PRIMARY KEY (`id`);

--
-- Indexes for table `details`
--
ALTER TABLE `details`
  ADD PRIMARY KEY (`id`);

--
-- Indexes for table `faq`
--
ALTER TABLE `faq`
  ADD PRIMARY KEY (`id`);

--
-- Indexes for table `hidden_passion_number`
--
ALTER TABLE `hidden_passion_number`
  ADD PRIMARY KEY (`id`);

--
-- Indexes for table `holidays`
--
ALTER TABLE `holidays`
  ADD PRIMARY KEY (`id`);

--
-- Indexes for table `holiday_time_slots`
--
ALTER TABLE `holiday_time_slots`
  ADD PRIMARY KEY (`id`);

--
-- Indexes for table `html_pages`
--
ALTER TABLE `html_pages`
  ADD PRIMARY KEY (`page_id`);

--
-- Indexes for table `invoice_master`
--
ALTER TABLE `invoice_master`
  ADD PRIMARY KEY (`id`);

--
-- Indexes for table `karmic_debt_numbers`
--
ALTER TABLE `karmic_debt_numbers`
  ADD PRIMARY KEY (`id`);

--
-- Indexes for table `karmic_lessons`
--
ALTER TABLE `karmic_lessons`
  ADD PRIMARY KEY (`id`);

--
-- Indexes for table `languages`
--
ALTER TABLE `languages`
  ADD PRIMARY KEY (`id`);

--
-- Indexes for table `lang_app_menu`
--
ALTER TABLE `lang_app_menu`
  ADD PRIMARY KEY (`id`);

--
-- Indexes for table `lang_balance_number`
--
ALTER TABLE `lang_balance_number`
  ADD PRIMARY KEY (`id`);

--
-- Indexes for table `lang_birthday_number`
--
ALTER TABLE `lang_birthday_number`
  ADD PRIMARY KEY (`id`);

--
-- Indexes for table `lang_challenge_numbers`
--
ALTER TABLE `lang_challenge_numbers`
  ADD PRIMARY KEY (`id`);

--
-- Indexes for table `lang_expression_number`
--
ALTER TABLE `lang_expression_number`
  ADD PRIMARY KEY (`id`);

--
-- Indexes for table `lang_hidden_passion_number`
--
ALTER TABLE `lang_hidden_passion_number`
  ADD PRIMARY KEY (`id`);

--
-- Indexes for table `lang_karmic_debt_numbers`
--
ALTER TABLE `lang_karmic_debt_numbers`
  ADD PRIMARY KEY (`id`);

--
-- Indexes for table `lang_karmic_lessons`
--
ALTER TABLE `lang_karmic_lessons`
  ADD PRIMARY KEY (`id`);

--
-- Indexes for table `lang_life_path_number`
--
ALTER TABLE `lang_life_path_number`
  ADD PRIMARY KEY (`id`);

--
-- Indexes for table `lang_life_prediction`
--
ALTER TABLE `lang_life_prediction`
  ADD PRIMARY KEY (`id`);

--
-- Indexes for table `lang_maturity_number`
--
ALTER TABLE `lang_maturity_number`
  ADD PRIMARY KEY (`id`);

--
-- Indexes for table `lang_personality_number`
--
ALTER TABLE `lang_personality_number`
  ADD PRIMARY KEY (`id`);

--
-- Indexes for table `lang_personal_day_numbers`
--
ALTER TABLE `lang_personal_day_numbers`
  ADD PRIMARY KEY (`id`);

--
-- Indexes for table `lang_personal_month`
--
ALTER TABLE `lang_personal_month`
  ADD PRIMARY KEY (`id`);

--
-- Indexes for table `lang_personal_year_number`
--
ALTER TABLE `lang_personal_year_number`
  ADD PRIMARY KEY (`id`);

--
-- Indexes for table `lang_pinnacle_numbers`
--
ALTER TABLE `lang_pinnacle_numbers`
  ADD PRIMARY KEY (`id`);

--
-- Indexes for table `lang_remedies`
--
ALTER TABLE `lang_remedies`
  ADD PRIMARY KEY (`id`);

--
-- Indexes for table `lang_soul_urge_number`
--
ALTER TABLE `lang_soul_urge_number`
  ADD PRIMARY KEY (`id`);

--
-- Indexes for table `lang_tvam_premium`
--
ALTER TABLE `lang_tvam_premium`
  ADD PRIMARY KEY (`id`);

--
-- Indexes for table `lang_year_prediction`
--
ALTER TABLE `lang_year_prediction`
  ADD PRIMARY KEY (`id`);

--
-- Indexes for table `life_path_number`
--
ALTER TABLE `life_path_number`
  ADD PRIMARY KEY (`id`);

--
-- Indexes for table `life_prediction`
--
ALTER TABLE `life_prediction`
  ADD PRIMARY KEY (`id`);

--
-- Indexes for table `mail_body`
--
ALTER TABLE `mail_body`
  ADD PRIMARY KEY (`id`);

--
-- Indexes for table `maturity_number`
--
ALTER TABLE `maturity_number`
  ADD PRIMARY KEY (`id`);

--
-- Indexes for table `numerology_key_points`
--
ALTER TABLE `numerology_key_points`
  ADD PRIMARY KEY (`id`);

--
-- Indexes for table `numerology_types`
--
ALTER TABLE `numerology_types`
  ADD PRIMARY KEY (`id`);

--
-- Indexes for table `payment`
--
ALTER TABLE `payment`
  ADD PRIMARY KEY (`id`);

--
-- Indexes for table `pdf_job_queue`
--
ALTER TABLE `pdf_job_queue`
  ADD PRIMARY KEY (`id`);

--
-- Indexes for table `personality_number`
--
ALTER TABLE `personality_number`
  ADD PRIMARY KEY (`id`);

--
-- Indexes for table `personal_day_numbers`
--
ALTER TABLE `personal_day_numbers`
  ADD PRIMARY KEY (`id`);

--
-- Indexes for table `personal_month`
--
ALTER TABLE `personal_month`
  ADD PRIMARY KEY (`id`);

--
-- Indexes for table `personal_year_number`
--
ALTER TABLE `personal_year_number`
  ADD PRIMARY KEY (`id`);

--
-- Indexes for table `pinnacle_numbers`
--
ALTER TABLE `pinnacle_numbers`
  ADD PRIMARY KEY (`id`);

--
-- Indexes for table `remedies`
--
ALTER TABLE `remedies`
  ADD PRIMARY KEY (`id`);

--
-- Indexes for table `soul_urge_number`
--
ALTER TABLE `soul_urge_number`
  ADD PRIMARY KEY (`id`);

--
-- Indexes for table `tvam_premium`
--
ALTER TABLE `tvam_premium`
  ADD PRIMARY KEY (`id`);

--
-- Indexes for table `user_kundali`
--
ALTER TABLE `user_kundali`
  ADD PRIMARY KEY (`id`);

--
-- Indexes for table `wallet_transaction`
--
ALTER TABLE `wallet_transaction`
  ADD PRIMARY KEY (`id`);

--
-- Indexes for table `year_prediction`
--
ALTER TABLE `year_prediction`
  ADD PRIMARY KEY (`id`);

--
-- AUTO_INCREMENT for table `alpha_to_num`
--
ALTER TABLE `alpha_to_num`
  MODIFY `id` int NOT NULL AUTO_INCREMENT, AUTO_INCREMENT=27;

--
-- AUTO_INCREMENT for table `appointment_bookings`
--
ALTER TABLE `appointment_bookings`
  MODIFY `id` int NOT NULL AUTO_INCREMENT, AUTO_INCREMENT=181;

--
-- AUTO_INCREMENT for table `app_menu`
--
ALTER TABLE `app_menu`
  MODIFY `id` int NOT NULL AUTO_INCREMENT, AUTO_INCREMENT=52;

--
-- AUTO_INCREMENT for table `consult_tvam`
--
ALTER TABLE `consult_tvam`
  MODIFY `id` int NOT NULL AUTO_INCREMENT, AUTO_INCREMENT=8;

--
-- AUTO_INCREMENT for table `countries`
--
ALTER TABLE `countries`
  MODIFY `id` int NOT NULL AUTO_INCREMENT, AUTO_INCREMENT=247;

--
-- AUTO_INCREMENT for table `default_feature`
--
ALTER TABLE `default_feature`
  MODIFY `id` int NOT NULL AUTO_INCREMENT, AUTO_INCREMENT=25;

--
-- AUTO_INCREMENT for table `details`
--
ALTER TABLE `details`
  MODIFY `id` int NOT NULL AUTO_INCREMENT, AUTO_INCREMENT=2;

--
-- AUTO_INCREMENT for table `faq`
--
ALTER TABLE `faq`
  MODIFY `id` int NOT NULL AUTO_INCREMENT, AUTO_INCREMENT=20;

--
-- AUTO_INCREMENT for table `holidays`
--
ALTER TABLE `holidays`
  MODIFY `id` int NOT NULL AUTO_INCREMENT, AUTO_INCREMENT=4;

--
-- AUTO_INCREMENT for table `holiday_time_slots`
--
ALTER TABLE `holiday_time_slots`
  MODIFY `id` int NOT NULL AUTO_INCREMENT, AUTO_INCREMENT=23;

--
-- AUTO_INCREMENT for table `html_pages`
--
ALTER TABLE `html_pages`
  MODIFY `page_id` int NOT NULL AUTO_INCREMENT, AUTO_INCREMENT=8;

--
-- AUTO_INCREMENT for table `invoice_master`
--
ALTER TABLE `invoice_master`
  MODIFY `id` int NOT NULL AUTO_INCREMENT;

--
-- AUTO_INCREMENT for table `karmic_debt_numbers`
--
ALTER TABLE `karmic_debt_numbers`
  MODIFY `id` int NOT NULL AUTO_INCREMENT, AUTO_INCREMENT=21;

--
-- AUTO_INCREMENT for table `languages`
--
ALTER TABLE `languages`
  MODIFY `id` int NOT NULL AUTO_INCREMENT, AUTO_INCREMENT=16;

--
-- AUTO_INCREMENT for table `lang_app_menu`
--
ALTER TABLE `lang_app_menu`
  MODIFY `id` int NOT NULL AUTO_INCREMENT, AUTO_INCREMENT=821;

--
-- AUTO_INCREMENT for table `lang_balance_number`
--
ALTER TABLE `lang_balance_number`
  MODIFY `id` int NOT NULL AUTO_INCREMENT;

--
-- AUTO_INCREMENT for table `lang_birthday_number`
--
ALTER TABLE `lang_birthday_number`
  MODIFY `id` int NOT NULL AUTO_INCREMENT;

--
-- AUTO_INCREMENT for table `lang_challenge_numbers`
--
ALTER TABLE `lang_challenge_numbers`
  MODIFY `id` int NOT NULL AUTO_INCREMENT;

--
-- AUTO_INCREMENT for table `lang_expression_number`
--
ALTER TABLE `lang_expression_number`
  MODIFY `id` int NOT NULL AUTO_INCREMENT, AUTO_INCREMENT=13;

--
-- AUTO_INCREMENT for table `lang_hidden_passion_number`
--
ALTER TABLE `lang_hidden_passion_number`
  MODIFY `id` int NOT NULL AUTO_INCREMENT;

--
-- AUTO_INCREMENT for table `lang_karmic_debt_numbers`
--
ALTER TABLE `lang_karmic_debt_numbers`
  MODIFY `id` int NOT NULL AUTO_INCREMENT, AUTO_INCREMENT=11;

--
-- AUTO_INCREMENT for table `lang_karmic_lessons`
--
ALTER TABLE `lang_karmic_lessons`
  MODIFY `id` int NOT NULL AUTO_INCREMENT, AUTO_INCREMENT=13;

--
-- AUTO_INCREMENT for table `lang_life_path_number`
--
ALTER TABLE `lang_life_path_number`
  MODIFY `id` int NOT NULL AUTO_INCREMENT, AUTO_INCREMENT=13;

--
-- AUTO_INCREMENT for table `lang_life_prediction`
--
ALTER TABLE `lang_life_prediction`
  MODIFY `id` int NOT NULL AUTO_INCREMENT, AUTO_INCREMENT=62;

--
-- AUTO_INCREMENT for table `lang_maturity_number`
--
ALTER TABLE `lang_maturity_number`
  MODIFY `id` int NOT NULL AUTO_INCREMENT, AUTO_INCREMENT=13;

--
-- AUTO_INCREMENT for table `lang_personality_number`
--
ALTER TABLE `lang_personality_number`
  MODIFY `id` int NOT NULL AUTO_INCREMENT;

--
-- AUTO_INCREMENT for table `lang_personal_day_numbers`
--
ALTER TABLE `lang_personal_day_numbers`
  MODIFY `id` int NOT NULL AUTO_INCREMENT;

--
-- AUTO_INCREMENT for table `lang_personal_month`
--
ALTER TABLE `lang_personal_month`
  MODIFY `id` int NOT NULL AUTO_INCREMENT;

--
-- AUTO_INCREMENT for table `lang_personal_year_number`
--
ALTER TABLE `lang_personal_year_number`
  MODIFY `id` int NOT NULL AUTO_INCREMENT;

--
-- AUTO_INCREMENT for table `lang_pinnacle_numbers`
--
ALTER TABLE `lang_pinnacle_numbers`
  MODIFY `id` int NOT NULL AUTO_INCREMENT;

--
-- AUTO_INCREMENT for table `lang_remedies`
--
ALTER TABLE `lang_remedies`
  MODIFY `id` int NOT NULL AUTO_INCREMENT, AUTO_INCREMENT=2;

--
-- AUTO_INCREMENT for table `lang_soul_urge_number`
--
ALTER TABLE `lang_soul_urge_number`
  MODIFY `id` int NOT NULL AUTO_INCREMENT, AUTO_INCREMENT=25;

--
-- AUTO_INCREMENT for table `lang_tvam_premium`
--
ALTER TABLE `lang_tvam_premium`
  MODIFY `id` int NOT NULL AUTO_INCREMENT, AUTO_INCREMENT=71;

--
-- AUTO_INCREMENT for table `lang_year_prediction`
--
ALTER TABLE `lang_year_prediction`
  MODIFY `id` int NOT NULL AUTO_INCREMENT, AUTO_INCREMENT=61;

--
-- AUTO_INCREMENT for table `life_path_number`
--
ALTER TABLE `life_path_number`
  MODIFY `id` int NOT NULL AUTO_INCREMENT, AUTO_INCREMENT=13;

--
-- AUTO_INCREMENT for table `life_prediction`
--
ALTER TABLE `life_prediction`
  MODIFY `id` int NOT NULL AUTO_INCREMENT, AUTO_INCREMENT=721;

--
-- AUTO_INCREMENT for table `mail_body`
--
ALTER TABLE `mail_body`
  MODIFY `id` int NOT NULL AUTO_INCREMENT, AUTO_INCREMENT=15;

--
-- AUTO_INCREMENT for table `maturity_number`
--
ALTER TABLE `maturity_number`
  MODIFY `id` int NOT NULL AUTO_INCREMENT, AUTO_INCREMENT=13;

--
-- AUTO_INCREMENT for table `numerology_key_points`
--
ALTER TABLE `numerology_key_points`
  MODIFY `id` int NOT NULL AUTO_INCREMENT, AUTO_INCREMENT=29;

--
-- AUTO_INCREMENT for table `numerology_types`
--
ALTER TABLE `numerology_types`
  MODIFY `id` int NOT NULL AUTO_INCREMENT, AUTO_INCREMENT=3;

--
-- AUTO_INCREMENT for table `payment`
--
ALTER TABLE `payment`
  MODIFY `id` int NOT NULL AUTO_INCREMENT, AUTO_INCREMENT=831;

--
-- AUTO_INCREMENT for table `pdf_job_queue`
--
ALTER TABLE `pdf_job_queue`
  MODIFY `id` int NOT NULL AUTO_INCREMENT, AUTO_INCREMENT=19;

--
-- AUTO_INCREMENT for table `personality_number`
--
ALTER TABLE `personality_number`
  MODIFY `id` int NOT NULL AUTO_INCREMENT, AUTO_INCREMENT=13;

--
-- AUTO_INCREMENT for table `pinnacle_numbers`
--
ALTER TABLE `pinnacle_numbers`
  MODIFY `id` int NOT NULL AUTO_INCREMENT, AUTO_INCREMENT=13;

--
-- AUTO_INCREMENT for table `remedies`
--
ALTER TABLE `remedies`
  MODIFY `id` int NOT NULL AUTO_INCREMENT, AUTO_INCREMENT=145;

--
-- AUTO_INCREMENT for table `soul_urge_number`
--
ALTER TABLE `soul_urge_number`
  MODIFY `id` int NOT NULL AUTO_INCREMENT, AUTO_INCREMENT=13;

--
-- AUTO_INCREMENT for table `tvam_premium`
--
ALTER TABLE `tvam_premium`
  MODIFY `id` int NOT NULL AUTO_INCREMENT, AUTO_INCREMENT=6;

--
-- AUTO_INCREMENT for table `user_kundali`
--
ALTER TABLE `user_kundali`
  MODIFY `id` int NOT NULL AUTO_INCREMENT, AUTO_INCREMENT=3;

--
-- AUTO_INCREMENT for table `wallet_transaction`
--
ALTER TABLE `wallet_transaction`
  MODIFY `id` int NOT NULL AUTO_INCREMENT;

--
-- AUTO_INCREMENT for table `year_prediction`
--
ALTER TABLE `year_prediction`
  MODIFY `id` int NOT NULL AUTO_INCREMENT, AUTO_INCREMENT=145;
COMMIT;

